| Back to Multiple platform build/check report for BioC 3.9 |
|
This page was generated on 2019-04-09 12:30:42 -0400 (Tue, 09 Apr 2019).
| Package 101/1703 | Hostname | OS / Arch | INSTALL | BUILD | CHECK | BUILD BIN | ||||||
| banocc 1.7.1 George Weingart
| malbec2 | Linux (Ubuntu 18.04.2 LTS) / x86_64 | OK | OK | OK | |||||||
| tokay2 | Windows Server 2012 R2 Standard / x64 | OK | [ ERROR ] | skipped | skipped | |||||||
| celaya2 | OS X 10.11.6 El Capitan / x86_64 | OK | OK | OK | OK | |||||||
| merida2 | OS X 10.11.6 El Capitan / x86_64 | OK | OK | OK | OK |
| Package: banocc |
| Version: 1.7.1 |
| Command: chmod a+r banocc -R && C:\Users\biocbuild\bbs-3.9-bioc\R\bin\R.exe CMD build --keep-empty-dirs --no-resave-data banocc |
| StartedAt: 2019-04-08 23:53:57 -0400 (Mon, 08 Apr 2019) |
| EndedAt: 2019-04-08 23:54:17 -0400 (Mon, 08 Apr 2019) |
| EllapsedTime: 20.0 seconds |
| RetCode: 1 |
| Status: ERROR |
| PackageFile: None |
| PackageFileSize: NA |
############################################################################## ############################################################################## ### ### Running command: ### ### chmod a+r banocc -R && C:\Users\biocbuild\bbs-3.9-bioc\R\bin\R.exe CMD build --keep-empty-dirs --no-resave-data banocc ### ############################################################################## ############################################################################## * checking for file 'banocc/DESCRIPTION' ... OK * preparing 'banocc': * checking DESCRIPTION meta-information ... OK * installing the package to build vignettes * creating vignettes ... ERROR --- re-building 'banocc-vignette.Rmd' using rmarkdown Quitting from lines 138-143 (banocc-vignette.Rmd) Quitting from lines 138-143 (banocc-vignette.Rmd) Error: processing vignette 'banocc-vignette.Rmd' failed with diagnostics: invalid connection --- failed re-building 'banocc-vignette.Rmd' SUMMARY: processing the following file failed: 'banocc-vignette.Rmd' Error: Vignette re-building failed. Execution halted