| Back to Multiple platform build/check report for BioC 3.9 |
|
This page was generated on 2019-04-09 13:22:10 -0400 (Tue, 09 Apr 2019).
| Package 56/1703 | Hostname | OS / Arch | INSTALL | BUILD | CHECK | BUILD BIN | ||||||
| annotate 1.61.1 Bioconductor Package Maintainer
| malbec2 | Linux (Ubuntu 18.04.2 LTS) / x86_64 | OK | OK | OK | |||||||
| tokay2 | Windows Server 2012 R2 Standard / x64 | OK | OK | OK | OK | |||||||
| celaya2 | OS X 10.11.6 El Capitan / x86_64 | OK | OK | OK | OK | |||||||
| merida2 | OS X 10.11.6 El Capitan / x86_64 | OK | OK | [ ERROR ] | OK |
| Package: annotate |
| Version: 1.61.1 |
| Command: /Library/Frameworks/R.framework/Versions/Current/Resources/bin/R CMD check --install=check:annotate.install-out.txt --library=/Library/Frameworks/R.framework/Versions/Current/Resources/library --no-vignettes --timings annotate_1.61.1.tar.gz |
| StartedAt: 2019-04-08 23:13:07 -0400 (Mon, 08 Apr 2019) |
| EndedAt: 2019-04-08 23:15:08 -0400 (Mon, 08 Apr 2019) |
| EllapsedTime: 120.5 seconds |
| RetCode: 1 |
| Status: ERROR |
| CheckDir: annotate.Rcheck |
| Warnings: NA |
##############################################################################
##############################################################################
###
### Running command:
###
### /Library/Frameworks/R.framework/Versions/Current/Resources/bin/R CMD check --install=check:annotate.install-out.txt --library=/Library/Frameworks/R.framework/Versions/Current/Resources/library --no-vignettes --timings annotate_1.61.1.tar.gz
###
##############################################################################
##############################################################################
* using log directory ‘/Users/biocbuild/bbs-3.9-bioc/meat/annotate.Rcheck’
* using R Under development (unstable) (2018-11-27 r75683)
* using platform: x86_64-apple-darwin15.6.0 (64-bit)
* using session charset: UTF-8
* using option ‘--no-vignettes’
* checking for file ‘annotate/DESCRIPTION’ ... OK
* this is package ‘annotate’ version ‘1.61.1’
* checking package namespace information ... OK
* checking package dependencies ... OK
* checking if this is a source package ... OK
* checking if there is a namespace ... OK
* checking for hidden files and directories ... OK
* checking for portable file names ... OK
* checking for sufficient/correct file permissions ... OK
* checking whether package ‘annotate’ can be installed ... OK
* checking installed package size ... OK
* checking package directory ... OK
* checking ‘build’ directory ... OK
* checking DESCRIPTION meta-information ... OK
* checking top-level files ... OK
* checking for left-over files ... OK
* checking index information ... OK
* checking package subdirectories ... OK
* checking R files for non-ASCII characters ... OK
* checking R files for syntax errors ... OK
* checking whether the package can be loaded ... OK
* checking whether the package can be loaded with stated dependencies ... OK
* checking whether the package can be unloaded cleanly ... OK
* checking whether the namespace can be loaded with stated dependencies ... OK
* checking whether the namespace can be unloaded cleanly ... OK
* checking dependencies in R code ... OK
* checking S3 generic/method consistency ... OK
* checking replacement functions ... OK
* checking foreign function calls ... OK
* checking R code for possible problems ... OK
* checking Rd files ... OK
* checking Rd metadata ... OK
* checking Rd cross-references ... OK
* checking for missing documentation entries ... OK
* checking for code/documentation mismatches ... OK
* checking Rd \usage sections ... OK
* checking Rd contents ... OK
* checking for unstated dependencies in examples ... OK
* checking contents of ‘data’ directory ... OK
* checking data for non-ASCII characters ... OK
* checking data for ASCII and uncompressed saves ... OK
* checking sizes of PDF files under ‘inst/doc’ ... OK
* checking files in ‘vignettes’ ... OK
* checking examples ... ERROR
Running examples in ‘annotate-Ex.R’ failed
The error most likely occurred in:
> base::assign(".ptime", proc.time(), pos = "CheckExEnv")
> ### Name: accessionToUID
> ### Title: A function to convert accession values to NCBI UIDs.
> ### Aliases: accessionToUID
> ### Keywords: interface
>
> ### ** Examples
>
>
> ## The two returns from genbank should be the same
> xdoc <- genbank("U03397",type="accession",disp="data")
Read 13696 items
> x <- accessionToUID("U03397",db="genbank")
> xdoc <- genbank(x, type="uid",disp="data")
Warning in file(file, "r") :
cannot open URL 'https://www.ncbi.nlm.nih.gov/entrez/eutils/efetch.fcgi?tool=bioconductor&rettype=xml&retmode=text&db=gene&id=3604,746029,100589207,100445262': HTTP status was '429 Unknown Error'
Execution halted
* checking for unstated dependencies in ‘tests’ ... OK
* checking tests ...
Running ‘annotate_unit_tests.R’
OK
* checking for unstated dependencies in vignettes ... OK
* checking package vignettes in ‘inst/doc’ ... OK
* checking running R code from vignettes ... SKIPPED
* checking re-building of vignette outputs ... SKIPPED
* checking PDF version of manual ... OK
* DONE
Status: 1 ERROR
See
‘/Users/biocbuild/bbs-3.9-bioc/meat/annotate.Rcheck/00check.log’
for details.
annotate.Rcheck/00install.out
############################################################################## ############################################################################## ### ### Running command: ### ### /Library/Frameworks/R.framework/Versions/Current/Resources/bin/R CMD INSTALL annotate ### ############################################################################## ############################################################################## * installing to library ‘/Library/Frameworks/R.framework/Versions/3.6/Resources/library’ * installing *source* package ‘annotate’ ... ** R ** data ** inst ** byte-compile and prepare package for lazy loading ** help *** installing help indices ** building package indices ** installing vignettes ** testing if installed package can be loaded * DONE (annotate)
annotate.Rcheck/tests/annotate_unit_tests.Rout
R Under development (unstable) (2018-11-27 r75683) -- "Unsuffered Consequences"
Copyright (C) 2018 The R Foundation for Statistical Computing
Platform: x86_64-apple-darwin15.6.0 (64-bit)
R is free software and comes with ABSOLUTELY NO WARRANTY.
You are welcome to redistribute it under certain conditions.
Type 'license()' or 'licence()' for distribution details.
R is a collaborative project with many contributors.
Type 'contributors()' for more information and
'citation()' on how to cite R or R packages in publications.
Type 'demo()' for some demos, 'help()' for on-line help, or
'help.start()' for an HTML browser interface to help.
Type 'q()' to quit R.
> BiocGenerics:::testPackage("annotate")
Attaching package: 'BiocGenerics'
The following objects are masked from 'package:parallel':
clusterApply, clusterApplyLB, clusterCall, clusterEvalQ,
clusterExport, clusterMap, parApply, parCapply, parLapply,
parLapplyLB, parRapply, parSapply, parSapplyLB
The following objects are masked from 'package:stats':
IQR, mad, sd, var, xtabs
The following objects are masked from 'package:base':
Filter, Find, Map, Position, Reduce, anyDuplicated, append,
as.data.frame, basename, cbind, colMeans, colSums, colnames,
dirname, do.call, duplicated, eval, evalq, get, grep, grepl,
intersect, is.unsorted, lapply, mapply, match, mget, order, paste,
pmax, pmax.int, pmin, pmin.int, rank, rbind, rowMeans, rowSums,
rownames, sapply, setdiff, sort, table, tapply, union, unique,
unsplit, which, which.max, which.min
Welcome to Bioconductor
Vignettes contain introductory material; view with
'browseVignettes()'. To cite Bioconductor, see
'citation("Biobase")', and for packages 'citation("pkgname")'.
Attaching package: 'S4Vectors'
The following object is masked from 'package:base':
expand.grid
Loading required package: org.Hs.eg.db
'select()' returned 1:many mapping between keys and columns
RUNIT TEST PROTOCOL -- Mon Apr 8 23:14:58 2019
***********************************************
Number of test functions: 1
Number of errors: 0
Number of failures: 0
1 Test Suite :
annotate RUnit Tests - 1 test function, 0 errors, 0 failures
Number of test functions: 1
Number of errors: 0
Number of failures: 0
>
> proc.time()
user system elapsed
7.108 0.536 7.710
annotate.Rcheck/annotate-Ex.timings
| name | user | system | elapsed | |
| ACCNUMStats | 2.072 | 0.053 | 2.136 | |
| GO2heatmap | 0.163 | 0.007 | 0.171 | |
| GOmnplot | 0.057 | 0.006 | 0.065 | |
| HTMLPage-class | 0.001 | 0.000 | 0.000 | |
| LL2homology | 0.000 | 0.000 | 0.001 | |
| PMIDAmat | 0.095 | 0.003 | 0.101 | |
| PWAmat | 1.972 | 0.060 | 2.046 | |
| UniGeneQuery | 0.002 | 0.000 | 0.001 | |