| Back to Multiple platform build/check report for BioC 3.9 |
|
This page was generated on 2019-04-09 13:20:05 -0400 (Tue, 09 Apr 2019).
| Package 1445/1703 | Hostname | OS / Arch | INSTALL | BUILD | CHECK | BUILD BIN | ||||||
| Sconify 1.3.1 Tyler J Burns
| malbec2 | Linux (Ubuntu 18.04.2 LTS) / x86_64 | OK | OK | WARNINGS | |||||||
| tokay2 | Windows Server 2012 R2 Standard / x64 | OK | OK | WARNINGS | OK | |||||||
| celaya2 | OS X 10.11.6 El Capitan / x86_64 | OK | OK | [ WARNINGS ] | OK | |||||||
| merida2 | OS X 10.11.6 El Capitan / x86_64 | OK | OK | WARNINGS | OK |
| Package: Sconify |
| Version: 1.3.1 |
| Command: /Library/Frameworks/R.framework/Versions/Current/Resources/bin/R CMD check --install=check:Sconify.install-out.txt --library=/Library/Frameworks/R.framework/Versions/Current/Resources/library --no-vignettes --timings Sconify_1.3.1.tar.gz |
| StartedAt: 2019-04-09 05:20:20 -0400 (Tue, 09 Apr 2019) |
| EndedAt: 2019-04-09 05:22:58 -0400 (Tue, 09 Apr 2019) |
| EllapsedTime: 158.7 seconds |
| RetCode: 0 |
| Status: WARNINGS |
| CheckDir: Sconify.Rcheck |
| Warnings: 1 |
##############################################################################
##############################################################################
###
### Running command:
###
### /Library/Frameworks/R.framework/Versions/Current/Resources/bin/R CMD check --install=check:Sconify.install-out.txt --library=/Library/Frameworks/R.framework/Versions/Current/Resources/library --no-vignettes --timings Sconify_1.3.1.tar.gz
###
##############################################################################
##############################################################################
* using log directory ‘/Users/biocbuild/bbs-3.9-bioc/meat/Sconify.Rcheck’
* using R Under development (unstable) (2019-03-18 r76245)
* using platform: x86_64-apple-darwin15.6.0 (64-bit)
* using session charset: UTF-8
* using option ‘--no-vignettes’
* checking for file ‘Sconify/DESCRIPTION’ ... OK
* checking extension type ... Package
* this is package ‘Sconify’ version ‘1.3.1’
* package encoding: UTF-8
* checking package namespace information ... OK
* checking package dependencies ... OK
* checking if this is a source package ... OK
* checking if there is a namespace ... OK
* checking for hidden files and directories ... OK
* checking for portable file names ... OK
* checking for sufficient/correct file permissions ... OK
* checking whether package ‘Sconify’ can be installed ... WARNING
Found the following significant warnings:
Warning: replacing previous import ‘flowCore::view’ by ‘tibble::view’ when loading ‘Sconify’
See ‘/Users/biocbuild/bbs-3.9-bioc/meat/Sconify.Rcheck/00install.out’ for details.
* checking installed package size ... OK
* checking package directory ... OK
* checking ‘build’ directory ... OK
* checking DESCRIPTION meta-information ... OK
* checking top-level files ... OK
* checking for left-over files ... OK
* checking index information ... OK
* checking package subdirectories ... OK
* checking R files for non-ASCII characters ... OK
* checking R files for syntax errors ... OK
* checking whether the package can be loaded ... OK
* checking whether the package can be loaded with stated dependencies ... OK
* checking whether the package can be unloaded cleanly ... OK
* checking whether the namespace can be loaded with stated dependencies ... OK
* checking whether the namespace can be unloaded cleanly ... OK
* checking dependencies in R code ... OK
* checking S3 generic/method consistency ... OK
* checking replacement functions ... OK
* checking foreign function calls ... OK
* checking R code for possible problems ... OK
* checking Rd files ... OK
* checking Rd metadata ... OK
* checking Rd cross-references ... OK
* checking for missing documentation entries ... OK
* checking for code/documentation mismatches ... OK
* checking Rd \usage sections ... OK
* checking Rd contents ... OK
* checking for unstated dependencies in examples ... OK
* checking contents of ‘data’ directory ... OK
* checking data for non-ASCII characters ... OK
* checking data for ASCII and uncompressed saves ... OK
* checking files in ‘vignettes’ ... OK
* checking examples ... OK
Examples with CPU or elapsed time > 5s
user system elapsed
SconeValues 23.035 0.716 23.772
ImputeTesting 5.082 0.048 5.131
* checking for unstated dependencies in ‘tests’ ... OK
* checking tests ...
Running ‘testthat.R’
OK
* checking for unstated dependencies in vignettes ... OK
* checking package vignettes in ‘inst/doc’ ... OK
* checking running R code from vignettes ... SKIPPED
* checking re-building of vignette outputs ... SKIPPED
* checking PDF version of manual ... OK
* DONE
Status: 1 WARNING
See
‘/Users/biocbuild/bbs-3.9-bioc/meat/Sconify.Rcheck/00check.log’
for details.
Sconify.Rcheck/00install.out
############################################################################## ############################################################################## ### ### Running command: ### ### /Library/Frameworks/R.framework/Versions/Current/Resources/bin/R CMD INSTALL Sconify ### ############################################################################## ############################################################################## * installing to library ‘/Library/Frameworks/R.framework/Versions/3.6/Resources/library’ * installing *source* package ‘Sconify’ ... ** using staged installation ** R ** data *** moving datasets to lazyload DB ** inst ** byte-compile and prepare package for lazy loading Warning: replacing previous import ‘flowCore::view’ by ‘tibble::view’ when loading ‘Sconify’ Note: wrong number of arguments to '/' Note: wrong number of arguments to 'asinh' ** help *** installing help indices ** building package indices ** installing vignettes ** testing if installed package can be loaded from temporary location Warning: replacing previous import ‘flowCore::view’ by ‘tibble::view’ when loading ‘Sconify’ ** testing if installed package can be loaded from final location Warning: replacing previous import ‘flowCore::view’ by ‘tibble::view’ when loading ‘Sconify’ ** testing if installed package keeps a record of temporary installation path * DONE (Sconify)
Sconify.Rcheck/tests/testthat.Rout
R Under development (unstable) (2019-03-18 r76245) -- "Unsuffered Consequences"
Copyright (C) 2019 The R Foundation for Statistical Computing
Platform: x86_64-apple-darwin15.6.0 (64-bit)
R is free software and comes with ABSOLUTELY NO WARRANTY.
You are welcome to redistribute it under certain conditions.
Type 'license()' or 'licence()' for distribution details.
R is a collaborative project with many contributors.
Type 'contributors()' for more information and
'citation()' on how to cite R or R packages in publications.
Type 'demo()' for some demos, 'help()' for on-line help, or
'help.start()' for an HTML browser interface to help.
Type 'q()' to quit R.
> library(testthat)
> library(Sconify)
Warning message:
replacing previous import 'flowCore::view' by 'tibble::view' when loading 'Sconify'
>
> test_check("Sconify")
Read the 100 x 27 data matrix successfully!
OpenMP is working. 1 threads.
Using no_dims = 2, perplexity = 30.000000, and theta = 0.500000
Computing input similarities...
Building tree...
Done in 0.01 seconds (sparsity = 0.969200)!
Learning embedding...
Iteration 50: error is 56.896783 (50 iterations in 0.02 seconds)
Iteration 100: error is 52.597759 (50 iterations in 0.02 seconds)
Iteration 150: error is 55.792919 (50 iterations in 0.02 seconds)
Iteration 200: error is 55.050404 (50 iterations in 0.02 seconds)
Iteration 250: error is 54.176891 (50 iterations in 0.02 seconds)
Iteration 300: error is 1.188499 (50 iterations in 0.02 seconds)
Iteration 350: error is 0.603046 (50 iterations in 0.02 seconds)
Iteration 400: error is 0.262928 (50 iterations in 0.02 seconds)
Iteration 450: error is 0.226183 (50 iterations in 0.02 seconds)
Iteration 500: error is 0.225519 (50 iterations in 0.02 seconds)
Iteration 550: error is 0.228039 (50 iterations in 0.02 seconds)
Iteration 600: error is 0.228363 (50 iterations in 0.02 seconds)
Iteration 650: error is 0.228747 (50 iterations in 0.02 seconds)
Iteration 700: error is 0.227997 (50 iterations in 0.02 seconds)
Iteration 750: error is 0.228720 (50 iterations in 0.02 seconds)
Iteration 800: error is 0.228852 (50 iterations in 0.02 seconds)
Iteration 850: error is 0.228950 (50 iterations in 0.01 seconds)
Iteration 900: error is 0.228488 (50 iterations in 0.02 seconds)
Iteration 950: error is 0.229027 (50 iterations in 0.01 seconds)
Iteration 1000: error is 0.228822 (50 iterations in 0.01 seconds)
Fitting performed in 0.34 seconds.
Read the 1000 x 27 data matrix successfully!
OpenMP is working. 1 threads.
Using no_dims = 2, perplexity = 30.000000, and theta = 0.500000
Computing input similarities...
Building tree...
Done in 0.18 seconds (sparsity = 0.129120)!
Learning embedding...
Iteration 50: error is 63.962733 (50 iterations in 0.34 seconds)
Iteration 100: error is 60.611255 (50 iterations in 0.24 seconds)
Iteration 150: error is 60.270654 (50 iterations in 0.22 seconds)
Iteration 200: error is 60.171335 (50 iterations in 0.25 seconds)
Iteration 250: error is 60.114829 (50 iterations in 0.27 seconds)
Iteration 300: error is 1.330473 (50 iterations in 0.26 seconds)
Iteration 350: error is 1.226970 (50 iterations in 0.24 seconds)
Iteration 400: error is 1.196567 (50 iterations in 0.24 seconds)
Iteration 450: error is 1.182871 (50 iterations in 0.22 seconds)
Iteration 500: error is 1.175464 (50 iterations in 0.24 seconds)
Iteration 550: error is 1.171488 (50 iterations in 0.24 seconds)
Iteration 600: error is 1.167947 (50 iterations in 0.18 seconds)
Iteration 650: error is 1.165505 (50 iterations in 0.14 seconds)
Iteration 700: error is 1.163016 (50 iterations in 0.14 seconds)
Iteration 750: error is 1.161490 (50 iterations in 0.15 seconds)
Iteration 800: error is 1.158964 (50 iterations in 0.14 seconds)
Iteration 850: error is 1.156033 (50 iterations in 0.24 seconds)
Iteration 900: error is 1.153631 (50 iterations in 0.22 seconds)
Iteration 950: error is 1.151957 (50 iterations in 0.23 seconds)
Iteration 1000: error is 1.150774 (50 iterations in 0.20 seconds)
Fitting performed in 4.39 seconds.
══ testthat results ═══════════════════════════════════════════════════════════
OK: 72 SKIPPED: 0 FAILED: 0
>
> proc.time()
user system elapsed
33.716 1.199 34.928
Sconify.Rcheck/Sconify-Ex.timings
| name | user | system | elapsed | |
| FcsToTibble | 0.470 | 0.026 | 0.498 | |
| Fnn | 1.070 | 1.404 | 2.474 | |
| GetKnnDe | 0.071 | 0.007 | 0.079 | |
| GetMarkerNames | 0.040 | 0.005 | 0.045 | |
| ImputeTesting | 5.082 | 0.048 | 5.131 | |
| MakeHist | 0.299 | 0.004 | 0.304 | |
| MakeKnnList | 0.518 | 0.025 | 0.543 | |
| MeaningOfLife | 0.001 | 0.001 | 0.002 | |
| ParseMarkers | 0.045 | 0.019 | 0.066 | |
| PostProcessing | 0.264 | 0.011 | 0.273 | |
| ProcessMultipleFiles | 0.342 | 0.010 | 0.354 | |
| QuantNormalizeElements | 0.479 | 0.012 | 0.490 | |
| SconeValues | 23.035 | 0.716 | 23.772 | |
| SplitFile | 0.291 | 0.006 | 0.298 | |
| StringToNumbers | 0.000 | 0.000 | 0.001 | |
| SubsampleAndTsne | 2.717 | 0.010 | 2.727 | |
| TsneVis | 0.368 | 0.004 | 0.373 | |