| Back to Multiple platform build/check report for BioC 3.9 |
|
This page was generated on 2019-04-09 13:34:07 -0400 (Tue, 09 Apr 2019).
| Package 1018/1703 | Hostname | OS / Arch | INSTALL | BUILD | CHECK | BUILD BIN | ||||||
| MoonlightR 1.9.0 Antonio Colaprico
| malbec2 | Linux (Ubuntu 18.04.2 LTS) / x86_64 | OK | ERROR | skipped | |||||||
| tokay2 | Windows Server 2012 R2 Standard / x64 | OK | ERROR | skipped | skipped | |||||||
| celaya2 | OS X 10.11.6 El Capitan / x86_64 | OK | ERROR | skipped | skipped | |||||||
| merida2 | OS X 10.11.6 El Capitan / x86_64 | OK | [ ERROR ] | skipped | skipped |
| Package: MoonlightR |
| Version: 1.9.0 |
| Command: /Library/Frameworks/R.framework/Versions/Current/Resources/bin/R CMD build --keep-empty-dirs --no-resave-data MoonlightR |
| StartedAt: 2019-04-08 21:53:29 -0400 (Mon, 08 Apr 2019) |
| EndedAt: 2019-04-08 21:55:09 -0400 (Mon, 08 Apr 2019) |
| EllapsedTime: 100.6 seconds |
| RetCode: 1 |
| Status: ERROR |
| PackageFile: None |
| PackageFileSize: NA |
##############################################################################
##############################################################################
###
### Running command:
###
### /Library/Frameworks/R.framework/Versions/Current/Resources/bin/R CMD build --keep-empty-dirs --no-resave-data MoonlightR
###
##############################################################################
##############################################################################
* checking for file ‘MoonlightR/DESCRIPTION’ ... OK
* preparing ‘MoonlightR’:
* checking DESCRIPTION meta-information ... OK
* installing the package to build vignettes
* creating vignettes ... ERROR
Loading MoonlightR
Loading required package: doParallel
Loading required package: foreach
Loading required package: iterators
Loading required package: parallel
Warning in rgl.init(initValue, onlyNULL) :
RGL: GLX extension missing on server
Warning: 'rgl_init' failed, running with rgl.useNULL = TRUE
Registered S3 methods overwritten by 'ggplot2':
method from
[.quosures rlang
c.quosures rlang
print.quosures rlang
Registered S3 method overwritten by 'enrichplot':
method from
fortify.enrichResult DOSE
Registered S3 method overwritten by 'R.oo':
method from
throw.default R.methodsS3
Registered S3 method overwritten by 'rvest':
method from
read_xml.response xml2
Setting options('download.file.method.GEOquery'='auto')
Setting options('GEOquery.inmemory.gpl'=FALSE)
sh: line 1: 17574 Abort trap: 6 'convert' 'Moonlight_files/figure-html/unnamed-chunk-2-1.png' -trim 'Moonlight_files/figure-html/unnamed-chunk-2-1.png' > /dev/null
sh: line 1: 17699 Abort trap: 6 'convert' 'Moonlight_files/figure-html/unnamed-chunk-12-1.png' -trim 'Moonlight_files/figure-html/unnamed-chunk-12-1.png' > /dev/null
Quitting from lines 556-567 (Moonlight.Rmd)
Error: processing vignette 'Moonlight.Rmd' failed with diagnostics:
cannot open the connection to 'https://eutils.ncbi.nlm.nih.gov/entrez/eutils/efetch.fcgi?db=pubmed&id=&retmode=xml'
Execution halted