| Back to Multiple platform build/check report for BioC 3.9 |
|
This page was generated on 2019-04-09 12:35:37 -0400 (Tue, 09 Apr 2019).
| Package 950/1703 | Hostname | OS / Arch | INSTALL | BUILD | CHECK | BUILD BIN | ||||||
| MetaNeighbor 1.3.1 Manthan Shah
| malbec2 | Linux (Ubuntu 18.04.2 LTS) / x86_64 | ERROR | ERROR | skipped | |||||||
| tokay2 | Windows Server 2012 R2 Standard / x64 | ERROR | [ ERROR ] | skipped | skipped | |||||||
| celaya2 | OS X 10.11.6 El Capitan / x86_64 | OK | ERROR | skipped | skipped | |||||||
| merida2 | OS X 10.11.6 El Capitan / x86_64 | OK | ERROR | skipped | skipped |
| Package: MetaNeighbor |
| Version: 1.3.1 |
| Command: chmod a+r MetaNeighbor -R && C:\Users\biocbuild\bbs-3.9-bioc\R\bin\R.exe CMD build --keep-empty-dirs --no-resave-data MetaNeighbor |
| StartedAt: 2019-04-09 00:10:19 -0400 (Tue, 09 Apr 2019) |
| EndedAt: 2019-04-09 00:10:48 -0400 (Tue, 09 Apr 2019) |
| EllapsedTime: 29.1 seconds |
| RetCode: 1 |
| Status: ERROR |
| PackageFile: MetaNeighbor_1.3.1.tar.gz |
| PackageFileSize: 3.19 MiB |
############################################################################## ############################################################################## ### ### Running command: ### ### chmod a+r MetaNeighbor -R && C:\Users\biocbuild\bbs-3.9-bioc\R\bin\R.exe CMD build --keep-empty-dirs --no-resave-data MetaNeighbor ### ############################################################################## ############################################################################## * checking for file 'MetaNeighbor/DESCRIPTION' ... OK * preparing 'MetaNeighbor': * checking DESCRIPTION meta-information ... OK * cleaning src * installing the package to build vignettes * creating vignettes ... ERROR --- re-building 'MetaNeighbor.Rmd' using rmarkdown Quitting from lines 193-198 (MetaNeighbor.Rmd) Error: processing vignette 'MetaNeighbor.Rmd' failed with diagnostics: could not find function "MetaNeighbor" --- failed re-building 'MetaNeighbor.Rmd' SUMMARY: processing the following file failed: 'MetaNeighbor.Rmd' Error: Vignette re-building failed. Execution halted