Back to Multiple platform build/check report for BioC 3.9
[A]BCDEFGHIJKLMNOPQRSTUVWXYZ

CHECK report for AnnotationHub on tokay2

This page was generated on 2019-02-09 13:53:51 -0500 (Sat, 09 Feb 2019).

Package 59/1659HostnameOS / ArchINSTALLBUILDCHECKBUILD BIN
AnnotationHub 2.15.5
Bioconductor Package Maintainer
Snapshot Date: 2019-02-08 17:01:05 -0500 (Fri, 08 Feb 2019)
URL: https://git.bioconductor.org/packages/AnnotationHub
Branch: master
Last Commit: 29eff5b
Last Changed Date: 2019-01-29 08:19:40 -0500 (Tue, 29 Jan 2019)
malbec2 Linux (Ubuntu 18.04.1 LTS) / x86_64  OK  ERROR  skipped 
tokay2 Windows Server 2012 R2 Standard / x64  OK  OK [ WARNINGS ] OK UNNEEDED, same version exists in internal repository
merida2 OS X 10.11.6 El Capitan / x86_64  OK  ERROR  skipped  skipped 
celaya2 OS X 10.11.6 El Capitan / x86_64  OK  ERROR  skipped  skipped 

Summary

Package: AnnotationHub
Version: 2.15.5
Command: C:\Users\biocbuild\bbs-3.9-bioc\R\bin\R.exe CMD check --force-multiarch --install=check:AnnotationHub.install-out.txt --library=C:\Users\biocbuild\bbs-3.9-bioc\R\library --no-vignettes --timings AnnotationHub_2.15.5.tar.gz
StartedAt: 2019-02-09 01:05:57 -0500 (Sat, 09 Feb 2019)
EndedAt: 2019-02-09 01:10:28 -0500 (Sat, 09 Feb 2019)
EllapsedTime: 271.6 seconds
RetCode: 0
Status:  WARNINGS  
CheckDir: AnnotationHub.Rcheck
Warnings: 1

Command output

##############################################################################
##############################################################################
###
### Running command:
###
###   C:\Users\biocbuild\bbs-3.9-bioc\R\bin\R.exe CMD check --force-multiarch --install=check:AnnotationHub.install-out.txt --library=C:\Users\biocbuild\bbs-3.9-bioc\R\library --no-vignettes --timings AnnotationHub_2.15.5.tar.gz
###
##############################################################################
##############################################################################


* using log directory 'C:/Users/biocbuild/bbs-3.9-bioc/meat/AnnotationHub.Rcheck'
* using R Under development (unstable) (2019-01-10 r75962)
* using platform: x86_64-w64-mingw32 (64-bit)
* using session charset: ISO8859-1
* using option '--no-vignettes'
* checking for file 'AnnotationHub/DESCRIPTION' ... OK
* checking extension type ... Package
* this is package 'AnnotationHub' version '2.15.5'
* checking package namespace information ... OK
* checking package dependencies ... OK
* checking if this is a source package ... OK
* checking if there is a namespace ... OK
* checking for hidden files and directories ... OK
* checking for portable file names ... OK
* checking whether package 'AnnotationHub' can be installed ... OK
* checking installed package size ... OK
* checking package directory ... OK
* checking 'build' directory ... OK
* checking DESCRIPTION meta-information ... OK
* checking top-level files ... OK
* checking for left-over files ... OK
* checking index information ... OK
* checking package subdirectories ... OK
* checking R files for non-ASCII characters ... OK
* checking R files for syntax errors ... OK
* loading checks for arch 'i386'
** checking whether the package can be loaded ... OK
** checking whether the package can be loaded with stated dependencies ... OK
** checking whether the package can be unloaded cleanly ... OK
** checking whether the namespace can be loaded with stated dependencies ... OK
** checking whether the namespace can be unloaded cleanly ... OK
* loading checks for arch 'x64'
** checking whether the package can be loaded ... OK
** checking whether the package can be loaded with stated dependencies ... OK
** checking whether the package can be unloaded cleanly ... OK
** checking whether the namespace can be loaded with stated dependencies ... OK
** checking whether the namespace can be unloaded cleanly ... OK
* checking dependencies in R code ... WARNING
'::' or ':::' import not declared from: 'ensembldb'
Unexported object imported by a ':::' call: 'BiocManager:::isDevel'
  See the note in ?`:::` about the use of this operator.
* checking S3 generic/method consistency ... OK
* checking replacement functions ... OK
* checking foreign function calls ... OK
* checking R code for possible problems ... OK
* checking Rd files ... OK
* checking Rd metadata ... OK
* checking Rd cross-references ... OK
* checking for missing documentation entries ... OK
* checking for code/documentation mismatches ... OK
* checking Rd \usage sections ... OK
* checking Rd contents ... OK
* checking for unstated dependencies in examples ... OK
* checking files in 'vignettes' ... OK
* checking examples ...
** running examples for arch 'i386' ... OK
Examples with CPU or elapsed time > 5s
                     user system elapsed
AnnotationHub-class 51.27   1.92   57.16
** running examples for arch 'x64' ... OK
Examples with CPU or elapsed time > 5s
                     user system elapsed
AnnotationHub-class 46.48   2.06   48.89
* checking for unstated dependencies in 'tests' ... OK
* checking tests ...
** running tests for arch 'i386' ...
  Running 'runTests.R'
 OK
** running tests for arch 'x64' ...
  Running 'runTests.R'
 OK
* checking for unstated dependencies in vignettes ... OK
* checking package vignettes in 'inst/doc' ... OK
* checking running R code from vignettes ... SKIPPED
* checking re-building of vignette outputs ... SKIPPED
* checking PDF version of manual ... OK
* DONE

Status: 1 WARNING
See
  'C:/Users/biocbuild/bbs-3.9-bioc/meat/AnnotationHub.Rcheck/00check.log'
for details.



Installation output

AnnotationHub.Rcheck/00install.out

##############################################################################
##############################################################################
###
### Running command:
###
###   C:\cygwin\bin\curl.exe -O https://malbec2.bioconductor.org/BBS/3.9/bioc/src/contrib/AnnotationHub_2.15.5.tar.gz && rm -rf AnnotationHub.buildbin-libdir && mkdir AnnotationHub.buildbin-libdir && C:\Users\biocbuild\bbs-3.9-bioc\R\bin\R.exe CMD INSTALL --merge-multiarch --build --library=AnnotationHub.buildbin-libdir AnnotationHub_2.15.5.tar.gz && C:\Users\biocbuild\bbs-3.9-bioc\R\bin\R.exe CMD INSTALL AnnotationHub_2.15.5.zip && rm AnnotationHub_2.15.5.tar.gz AnnotationHub_2.15.5.zip
###
##############################################################################
##############################################################################


  % Total    % Received % Xferd  Average Speed   Time    Time     Time  Current
                                 Dload  Upload   Total   Spent    Left  Speed

  0     0    0     0    0     0      0      0 --:--:-- --:--:-- --:--:--     0
100  200k  100  200k    0     0  3319k      0 --:--:-- --:--:-- --:--:-- 3706k

install for i386

* installing *source* package 'AnnotationHub' ...
** R
** inst
** byte-compile and prepare package for lazy loading
** help
*** installing help indices
  converting help for package 'AnnotationHub'
    finding HTML links ... done
    AnnotationHub-class                     html  
    AnnotationHub-package                   html  
    AnnotationHubResource-class             html  
    getAnnotationHubOption                  html  
    listResources                           html  
    utils                                   html  
** building package indices
** installing vignettes
** testing if installed package can be loaded

install for x64

* installing *source* package 'AnnotationHub' ...
** testing if installed package can be loaded
* MD5 sums
packaged installation of 'AnnotationHub' as AnnotationHub_2.15.5.zip
* DONE (AnnotationHub)
* installing to library 'C:/Users/biocbuild/bbs-3.9-bioc/R/library'
package 'AnnotationHub' successfully unpacked and MD5 sums checked

Tests output

AnnotationHub.Rcheck/tests_i386/runTests.Rout


R Under development (unstable) (2019-01-10 r75962) -- "Unsuffered Consequences"
Copyright (C) 2019 The R Foundation for Statistical Computing
Platform: i386-w64-mingw32/i386 (32-bit)

R is free software and comes with ABSOLUTELY NO WARRANTY.
You are welcome to redistribute it under certain conditions.
Type 'license()' or 'licence()' for distribution details.

R is a collaborative project with many contributors.
Type 'contributors()' for more information and
'citation()' on how to cite R or R packages in publications.

Type 'demo()' for some demos, 'help()' for on-line help, or
'help.start()' for an HTML browser interface to help.
Type 'q()' to quit R.

> BiocGenerics:::testPackage("AnnotationHub")

Attaching package: 'BiocGenerics'

The following objects are masked from 'package:parallel':

    clusterApply, clusterApplyLB, clusterCall, clusterEvalQ,
    clusterExport, clusterMap, parApply, parCapply, parLapply,
    parLapplyLB, parRapply, parSapply, parSapplyLB

The following objects are masked from 'package:stats':

    IQR, mad, sd, var, xtabs

The following objects are masked from 'package:base':

    Filter, Find, Map, Position, Reduce, anyDuplicated, append,
    as.data.frame, basename, cbind, colMeans, colSums, colnames,
    dirname, do.call, duplicated, eval, evalq, get, grep, grepl,
    intersect, is.unsorted, lapply, mapply, match, mget, order, paste,
    pmax, pmax.int, pmin, pmin.int, rank, rbind, rowMeans, rowSums,
    rownames, sapply, setdiff, sort, table, tapply, union, unique,
    unsplit, which, which.max, which.min

snapshotDate(): 2019-01-14
snapshotDate(): 2019-01-14
snapshotDate(): 2019-01-14
snapshotDate(): 2019-01-14
snapshotDate(): 2019-01-14
snapshotDate(): 2019-01-14
require("xxx_foo")


RUNIT TEST PROTOCOL -- Sat Feb 09 01:09:59 2019 
*********************************************** 
Number of test functions: 8 
Number of errors: 0 
Number of failures: 0 

 
1 Test Suite : 
AnnotationHub RUnit Tests - 8 test functions, 0 errors, 0 failures
Number of test functions: 8 
Number of errors: 0 
Number of failures: 0 
Warning messages:
1: call dbDisconnect() when finished working with a connection 
2: In library(package, lib.loc = lib.loc, character.only = TRUE, logical.return = TRUE,  :
  there is no package called 'xxx_foo'
> 
> proc.time()
   user  system elapsed 
  19.00    2.43   26.48 

AnnotationHub.Rcheck/tests_x64/runTests.Rout


R Under development (unstable) (2019-01-10 r75962) -- "Unsuffered Consequences"
Copyright (C) 2019 The R Foundation for Statistical Computing
Platform: x86_64-w64-mingw32/x64 (64-bit)

R is free software and comes with ABSOLUTELY NO WARRANTY.
You are welcome to redistribute it under certain conditions.
Type 'license()' or 'licence()' for distribution details.

R is a collaborative project with many contributors.
Type 'contributors()' for more information and
'citation()' on how to cite R or R packages in publications.

Type 'demo()' for some demos, 'help()' for on-line help, or
'help.start()' for an HTML browser interface to help.
Type 'q()' to quit R.

> BiocGenerics:::testPackage("AnnotationHub")

Attaching package: 'BiocGenerics'

The following objects are masked from 'package:parallel':

    clusterApply, clusterApplyLB, clusterCall, clusterEvalQ,
    clusterExport, clusterMap, parApply, parCapply, parLapply,
    parLapplyLB, parRapply, parSapply, parSapplyLB

The following objects are masked from 'package:stats':

    IQR, mad, sd, var, xtabs

The following objects are masked from 'package:base':

    Filter, Find, Map, Position, Reduce, anyDuplicated, append,
    as.data.frame, basename, cbind, colMeans, colSums, colnames,
    dirname, do.call, duplicated, eval, evalq, get, grep, grepl,
    intersect, is.unsorted, lapply, mapply, match, mget, order, paste,
    pmax, pmax.int, pmin, pmin.int, rank, rbind, rowMeans, rowSums,
    rownames, sapply, setdiff, sort, table, tapply, union, unique,
    unsplit, which, which.max, which.min

snapshotDate(): 2019-01-14
snapshotDate(): 2019-01-14
snapshotDate(): 2019-01-14
snapshotDate(): 2019-01-14
snapshotDate(): 2019-01-14
snapshotDate(): 2019-01-14
require("xxx_foo")


RUNIT TEST PROTOCOL -- Sat Feb 09 01:10:23 2019 
*********************************************** 
Number of test functions: 8 
Number of errors: 0 
Number of failures: 0 

 
1 Test Suite : 
AnnotationHub RUnit Tests - 8 test functions, 0 errors, 0 failures
Number of test functions: 8 
Number of errors: 0 
Number of failures: 0 
Warning message:
In library(package, lib.loc = lib.loc, character.only = TRUE, logical.return = TRUE,  :
  there is no package called 'xxx_foo'
> 
> proc.time()
   user  system elapsed 
  18.68    2.26   23.65 

Example timings

AnnotationHub.Rcheck/examples_i386/AnnotationHub-Ex.timings

nameusersystemelapsed
AnnotationHub-class51.27 1.9257.16
AnnotationHub-package000
getAnnotationHubOption000
utils000

AnnotationHub.Rcheck/examples_x64/AnnotationHub-Ex.timings

nameusersystemelapsed
AnnotationHub-class46.48 2.0648.89
AnnotationHub-package000
getAnnotationHubOption000
utils000