| Back to Multiple platform build/check report for BioC 3.8 experimental data |
This page was generated on 2019-04-16 15:26:04 -0400 (Tue, 16 Apr 2019).
| Package 174/360 | Hostname | OS / Arch | INSTALL | BUILD | CHECK | BUILD BIN | ||||||
Mingshu Cao
| malbec1 | Linux (Ubuntu 16.04.6 LTS) / x86_64 | OK | OK | [ WARNINGS ] |
| Package: iontreeData |
| Version: 1.18.0 |
| Command: /home/biocbuild/bbs-3.8-bioc/R/bin/R CMD check --install=check:iontreeData.install-out.txt --library=/home/biocbuild/bbs-3.8-bioc/R/library --no-vignettes --timings iontreeData_1.18.0.tar.gz |
| StartedAt: 2019-04-16 13:49:02 -0400 (Tue, 16 Apr 2019) |
| EndedAt: 2019-04-16 13:49:15 -0400 (Tue, 16 Apr 2019) |
| EllapsedTime: 12.6 seconds |
| RetCode: 0 |
| Status: WARNINGS |
| CheckDir: iontreeData.Rcheck |
| Warnings: 2 |
##############################################################################
##############################################################################
###
### Running command:
###
### /home/biocbuild/bbs-3.8-bioc/R/bin/R CMD check --install=check:iontreeData.install-out.txt --library=/home/biocbuild/bbs-3.8-bioc/R/library --no-vignettes --timings iontreeData_1.18.0.tar.gz
###
##############################################################################
##############################################################################
* using log directory ‘/home/biocbuild/bbs-3.8-data-experiment/meat/iontreeData.Rcheck’
* using R version 3.5.3 (2019-03-11)
* using platform: x86_64-pc-linux-gnu (64-bit)
* using session charset: UTF-8
* using option ‘--no-vignettes’
* checking for file ‘iontreeData/DESCRIPTION’ ... OK
* checking extension type ... Package
* this is package ‘iontreeData’ version ‘1.18.0’
* checking package namespace information ... OK
* checking package dependencies ... OK
* checking if this is a source package ... OK
* checking if there is a namespace ... OK
* checking for hidden files and directories ... OK
* checking for portable file names ... OK
* checking for sufficient/correct file permissions ... OK
* checking whether package ‘iontreeData’ can be installed ... WARNING
Found the following significant warnings:
Warning: Package 'iontreeData' is deprecated and will be removed from
See ‘/home/biocbuild/bbs-3.8-data-experiment/meat/iontreeData.Rcheck/00install.out’ for details.
* checking installed package size ... NOTE
installed size is 9.3Mb
sub-directories of 1Mb or more:
data 1.4Mb
mzxml 7.2Mb
* checking package directory ... OK
* checking DESCRIPTION meta-information ... OK
* checking top-level files ... OK
* checking for left-over files ... OK
* checking index information ... OK
* checking package subdirectories ... OK
* checking R files for non-ASCII characters ... OK
* checking R files for syntax errors ... OK
* checking whether the package can be loaded ... OK
* checking whether the package can be loaded with stated dependencies ... OK
* checking whether the package can be unloaded cleanly ... OK
* checking whether the namespace can be loaded with stated dependencies ... OK
* checking whether the namespace can be unloaded cleanly ... OK
* checking dependencies in R code ... OK
* checking S3 generic/method consistency ... OK
* checking replacement functions ... OK
* checking foreign function calls ... OK
* checking R code for possible problems ... OK
* checking Rd files ... NOTE
prepare_Rd: MS2RAW.Rd:14-15: Dropping empty section \details
prepare_Rd: MS2RAW.Rd:19-20: Dropping empty section \references
prepare_Rd: MS3RAW.Rd:14-15: Dropping empty section \details
prepare_Rd: MS3RAW.Rd:19-20: Dropping empty section \references
prepare_Rd: iontreeData-package.Rd:29-30: Dropping empty section \seealso
prepare_Rd: iontreeData-package.Rd:31-32: Dropping empty section \examples
* checking Rd metadata ... OK
* checking Rd cross-references ... OK
* checking for missing documentation entries ... OK
* checking for code/documentation mismatches ... OK
* checking Rd \usage sections ... OK
* checking Rd contents ... OK
* checking for unstated dependencies in examples ... OK
* checking contents of ‘data’ directory ... OK
* checking data for non-ASCII characters ... OK
* checking data for ASCII and uncompressed saves ... WARNING
Note: significantly better compression could be obtained
by using R CMD build --resave-data
old_size new_size compress
MS2RAW.rda 1.1Mb 913Kb xz
MS3RAW.rda 274Kb 219Kb xz
* checking examples ... OK
* checking PDF version of manual ... OK
* DONE
Status: 2 WARNINGs, 2 NOTEs
See
‘/home/biocbuild/bbs-3.8-data-experiment/meat/iontreeData.Rcheck/00check.log’
for details.
iontreeData.Rcheck/00install.out
############################################################################## ############################################################################## ### ### Running command: ### ### /home/biocbuild/bbs-3.8-bioc/R/bin/R CMD INSTALL iontreeData ### ############################################################################## ############################################################################## * installing to library ‘/home/biocbuild/bbs-3.8-bioc/R/library’ * installing *source* package ‘iontreeData’ ... ** R ** data ** inst ** byte-compile and prepare package for lazy loading ** help *** installing help indices ** building package indices ** testing if installed package can be loaded Warning: Package 'iontreeData' is deprecated and will be removed from Bioconductor version 3.9 * DONE (iontreeData)
iontreeData.Rcheck/iontreeData-Ex.timings
| name | user | system | elapsed | |
| MS2RAW | 0.028 | 0.008 | 0.042 | |
| MS3RAW | 0.004 | 0.004 | 0.032 | |