| Back to Multiple platform build/check report for BioC 3.8 experimental data | 
This page was generated on 2019-04-16 15:26:17 -0400 (Tue, 16 Apr 2019).
| Package 348/360 | Hostname | OS / Arch | INSTALL | BUILD | CHECK | BUILD BIN | ||||||
| VariantToolsData 1.6.0 Michael Lawrence 
 | malbec1 | Linux (Ubuntu 16.04.6 LTS) / x86_64 | OK | OK | [ WARNINGS ] |  | 
| Package: VariantToolsData | 
| Version: 1.6.0 | 
| Command: /home/biocbuild/bbs-3.8-bioc/R/bin/R CMD check --install=check:VariantToolsData.install-out.txt --library=/home/biocbuild/bbs-3.8-bioc/R/library --no-vignettes --timings VariantToolsData_1.6.0.tar.gz | 
| StartedAt: 2019-04-16 14:09:36 -0400 (Tue, 16 Apr 2019) | 
| EndedAt: 2019-04-16 14:12:41 -0400 (Tue, 16 Apr 2019) | 
| EllapsedTime: 185.0 seconds | 
| RetCode: 0 | 
| Status: WARNINGS | 
| CheckDir: VariantToolsData.Rcheck | 
| Warnings: 1 | 
##############################################################################
##############################################################################
###
### Running command:
###
###   /home/biocbuild/bbs-3.8-bioc/R/bin/R CMD check --install=check:VariantToolsData.install-out.txt --library=/home/biocbuild/bbs-3.8-bioc/R/library --no-vignettes --timings VariantToolsData_1.6.0.tar.gz
###
##############################################################################
##############################################################################
* using log directory ‘/home/biocbuild/bbs-3.8-data-experiment/meat/VariantToolsData.Rcheck’
* using R version 3.5.3 (2019-03-11)
* using platform: x86_64-pc-linux-gnu (64-bit)
* using session charset: UTF-8
* using option ‘--no-vignettes’
* checking for file ‘VariantToolsData/DESCRIPTION’ ... OK
* checking extension type ... Package
* this is package ‘VariantToolsData’ version ‘1.6.0’
* checking package namespace information ... OK
* checking package dependencies ... OK
* checking if this is a source package ... OK
* checking if there is a namespace ... OK
* checking for hidden files and directories ... OK
* checking for portable file names ... OK
* checking for sufficient/correct file permissions ... OK
* checking whether package ‘VariantToolsData’ can be installed ... OK
* checking installed package size ... NOTE
  installed size is 201.6Mb
  sub-directories of 1Mb or more:
    data       2.2Mb
    extdata  199.2Mb
* checking package directory ... OK
* checking ‘build’ directory ... OK
* checking DESCRIPTION meta-information ... OK
* checking top-level files ... OK
* checking for left-over files ... OK
* checking index information ... OK
* checking package subdirectories ... OK
* checking R files for non-ASCII characters ... OK
* checking R files for syntax errors ... OK
* checking whether the package can be loaded ... OK
* checking whether the package can be loaded with stated dependencies ... OK
* checking whether the package can be unloaded cleanly ... OK
* checking whether the namespace can be loaded with stated dependencies ... OK
* checking whether the namespace can be unloaded cleanly ... OK
* checking dependencies in R code ... OK
* checking S3 generic/method consistency ... OK
* checking replacement functions ... OK
* checking foreign function calls ... OK
* checking R code for possible problems ... NOTE
TP53Region: no visible global function definition for ‘setNames’
Undefined global functions or variables:
  setNames
Consider adding
  importFrom("stats", "setNames")
to your NAMESPACE file.
* checking Rd files ... OK
* checking Rd metadata ... OK
* checking Rd cross-references ... OK
* checking for missing documentation entries ... OK
* checking for code/documentation mismatches ... OK
* checking Rd \usage sections ... OK
* checking Rd contents ... OK
* checking for unstated dependencies in examples ... OK
* checking contents of ‘data’ directory ... OK
* checking data for non-ASCII characters ... OK
* checking data for ASCII and uncompressed saves ... WARNING
  
  Note: significantly better compression could be obtained
        by using R CMD build --resave-data
              old_size new_size compress
  geno.rda        24Kb     14Kb       xz
  tallies.rda    2.2Mb    1.3Mb       xz
* checking files in ‘vignettes’ ... OK
* checking examples ... OK
* checking for unstated dependencies in vignettes ... OK
* checking package vignettes in ‘inst/doc’ ... OK
* checking running R code from vignettes ... SKIPPED
* checking re-building of vignette outputs ... SKIPPED
* checking PDF version of manual ... OK
* DONE
Status: 1 WARNING, 2 NOTEs
See
  ‘/home/biocbuild/bbs-3.8-data-experiment/meat/VariantToolsData.Rcheck/00check.log’
for details.
VariantToolsData.Rcheck/00install.out
############################################################################## ############################################################################## ### ### Running command: ### ### /home/biocbuild/bbs-3.8-bioc/R/bin/R CMD INSTALL VariantToolsData ### ############################################################################## ############################################################################## * installing to library ‘/home/biocbuild/bbs-3.8-bioc/R/library’ * installing *source* package ‘VariantToolsData’ ... ** R ** data ** inst ** byte-compile and prepare package for lazy loading ** help *** installing help indices ** building package indices ** installing vignettes ** testing if installed package can be loaded * DONE (VariantToolsData)
VariantToolsData.Rcheck/VariantToolsData-Ex.timings
| name | user | system | elapsed | |
| TP53Region | 0.136 | 0.016 | 0.150 | |
| geno | 0.020 | 0.000 | 0.019 | |
| repeats | 0.008 | 0.000 | 0.006 | |
| sumDepths | 1.580 | 0.024 | 1.607 | |
| tallies | 0.368 | 0.004 | 0.371 | |