| Back to Multiple platform build/check report for BioC 3.8 experimental data |
This page was generated on 2019-04-16 15:26:11 -0400 (Tue, 16 Apr 2019).
| Package 187/360 | Hostname | OS / Arch | INSTALL | BUILD | CHECK | BUILD BIN | ||||||
| ListerEtAlBSseq 1.14.0 Kamal Kishore
| malbec1 | Linux (Ubuntu 16.04.6 LTS) / x86_64 | OK | OK | [ WARNINGS ] |
| Package: ListerEtAlBSseq |
| Version: 1.14.0 |
| Command: /home/biocbuild/bbs-3.8-bioc/R/bin/R CMD check --install=check:ListerEtAlBSseq.install-out.txt --library=/home/biocbuild/bbs-3.8-bioc/R/library --no-vignettes --timings ListerEtAlBSseq_1.14.0.tar.gz |
| StartedAt: 2019-04-16 13:50:21 -0400 (Tue, 16 Apr 2019) |
| EndedAt: 2019-04-16 13:52:16 -0400 (Tue, 16 Apr 2019) |
| EllapsedTime: 114.9 seconds |
| RetCode: 0 |
| Status: WARNINGS |
| CheckDir: ListerEtAlBSseq.Rcheck |
| Warnings: 1 |
##############################################################################
##############################################################################
###
### Running command:
###
### /home/biocbuild/bbs-3.8-bioc/R/bin/R CMD check --install=check:ListerEtAlBSseq.install-out.txt --library=/home/biocbuild/bbs-3.8-bioc/R/library --no-vignettes --timings ListerEtAlBSseq_1.14.0.tar.gz
###
##############################################################################
##############################################################################
* using log directory ‘/home/biocbuild/bbs-3.8-data-experiment/meat/ListerEtAlBSseq.Rcheck’
* using R version 3.5.3 (2019-03-11)
* using platform: x86_64-pc-linux-gnu (64-bit)
* using session charset: UTF-8
* using option ‘--no-vignettes’
* checking for file ‘ListerEtAlBSseq/DESCRIPTION’ ... OK
* this is package ‘ListerEtAlBSseq’ version ‘1.14.0’
* checking package namespace information ... OK
* checking package dependencies ... OK
* checking if this is a source package ... OK
* checking if there is a namespace ... OK
* checking for hidden files and directories ... OK
* checking for portable file names ... OK
* checking for sufficient/correct file permissions ... OK
* checking whether package ‘ListerEtAlBSseq’ can be installed ... OK
* checking installed package size ... NOTE
installed size is 659.0Mb
sub-directories of 1Mb or more:
data 2.9Mb
extdata 656.0Mb
* checking package directory ... OK
* checking DESCRIPTION meta-information ... NOTE
Malformed Description field: should contain one or more complete sentences.
Non-standard license specification:
Artistic 2.0
Standardizable: TRUE
Standardized license specification:
Artistic-2.0
* checking top-level files ... OK
* checking for left-over files ... OK
* checking index information ... OK
* checking package subdirectories ... OK
* checking whether the package can be loaded ... OK
* checking whether the package can be loaded with stated dependencies ... OK
* checking whether the package can be unloaded cleanly ... OK
* checking whether the namespace can be loaded with stated dependencies ... OK
* checking whether the namespace can be unloaded cleanly ... OK
* checking Rd files ... OK
* checking Rd metadata ... OK
* checking Rd cross-references ... OK
* checking for missing documentation entries ... OK
* checking for code/documentation mismatches ... OK
* checking Rd \usage sections ... OK
* checking Rd contents ... OK
* checking for unstated dependencies in examples ... OK
* checking contents of ‘data’ directory ... OK
* checking data for non-ASCII characters ... OK
* checking data for ASCII and uncompressed saves ... OK
* checking files in ‘vignettes’ ... WARNING
Files in the 'vignettes' directory but no files in 'inst/doc':
‘ListerEtAlBSseq.rnw’
Files named as vignettes but with no recognized vignette engine:
‘vignettes/ListerEtAlBSseq.rnw’
(Is a VignetteBuilder field missing?)
* checking examples ... OK
* checking PDF version of manual ... OK
* DONE
Status: 1 WARNING, 2 NOTEs
See
‘/home/biocbuild/bbs-3.8-data-experiment/meat/ListerEtAlBSseq.Rcheck/00check.log’
for details.
ListerEtAlBSseq.Rcheck/00install.out
############################################################################## ############################################################################## ### ### Running command: ### ### /home/biocbuild/bbs-3.8-bioc/R/bin/R CMD INSTALL ListerEtAlBSseq ### ############################################################################## ############################################################################## * installing to library ‘/home/biocbuild/bbs-3.8-bioc/R/library’ * installing *source* package ‘ListerEtAlBSseq’ ... ** data ** inst ** help *** installing help indices ** building package indices ** installing vignettes ** testing if installed package can be loaded * DONE (ListerEtAlBSseq)
ListerEtAlBSseq.Rcheck/ListerEtAlBSseq-Ex.timings
| name | user | system | elapsed | |
| H1.WGBS | 0.292 | 0.012 | 0.516 | |
| IMR90.WGBS | 0.296 | 0.008 | 0.436 | |