| Back to Multiple platform build/check report for BioC 3.8 | 
 | 
This page was generated on 2019-04-16 11:49:06 -0400 (Tue, 16 Apr 2019).
| Package 279/1649 | Hostname | OS / Arch | INSTALL | BUILD | CHECK | BUILD BIN | ||||||
| clusterProfiler 3.10.1 Guangchuang Yu 
 | malbec1 | Linux (Ubuntu 16.04.6 LTS) / x86_64 | OK | OK | [ WARNINGS ] |  | ||||||
| merida1 | OS X 10.11.6 El Capitan / x86_64 | OK | OK | WARNINGS | OK |  | 
| Package: clusterProfiler | 
| Version: 3.10.1 | 
| Command: /home/biocbuild/bbs-3.8-bioc/R/bin/R CMD check --install=check:clusterProfiler.install-out.txt --library=/home/biocbuild/bbs-3.8-bioc/R/library --no-vignettes --timings clusterProfiler_3.10.1.tar.gz | 
| StartedAt: 2019-04-15 22:58:40 -0400 (Mon, 15 Apr 2019) | 
| EndedAt: 2019-04-15 23:02:39 -0400 (Mon, 15 Apr 2019) | 
| EllapsedTime: 238.7 seconds | 
| RetCode: 0 | 
| Status: WARNINGS | 
| CheckDir: clusterProfiler.Rcheck | 
| Warnings: 1 | 
##############################################################################
##############################################################################
###
### Running command:
###
###   /home/biocbuild/bbs-3.8-bioc/R/bin/R CMD check --install=check:clusterProfiler.install-out.txt --library=/home/biocbuild/bbs-3.8-bioc/R/library --no-vignettes --timings clusterProfiler_3.10.1.tar.gz
###
##############################################################################
##############################################################################
* using log directory ‘/home/biocbuild/bbs-3.8-bioc/meat/clusterProfiler.Rcheck’
* using R version 3.5.3 (2019-03-11)
* using platform: x86_64-pc-linux-gnu (64-bit)
* using session charset: UTF-8
* using option ‘--no-vignettes’
* checking for file ‘clusterProfiler/DESCRIPTION’ ... OK
* checking extension type ... Package
* this is package ‘clusterProfiler’ version ‘3.10.1’
* checking package namespace information ... OK
* checking package dependencies ... OK
* checking if this is a source package ... OK
* checking if there is a namespace ... OK
* checking for hidden files and directories ... OK
* checking for portable file names ... OK
* checking for sufficient/correct file permissions ... OK
* checking whether package ‘clusterProfiler’ can be installed ... OK
* checking installed package size ... OK
* checking package directory ... OK
* checking ‘build’ directory ... OK
* checking DESCRIPTION meta-information ... OK
* checking top-level files ... OK
* checking for left-over files ... OK
* checking index information ... OK
* checking package subdirectories ... OK
* checking R files for non-ASCII characters ... OK
* checking R files for syntax errors ... OK
* checking whether the package can be loaded ... OK
* checking whether the package can be loaded with stated dependencies ... OK
* checking whether the package can be unloaded cleanly ... OK
* checking whether the namespace can be loaded with stated dependencies ... OK
* checking whether the namespace can be unloaded cleanly ... OK
* checking dependencies in R code ... OK
* checking S3 generic/method consistency ... OK
* checking replacement functions ... OK
* checking foreign function calls ... OK
* checking R code for possible problems ... OK
* checking Rd files ... OK
* checking Rd metadata ... OK
* checking Rd cross-references ... OK
* checking for missing documentation entries ... OK
* checking for code/documentation mismatches ... OK
* checking Rd \usage sections ... WARNING
Duplicated \argument entries in documentation object 'simplify':
  ‘x’ ‘cutoff’ ‘by’ ‘select_fun’ ‘measure’ ‘semData’
Functions with \usage entries need to have the appropriate \alias
entries, and all their arguments documented.
The \usage entries must correspond to syntactically valid R code.
See chapter ‘Writing R documentation files’ in the ‘Writing R
Extensions’ manual.
* checking Rd contents ... OK
* checking for unstated dependencies in examples ... OK
* checking contents of ‘data’ directory ... OK
* checking data for non-ASCII characters ... OK
* checking data for ASCII and uncompressed saves ... OK
* checking files in ‘vignettes’ ... OK
* checking examples ... OK
Examples with CPU or elapsed time > 5s
             user system elapsed
groupGO    86.408  2.296  89.319
enrichKEGG  0.592  0.008   5.287
* checking for unstated dependencies in ‘tests’ ... OK
* checking tests ...
  Running ‘testthat.R’
 OK
* checking for unstated dependencies in vignettes ... OK
* checking package vignettes in ‘inst/doc’ ... OK
* checking running R code from vignettes ... SKIPPED
* checking re-building of vignette outputs ... SKIPPED
* checking PDF version of manual ... OK
* DONE
Status: 1 WARNING
See
  ‘/home/biocbuild/bbs-3.8-bioc/meat/clusterProfiler.Rcheck/00check.log’
for details.
clusterProfiler.Rcheck/00install.out
############################################################################## ############################################################################## ### ### Running command: ### ### /home/biocbuild/bbs-3.8-bioc/R/bin/R CMD INSTALL clusterProfiler ### ############################################################################## ############################################################################## * installing to library ‘/home/biocbuild/bbs-3.8-bioc/R/library’ * installing *source* package ‘clusterProfiler’ ... ** R ** data ** inst ** byte-compile and prepare package for lazy loading ** help *** installing help indices ** building package indices ** installing vignettes ** testing if installed package can be loaded * DONE (clusterProfiler)
clusterProfiler.Rcheck/tests/testthat.Rout
R version 3.5.3 (2019-03-11) -- "Great Truth"
Copyright (C) 2019 The R Foundation for Statistical Computing
Platform: x86_64-pc-linux-gnu (64-bit)
R is free software and comes with ABSOLUTELY NO WARRANTY.
You are welcome to redistribute it under certain conditions.
Type 'license()' or 'licence()' for distribution details.
R is a collaborative project with many contributors.
Type 'contributors()' for more information and
'citation()' on how to cite R or R packages in publications.
Type 'demo()' for some demos, 'help()' for on-line help, or
'help.start()' for an HTML browser interface to help.
Type 'q()' to quit R.
> library(testthat)
> library(clusterProfiler)
clusterProfiler v3.10.1  For help: https://guangchuangyu.github.io/software/clusterProfiler
If you use clusterProfiler in published research, please cite:
Guangchuang Yu, Li-Gen Wang, Yanyan Han, Qing-Yu He. clusterProfiler: an R package for comparing biological themes among gene clusters. OMICS: A Journal of Integrative Biology. 2012, 16(5):284-287.
> 
> test_check("clusterProfiler")
══ testthat results  ═══════════════════════════════════════════════════════════
OK: 2 SKIPPED: 0 FAILED: 0
> 
> proc.time()
   user  system elapsed 
  8.204   0.228  15.135 
clusterProfiler.Rcheck/clusterProfiler-Ex.timings
| name | user | system | elapsed | |
| compareCluster | 0 | 0 | 0 | |
| enrichGO | 0 | 0 | 0 | |
| enrichKEGG | 0.592 | 0.008 | 5.287 | |
| groupGO | 86.408 | 2.296 | 89.319 | |