| Back to Multiple platform build/check report for BioC 3.8 |
|
This page was generated on 2019-04-16 11:51:32 -0400 (Tue, 16 Apr 2019).
| Package 1546/1649 | Hostname | OS / Arch | INSTALL | BUILD | CHECK | BUILD BIN | ||||||
| TCGAbiolinks 2.10.5 Antonio Colaprico
| malbec1 | Linux (Ubuntu 16.04.6 LTS) / x86_64 | OK | OK | [ WARNINGS ] | |||||||
| merida1 | OS X 10.11.6 El Capitan / x86_64 | OK | OK | WARNINGS | OK |
| Package: TCGAbiolinks |
| Version: 2.10.5 |
| Command: /home/biocbuild/bbs-3.8-bioc/R/bin/R CMD check --install=check:TCGAbiolinks.install-out.txt --library=/home/biocbuild/bbs-3.8-bioc/R/library --no-vignettes --timings TCGAbiolinks_2.10.5.tar.gz |
| StartedAt: 2019-04-16 03:22:29 -0400 (Tue, 16 Apr 2019) |
| EndedAt: 2019-04-16 03:40:55 -0400 (Tue, 16 Apr 2019) |
| EllapsedTime: 1106.1 seconds |
| RetCode: 0 |
| Status: WARNINGS |
| CheckDir: TCGAbiolinks.Rcheck |
| Warnings: 1 |
##############################################################################
##############################################################################
###
### Running command:
###
### /home/biocbuild/bbs-3.8-bioc/R/bin/R CMD check --install=check:TCGAbiolinks.install-out.txt --library=/home/biocbuild/bbs-3.8-bioc/R/library --no-vignettes --timings TCGAbiolinks_2.10.5.tar.gz
###
##############################################################################
##############################################################################
* using log directory ‘/home/biocbuild/bbs-3.8-bioc/meat/TCGAbiolinks.Rcheck’
* using R version 3.5.3 (2019-03-11)
* using platform: x86_64-pc-linux-gnu (64-bit)
* using session charset: UTF-8
* using option ‘--no-vignettes’
* checking for file ‘TCGAbiolinks/DESCRIPTION’ ... OK
* checking extension type ... Package
* this is package ‘TCGAbiolinks’ version ‘2.10.5’
* checking package namespace information ... OK
* checking package dependencies ... OK
* checking if this is a source package ... OK
* checking if there is a namespace ... OK
* checking for hidden files and directories ... OK
* checking for portable file names ... OK
* checking for sufficient/correct file permissions ... OK
* checking whether package ‘TCGAbiolinks’ can be installed ... OK
* checking installed package size ... NOTE
installed size is 5.3Mb
sub-directories of 1Mb or more:
R 1.6Mb
data 3.5Mb
* checking package directory ... OK
* checking ‘build’ directory ... OK
* checking DESCRIPTION meta-information ... OK
* checking top-level files ... OK
* checking for left-over files ... OK
* checking index information ... OK
* checking package subdirectories ... OK
* checking R files for non-ASCII characters ... OK
* checking R files for syntax errors ... OK
* checking whether the package can be loaded ... OK
* checking whether the package can be loaded with stated dependencies ... OK
* checking whether the package can be unloaded cleanly ... OK
* checking whether the namespace can be loaded with stated dependencies ... OK
* checking whether the namespace can be unloaded cleanly ... OK
* checking dependencies in R code ... WARNING
'::' or ':::' import not declared from: ‘purrr’
There are ::: calls to the package's namespace in its code. A package
almost never needs to use ::: for its own objects:
‘move’
* checking S3 generic/method consistency ... OK
* checking replacement functions ... OK
* checking foreign function calls ... OK
* checking R code for possible problems ... NOTE
GDCquery_clinic: no visible binding for global variable ‘portions’
TCGAanalyze_DEA: no visible binding for global variable ‘barcode’
TCGAanalyze_DEA: no visible binding for global variable ‘clinical’
TCGAanalyze_DEA_Affy: no visible global function definition for
‘limmamakeContrasts’
TCGAanalyze_DEA_Affy: no visible global function definition for
‘limmacontrasts.fit’
TCGAanalyze_analyseGRN: no visible global function definition for
‘knnmi.cross’
TCGAanalyze_networkInference: no visible global function definition for
‘c3net’
TCGAanalyze_networkInference: no visible global function definition for
‘minet’
TCGAquery_recount2: no visible binding for global variable ‘rse_gene’
TCGAtumor_purity: no visible binding for global variable ‘Tumor.purity’
TCGAvisualize_SurvivalCoxNET: no visible global function definition for
‘dNetInduce’
TCGAvisualize_SurvivalCoxNET: no visible global function definition for
‘dNetPipeline’
TCGAvisualize_SurvivalCoxNET: no visible global function definition for
‘dCommSignif’
TCGAvisualize_SurvivalCoxNET: no visible global function definition for
‘visNet’
TCGAvisualize_oncoprint: no visible binding for global variable ‘value’
readExonQuantification: no visible binding for global variable ‘exon’
readExonQuantification: no visible binding for global variable
‘coordinates’
Undefined global functions or variables:
Tumor.purity barcode c3net clinical coordinates dCommSignif
dNetInduce dNetPipeline exon knnmi.cross limmacontrasts.fit
limmamakeContrasts minet portions rse_gene value visNet
* checking Rd files ... OK
* checking Rd metadata ... OK
* checking Rd cross-references ... OK
* checking for missing documentation entries ... OK
* checking for code/documentation mismatches ... OK
* checking Rd \usage sections ... OK
* checking Rd contents ... OK
* checking for unstated dependencies in examples ... OK
* checking contents of ‘data’ directory ... OK
* checking data for non-ASCII characters ... OK
* checking data for ASCII and uncompressed saves ... OK
* checking R/sysdata.rda ... OK
* checking files in ‘vignettes’ ... OK
* checking examples ... OK
Examples with CPU or elapsed time > 5s
user system elapsed
TCGAanalyze_LevelTab 20.620 0.032 20.675
TCGAanalyze_DMR 18.476 0.020 18.505
GDCprepare_clinic 10.588 0.364 53.740
TCGAanalyze_DEA 10.600 0.180 10.786
TCGAanalyze_Filtering 10.384 0.004 10.396
GDCdownload 7.296 0.220 35.555
TCGAvisualize_PCA 7.060 0.000 10.973
GDCquery_clinic 6.128 0.088 4.635
TCGAanalyze_Normalization 6.208 0.000 6.214
GDCprepare 5.256 0.308 8.216
matchedMetExp 3.352 0.060 9.080
getResults 3.184 0.032 9.090
getSampleFilesSummary 2.800 0.100 8.602
GDCquery 2.680 0.036 7.284
getManifest 2.520 0.020 7.932
getDataCategorySummary 2.248 0.020 7.046
* checking for unstated dependencies in ‘tests’ ... OK
* checking tests ...
Running ‘testthat.R’
OK
* checking for unstated dependencies in vignettes ... OK
* checking package vignettes in ‘inst/doc’ ... OK
* checking running R code from vignettes ... SKIPPED
* checking re-building of vignette outputs ... SKIPPED
* checking PDF version of manual ... OK
* DONE
Status: 1 WARNING, 2 NOTEs
See
‘/home/biocbuild/bbs-3.8-bioc/meat/TCGAbiolinks.Rcheck/00check.log’
for details.
TCGAbiolinks.Rcheck/00install.out
############################################################################## ############################################################################## ### ### Running command: ### ### /home/biocbuild/bbs-3.8-bioc/R/bin/R CMD INSTALL TCGAbiolinks ### ############################################################################## ############################################################################## * installing to library ‘/home/biocbuild/bbs-3.8-bioc/R/library’ * installing *source* package ‘TCGAbiolinks’ ... ** R Warning in lazyLoadDBinsertVariable(vars[i], from, datafile, ascii, compress, : internal error 10 in R_compress3 ** data *** moving datasets to lazyload DB ** inst ** byte-compile and prepare package for lazy loading ** help *** installing help indices ** building package indices ** installing vignettes ** testing if installed package can be loaded * DONE (TCGAbiolinks)
TCGAbiolinks.Rcheck/tests/testthat.Rout
R version 3.5.3 (2019-03-11) -- "Great Truth"
Copyright (C) 2019 The R Foundation for Statistical Computing
Platform: x86_64-pc-linux-gnu (64-bit)
R is free software and comes with ABSOLUTELY NO WARRANTY.
You are welcome to redistribute it under certain conditions.
Type 'license()' or 'licence()' for distribution details.
R is a collaborative project with many contributors.
Type 'contributors()' for more information and
'citation()' on how to cite R or R packages in publications.
Type 'demo()' for some demos, 'help()' for on-line help, or
'help.start()' for an HTML browser interface to help.
Type 'q()' to quit R.
> library(testthat)
> library(TCGAbiolinks)
>
> test_check("TCGAbiolinks")
|
| | 0%
|
|=================================== | 50%
|
|======================================================================| 100%
|
| | 0%
|
|=================================== | 50%
|
|======================================================================| 100%
|
| | 0%
|
|= | 2%
|
|== | 3%
|
|=== | 5%
|
|==== | 6%
|
|====== | 8%
|
|======= | 9%
|
|======== | 11%
|
|========= | 13%
|
|========== | 14%
|
|=========== | 16%
|
|============ | 17%
|
|============= | 19%
|
|============== | 21%
|
|================ | 22%
|
|================= | 24%
|
|================== | 25%
|
|=================== | 27%
|
|==================== | 29%
|
|===================== | 30%
|
|====================== | 32%
|
|======================== | 35%
|
|=========================== | 38%
|
|============================= | 41%
|
|=============================== | 45%
|
|================================= | 48%
|
|==================================== | 51%
|
|====================================== | 54%
|
|======================================== | 57%
|
|========================================== | 61%
|
|============================================= | 64%
|
|=============================================== | 67%
|
|================================================= | 70%
|
|=================================================== | 73%
|
|====================================================== | 76%
|
|======================================================== | 80%
|
|========================================================== | 83%
|
|============================================================ | 86%
|
|============================================================== | 89%
|
|================================================================ | 91%
|
|================================================================= | 92%
|
|=================================================================== | 96%
|
|===================================================================== | 99%
|
|======================================================================| 100%
|
| | 0%
|
|======================================================================| 100%
|
| | 0%
|
|= | 2%
|
|== | 3%
|
|=== | 5%
|
|==== | 6%
|
|===== | 8%
|
|======= | 9%
|
|======== | 11%
|
|========= | 13%
|
|========== | 14%
|
|=========== | 16%
|
|============ | 17%
|
|============= | 19%
|
|============== | 20%
|
|=============== | 22%
|
|================= | 24%
|
|================== | 25%
|
|=================== | 27%
|
|==================== | 28%
|
|===================== | 30%
|
|======================= | 33%
|
|========================= | 36%
|
|============================ | 39%
|
|============================== | 43%
|
|================================ | 46%
|
|================================== | 49%
|
|==================================== | 52%
|
|======================================= | 55%
|
|========================================= | 58%
|
|=========================================== | 62%
|
|============================================= | 65%
|
|================================================ | 68%
|
|================================================== | 71%
|
|==================================================== | 74%
|
|====================================================== | 77%
|
|======================================================== | 81%
|
|=========================================================== | 84%
|
|============================================================ | 85%
|
|============================================================= | 87%
|
|============================================================== | 88%
|
|=============================================================== | 90%
|
|================================================================ | 92%
|
|================================================================= | 93%
|
|================================================================== | 95%
|
|=================================================================== | 96%
|
|===================================================================== | 98%
|
|======================================================================| 99%
|
|======================================================================| 100%
|
| | 0%
|
|= | 2%
|
|== | 3%
|
|=== | 5%
|
|==== | 6%
|
|====== | 8%
|
|======= | 10%
|
|======== | 11%
|
|========= | 13%
|
|========== | 14%
|
|=========== | 16%
|
|============ | 18%
|
|============== | 19%
|
|=============== | 21%
|
|================ | 23%
|
|================= | 24%
|
|================== | 26%
|
|=================== | 27%
|
|==================== | 29%
|
|===================== | 31%
|
|======================= | 32%
|
|======================== | 34%
|
|========================= | 35%
|
|========================== | 37%
|
|=========================== | 39%
|
|============================ | 40%
|
|============================= | 42%
|
|=============================== | 44%
|
|================================ | 45%
|
|================================= | 47%
|
|================================== | 48%
|
|=================================== | 50%
|
|==================================== | 52%
|
|===================================== | 53%
|
|====================================== | 55%
|
|======================================== | 57%
|
|========================================= | 58%
|
|=========================================== | 61%
|
|============================================= | 65%
|
|=============================================== | 68%
|
|================================================== | 71%
|
|==================================================== | 74%
|
|====================================================== | 78%
|
|========================================================= | 81%
|
|=========================================================== | 84%
|
|============================================================= | 87%
|
|=============================================================== | 90%
|
|================================================================== | 94%
|
|==================================================================== | 97%
|
|======================================================================| 100%
|
| | 0%
|
|======================= | 33%
|
|=============================================== | 67%
|
|======================================================================| 100%
|
| | 0%
|
| | 1%
|
|= | 1%
|
|= | 2%
|
|== | 2%
|
|== | 3%
|
|=== | 4%
|
|=== | 5%
|
|==== | 5%
|
|==== | 6%
|
|===== | 6%
|
|===== | 7%
|
|===== | 8%
|
|====== | 9%
|
|======= | 10%
|
|======= | 11%
|
|======== | 11%
|
|======== | 12%
|
|========= | 13%
|
|========== | 14%
|
|========== | 15%
|
|=========== | 15%
|
|=========== | 16%
|
|============ | 17%
|
|============= | 18%
|
|============= | 19%
|
|============== | 19%
|
|============== | 20%
|
|=============== | 21%
|
|================ | 22%
|
|================ | 23%
|
|================ | 24%
|
|================= | 24%
|
|================= | 25%
|
|================== | 26%
|
|=================== | 27%
|
|=================== | 28%
|
|==================== | 28%
|
|==================== | 29%
|
|===================== | 30%
|
|====================== | 31%
|
|====================== | 32%
|
|======================= | 32%
|
|======================= | 33%
|
|======================== | 34%
|
|========================= | 35%
|
|========================= | 36%
|
|========================== | 37%
|
|=========================== | 38%
|
|=========================== | 39%
|
|============================ | 40%
|
|============================ | 41%
|
|============================= | 41%
|
|============================= | 42%
|
|============================== | 43%
|
|=============================== | 44%
|
|=============================== | 45%
|
|================================ | 45%
|
|================================ | 46%
|
|================================= | 47%
|
|================================= | 48%
|
|================================== | 48%
|
|================================== | 49%
|
|=================================== | 49%
|
|=================================== | 50%
|
|=================================== | 51%
|
|==================================== | 51%
|
|==================================== | 52%
|
|===================================== | 52%
|
|===================================== | 53%
|
|====================================== | 54%
|
|====================================== | 55%
|
|======================================= | 56%
|
|======================================== | 57%
|
|========================================= | 58%
|
|========================================= | 59%
|
|========================================== | 59%
|
|========================================== | 60%
|
|=========================================== | 61%
|
|=========================================== | 62%
|
|============================================ | 63%
|
|============================================= | 64%
|
|============================================= | 65%
|
|============================================== | 66%
|
|=============================================== | 67%
|
|=============================================== | 68%
|
|================================================ | 68%
|
|================================================ | 69%
|
|================================================= | 70%
|
|================================================= | 71%
|
|================================================== | 71%
|
|================================================== | 72%
|
|=================================================== | 72%
|
|=================================================== | 73%
|
|==================================================== | 74%
|
|===================================================== | 75%
|
|===================================================== | 76%
|
|====================================================== | 76%
|
|====================================================== | 77%
|
|====================================================== | 78%
|
|======================================================= | 78%
|
|======================================================= | 79%
|
|======================================================== | 80%
|
|======================================================== | 81%
|
|========================================================= | 81%
|
|========================================================= | 82%
|
|========================================================== | 83%
|
|=========================================================== | 84%
|
|=========================================================== | 85%
|
|============================================================ | 85%
|
|============================================================ | 86%
|
|============================================================= | 87%
|
|============================================================== | 88%
|
|============================================================== | 89%
|
|=============================================================== | 89%
|
|=============================================================== | 90%
|
|=============================================================== | 91%
|
|================================================================ | 91%
|
|================================================================ | 92%
|
|================================================================= | 93%
|
|================================================================== | 94%
|
|================================================================== | 95%
|
|=================================================================== | 95%
|
|=================================================================== | 96%
|
|==================================================================== | 97%
|
|===================================================================== | 98%
|
|===================================================================== | 99%
|
|======================================================================| 99%
|
|======================================================================| 100%
|
| | 0%
|
| | 1%
|
|= | 1%
|
|= | 2%
|
|== | 2%
|
|== | 3%
|
|=== | 4%
|
|=== | 5%
|
|==== | 5%
|
|==== | 6%
|
|===== | 6%
|
|===== | 7%
|
|===== | 8%
|
|====== | 8%
|
|====== | 9%
|
|======= | 10%
|
|======= | 11%
|
|======== | 11%
|
|======== | 12%
|
|========= | 12%
|
|========= | 13%
|
|========== | 14%
|
|========== | 15%
|
|=========== | 15%
|
|=========== | 16%
|
|============ | 17%
|
|============ | 18%
|
|============= | 18%
|
|============= | 19%
|
|============== | 19%
|
|============== | 20%
|
|=============== | 21%
|
|=============== | 22%
|
|================ | 22%
|
|================ | 23%
|
|================ | 24%
|
|================= | 24%
|
|================= | 25%
|
|================== | 26%
|
|=================== | 27%
|
|=================== | 28%
|
|==================== | 28%
|
|==================== | 29%
|
|===================== | 30%
|
|====================== | 31%
|
|====================== | 32%
|
|======================= | 32%
|
|======================= | 33%
|
|======================== | 34%
|
|========================= | 35%
|
|========================= | 36%
|
|========================== | 37%
|
|=========================== | 38%
|
|=========================== | 39%
|
|============================ | 40%
|
|============================ | 41%
|
|============================= | 41%
|
|============================= | 42%
|
|============================== | 42%
|
|============================== | 43%
|
|=============================== | 44%
|
|=============================== | 45%
|
|================================ | 45%
|
|================================ | 46%
|
|================================= | 47%
|
|================================== | 48%
|
|================================== | 49%
|
|=================================== | 50%
|
|==================================== | 51%
|
|==================================== | 52%
|
|===================================== | 52%
|
|===================================== | 53%
|
|====================================== | 54%
|
|====================================== | 55%
|
|======================================= | 56%
|
|======================================== | 57%
|
|======================================== | 58%
|
|========================================= | 58%
|
|========================================= | 59%
|
|========================================== | 59%
|
|========================================== | 60%
|
|=========================================== | 61%
|
|=========================================== | 62%
|
|============================================ | 62%
|
|============================================ | 63%
|
|============================================= | 64%
|
|============================================= | 65%
|
|============================================== | 65%
|
|============================================== | 66%
|
|=============================================== | 67%
|
|================================================ | 68%
|
|================================================ | 69%
|
|================================================= | 69%
|
|================================================= | 70%
|
|================================================= | 71%
|
|================================================== | 71%
|
|================================================== | 72%
|
|=================================================== | 73%
|
|==================================================== | 74%
|
|==================================================== | 75%
|
|===================================================== | 75%
|
|===================================================== | 76%
|
|====================================================== | 77%
|
|====================================================== | 78%
|
|======================================================= | 78%
|
|======================================================= | 79%
|
|======================================================== | 80%
|
|========================================================= | 81%
|
|========================================================= | 82%
|
|========================================================== | 82%
|
|========================================================== | 83%
|
|=========================================================== | 84%
|
|============================================================ | 85%
|
|============================================================ | 86%
|
|============================================================= | 87%
|
|============================================================= | 88%
|
|============================================================== | 88%
|
|============================================================== | 89%
|
|=============================================================== | 90%
|
|================================================================ | 91%
|
|================================================================ | 92%
|
|================================================================= | 93%
|
|================================================================== | 94%
|
|================================================================== | 95%
|
|=================================================================== | 95%
|
|=================================================================== | 96%
|
|==================================================================== | 97%
|
|===================================================================== | 98%
|
|===================================================================== | 99%
|
|======================================================================| 99%
|
|======================================================================| 100%
[1] "I need about 1 minute to finish complete Enrichment analysis GO[BP,MF,CC] and Pathways... "
[1] "GO Enrichment Analysis BP completed....done"
[1] "GO Enrichment Analysis MF completed....done"
[1] "GO Enrichment Analysis CC completed....done"
[1] "Pathway Enrichment Analysis completed....done"
groups Mean Median Max Min
1 TP 0.3590198 0.3601768 0.4099433 0.3240056
groups Mean Median Max Min
1 TP 0.3590198 0.3601768 0.4099433 0.3240056
groups Mean Median Max Min
1 LGm1 0.3789137 0.3789137 0.3789137 0.3789137
2 LGm2 0.4099433 0.4099433 0.4099433 0.4099433
3 LGm4 0.3454189 0.3454189 0.3668322 0.3240056
4 LGm5 0.3481159 0.3524203 0.3608853 0.3267376
LGm1 LGm2 LGm4 LGm5
LGm1 NA NA NA NA
LGm2 NA NA NA NA
LGm4 NA NA NA 0.9217168
LGm5 NA NA 0.9217168 NA
groups Mean Median Max Min
1 LGm1 0.3789137 0.3789137 0.3789137 0.3789137
2 LGm2 0.4099433 0.4099433 0.4099433 0.4099433
3 LGm4 0.3454189 0.3454189 0.3668322 0.3240056
4 LGm5 0.3481159 0.3524203 0.3608853 0.3267376
LGm1 LGm2 LGm4 LGm5
LGm1 NA NA NA NA
LGm2 NA NA NA NA
LGm4 NA NA NA 0.9217168
LGm5 NA NA 0.9217168 NA
groups Mean Median Max Min
1 LGm1 0.3789137 0.3789137 0.3789137 0.3789137
2 LGm2 0.4099433 0.4099433 0.4099433 0.4099433
3 LGm4 0.3454189 0.3454189 0.3668322 0.3240056
4 LGm5 0.3481159 0.3524203 0.3608853 0.3267376
LGm1 LGm2 LGm4 LGm5
LGm1 NA NA NA NA
LGm2 NA NA NA NA
LGm4 NA NA NA 0.9217168
LGm5 NA NA 0.9217168 NA
groups Mean Median Max Min
1 alive 0.3594683 0.3594683 0.3594683 0.3594683
2 dead 0.3589557 0.3608853 0.4099433 0.3240056
alive dead
alive NA NA
dead NA NA
══ testthat results ═══════════════════════════════════════════════════════════
OK: 67 SKIPPED: 0 FAILED: 0
>
> proc.time()
user system elapsed
192.184 1.656 537.370
TCGAbiolinks.Rcheck/TCGAbiolinks-Ex.timings
| name | user | system | elapsed | |
| GDCdownload | 7.296 | 0.220 | 35.555 | |
| GDCprepare | 5.256 | 0.308 | 8.216 | |
| GDCprepare_clinic | 10.588 | 0.364 | 53.740 | |
| GDCquery | 2.680 | 0.036 | 7.284 | |
| GDCquery_ATAC_seq | 0 | 0 | 0 | |
| GDCquery_Maf | 0 | 0 | 0 | |
| GDCquery_clinic | 6.128 | 0.088 | 4.635 | |
| PanCancerAtlas_subtypes | 0.020 | 0.000 | 0.023 | |
| TCGAVisualize_volcano | 0.472 | 0.000 | 0.471 | |
| TCGA_MolecularSubtype | 0.512 | 0.000 | 0.512 | |
| TCGAanalyze_DEA | 10.600 | 0.180 | 10.786 | |
| TCGAanalyze_DEA_Affy | 0 | 0 | 0 | |
| TCGAanalyze_DMR | 18.476 | 0.020 | 18.505 | |
| TCGAanalyze_EA | 0 | 0 | 0 | |
| TCGAanalyze_EAcomplete | 3.544 | 0.000 | 3.549 | |
| TCGAanalyze_Filtering | 10.384 | 0.004 | 10.396 | |
| TCGAanalyze_LevelTab | 20.620 | 0.032 | 20.675 | |
| TCGAanalyze_Normalization | 6.208 | 0.000 | 6.214 | |
| TCGAanalyze_Pathview | 0 | 0 | 0 | |
| TCGAanalyze_SurvivalKM | 0.140 | 0.000 | 0.138 | |
| TCGAanalyze_survival | 2.484 | 0.004 | 2.488 | |
| TCGAprepare_Affy | 0 | 0 | 0 | |
| TCGAquery_MatchedCoupledSampleTypes | 0.004 | 0.000 | 0.003 | |
| TCGAquery_SampleTypes | 0.000 | 0.000 | 0.001 | |
| TCGAquery_recount2 | 0 | 0 | 0 | |
| TCGAquery_subtype | 0.012 | 0.000 | 0.011 | |
| TCGAtumor_purity | 0.160 | 0.000 | 0.159 | |
| TCGAvisualize_EAbarplot | 3.920 | 0.008 | 3.933 | |
| TCGAvisualize_Heatmap | 1.652 | 0.000 | 1.654 | |
| TCGAvisualize_PCA | 7.060 | 0.000 | 10.973 | |
| TCGAvisualize_meanMethylation | 3.604 | 0.056 | 3.723 | |
| TCGAvisualize_oncoprint | 0.000 | 0.000 | 0.001 | |
| TCGAvisualize_starburst | 0.004 | 0.000 | 0.000 | |
| UseRaw_afterFilter | 0 | 0 | 0 | |
| calculate.pvalues | 0 | 0 | 0 | |
| colDataPrepare | 0 | 0 | 0 | |
| diffmean | 0.052 | 0.000 | 0.052 | |
| gaiaCNVplot | 0.024 | 0.000 | 0.024 | |
| getAdjacencyBiogrid | 0.004 | 0.000 | 0.002 | |
| getDataCategorySummary | 2.248 | 0.020 | 7.046 | |
| getGDCInfo | 0.152 | 0.012 | 0.537 | |
| getGDCprojects | 0.156 | 0.004 | 0.464 | |
| getManifest | 2.520 | 0.020 | 7.932 | |
| getResults | 3.184 | 0.032 | 9.090 | |
| getSampleFilesSummary | 2.800 | 0.100 | 8.602 | |
| getTSS | 0 | 0 | 0 | |
| isServeOK | 0.268 | 0.008 | 0.543 | |
| matchedMetExp | 3.352 | 0.060 | 9.080 | |