This page was generated on 2019-04-16 11:50:19 -0400 (Tue, 16 Apr 2019).
PSICQUIC 1.20.0 Paul Shannon
 
| Snapshot Date: 2019-04-15 17:01:12 -0400 (Mon, 15 Apr 2019) |  
| URL: https://git.bioconductor.org/packages/PSICQUIC |  
| Branch: RELEASE_3_8 |  
| Last Commit: 0019202 |  
| Last Changed Date: 2018-10-30 11:41:52 -0400 (Tue, 30 Oct 2018) |  
 
 | malbec1  | Linux (Ubuntu 16.04.6 LTS) / x86_64  |  OK  | [ ERROR ] |  skipped  |  |  | 
| merida1  | OS X 10.11.6 El Capitan / x86_64  |  OK  |  OK  |  WARNINGS  |  OK  |   | 
##############################################################################
##############################################################################
###
### Running command:
###
###   /home/biocbuild/bbs-3.8-bioc/R/bin/R CMD build --keep-empty-dirs --no-resave-data PSICQUIC
###
##############################################################################
##############################################################################
* checking for file ‘PSICQUIC/DESCRIPTION’ ... OK
* preparing ‘PSICQUIC’:
* checking DESCRIPTION meta-information ... OK
* installing the package to build vignettes
* creating vignettes ... ERROR
Loading required package: IRanges
Loading required package: BiocGenerics
Loading required package: parallel
Attaching package: ‘BiocGenerics’
The following objects are masked from ‘package:parallel’:
    clusterApply, clusterApplyLB, clusterCall, clusterEvalQ,
    clusterExport, clusterMap, parApply, parCapply, parLapply,
    parLapplyLB, parRapply, parSapply, parSapplyLB
The following objects are masked from ‘package:stats’:
    IQR, mad, sd, var, xtabs
The following objects are masked from ‘package:base’:
    Filter, Find, Map, Position, Reduce, anyDuplicated, append,
    as.data.frame, basename, cbind, colMeans, colSums, colnames,
    dirname, do.call, duplicated, eval, evalq, get, grep, grepl,
    intersect, is.unsorted, lapply, lengths, mapply, match, mget,
    order, paste, pmax, pmax.int, pmin, pmin.int, rank, rbind,
    rowMeans, rowSums, rownames, sapply, setdiff, sort, table, tapply,
    union, unique, unsplit, which, which.max, which.min
Loading required package: S4Vectors
Loading required package: stats4
Attaching package: ‘S4Vectors’
The following object is masked from ‘package:base’:
    expand.grid
Loading required package: biomaRt
Loading required package: httr
Loading required package: plyr
Attaching package: ‘plyr’
The following object is masked from ‘package:IRanges’:
    desc
The following object is masked from ‘package:S4Vectors’:
    rename
Warning: replacing previous import ‘IRanges::desc’ by ‘plyr::desc’ when loading ‘PSICQUIC’
checking for biomart access...
   does 'http://www.ensembl.org' respond?
Error: processing vignette 'PSICQUIC.Rnw' failed with diagnostics:
 chunk 8 (label = addGeneNames) 
Error in IDMapper("9606") : url.exists(url) is not TRUE
Execution halted