| Back to Multiple platform build/check report for BioC 3.8 |
|
This page was generated on 2018-04-30 09:44:13 -0400 (Mon, 30 Apr 2018).
| Package 346/1559 | Hostname | OS / Arch | INSTALL | BUILD | CHECK | BUILD BIN | ||||||
Haidong Yi
| malbec1 | Linux (Ubuntu 16.04.1 LTS) / x86_64 | OK | ERROR | skipped | |||||||
| tokay1 | Windows Server 2012 R2 Standard / x64 | OK | [ ERROR ] | skipped | skipped | |||||||
| merida1 | OS X 10.11.6 El Capitan / x86_64 | OK | ERROR | skipped | skipped |
| Package: DASC |
| Version: 1.1.1 |
| Command: chmod a+r DASC -R && C:\Users\biocbuild\bbs-3.8-bioc\R\bin\R.exe CMD build --keep-empty-dirs --no-resave-data DASC |
| StartedAt: 2018-04-29 23:22:29 -0400 (Sun, 29 Apr 2018) |
| EndedAt: 2018-04-29 23:22:54 -0400 (Sun, 29 Apr 2018) |
| EllapsedTime: 25.6 seconds |
| RetCode: 1 |
| Status: ERROR |
| PackageFile: None |
| PackageFileSize: NA |
############################################################################## ############################################################################## ### ### Running command: ### ### chmod a+r DASC -R && C:\Users\biocbuild\bbs-3.8-bioc\R\bin\R.exe CMD build --keep-empty-dirs --no-resave-data DASC ### ############################################################################## ############################################################################## * checking for file 'DASC/DESCRIPTION' ... OK * preparing 'DASC': * checking DESCRIPTION meta-information ... OK * installing the package to build vignettes * creating vignettes ... ERROR Error: processing vignette 'DASC_html.Rmd' failed with diagnostics: 'html_document2' is defunct. Use 'html_document' instead. Execution halted