| Back to Multiple platform build/check report for BioC 3.8 |
|
This page was generated on 2019-04-16 11:52:22 -0400 (Tue, 16 Apr 2019).
| Package 197/1649 | Hostname | OS / Arch | INSTALL | BUILD | CHECK | BUILD BIN | ||||||
| CancerInSilico 2.2.1 Thomas D. Sherman
| malbec1 | Linux (Ubuntu 16.04.6 LTS) / x86_64 | OK | OK | [ WARNINGS ] | |||||||
| merida1 | OS X 10.11.6 El Capitan / x86_64 | OK | OK | WARNINGS | OK |
| Package: CancerInSilico |
| Version: 2.2.1 |
| Command: /home/biocbuild/bbs-3.8-bioc/R/bin/R CMD check --install=check:CancerInSilico.install-out.txt --library=/home/biocbuild/bbs-3.8-bioc/R/library --no-vignettes --timings CancerInSilico_2.2.1.tar.gz |
| StartedAt: 2019-04-15 22:39:23 -0400 (Mon, 15 Apr 2019) |
| EndedAt: 2019-04-15 22:39:53 -0400 (Mon, 15 Apr 2019) |
| EllapsedTime: 29.7 seconds |
| RetCode: 0 |
| Status: WARNINGS |
| CheckDir: CancerInSilico.Rcheck |
| Warnings: 1 |
##############################################################################
##############################################################################
###
### Running command:
###
### /home/biocbuild/bbs-3.8-bioc/R/bin/R CMD check --install=check:CancerInSilico.install-out.txt --library=/home/biocbuild/bbs-3.8-bioc/R/library --no-vignettes --timings CancerInSilico_2.2.1.tar.gz
###
##############################################################################
##############################################################################
* using log directory ‘/home/biocbuild/bbs-3.8-bioc/meat/CancerInSilico.Rcheck’
* using R version 3.5.3 (2019-03-11)
* using platform: x86_64-pc-linux-gnu (64-bit)
* using session charset: UTF-8
* using option ‘--no-vignettes’
* checking for file ‘CancerInSilico/DESCRIPTION’ ... OK
* checking extension type ... Package
* this is package ‘CancerInSilico’ version ‘2.2.1’
* checking package namespace information ... OK
* checking package dependencies ... OK
* checking if this is a source package ... OK
* checking if there is a namespace ... OK
* checking for hidden files and directories ... OK
* checking for portable file names ... OK
* checking for sufficient/correct file permissions ... OK
* checking whether package ‘CancerInSilico’ can be installed ... OK
* checking installed package size ... NOTE
installed size is 11.9Mb
sub-directories of 1Mb or more:
data 1.6Mb
libs 9.2Mb
* checking package directory ... OK
* checking ‘build’ directory ... OK
* checking DESCRIPTION meta-information ... OK
* checking top-level files ... OK
* checking for left-over files ... OK
* checking index information ... OK
* checking package subdirectories ... OK
* checking R files for non-ASCII characters ... OK
* checking R files for syntax errors ... OK
* checking whether the package can be loaded ... OK
* checking whether the package can be loaded with stated dependencies ... OK
* checking whether the package can be unloaded cleanly ... OK
* checking whether the namespace can be loaded with stated dependencies ... OK
* checking whether the namespace can be unloaded cleanly ... OK
* checking dependencies in R code ... NOTE
Package in Depends field not imported from: ‘Rcpp’
These packages need to be imported from (in the NAMESPACE file)
for when this namespace is loaded but not attached.
* checking S3 generic/method consistency ... OK
* checking replacement functions ... OK
* checking foreign function calls ... OK
* checking R code for possible problems ... OK
* checking Rd files ... OK
* checking Rd metadata ... OK
* checking Rd cross-references ... OK
* checking for missing documentation entries ... OK
* checking for code/documentation mismatches ... OK
* checking Rd \usage sections ... OK
* checking Rd contents ... OK
* checking for unstated dependencies in examples ... OK
* checking contents of ‘data’ directory ... OK
* checking data for non-ASCII characters ... OK
* checking data for ASCII and uncompressed saves ... WARNING
Note: significantly better compression could be obtained
by using R CMD build --resave-data
old_size new_size compress
SampleModels.RData 989Kb 641Kb xz
* checking line endings in C/C++/Fortran sources/headers ... OK
* checking line endings in Makefiles ... OK
* checking compilation flags in Makevars ... OK
* checking for GNU extensions in Makefiles ... OK
* checking for portable use of $(BLAS_LIBS) and $(LAPACK_LIBS) ... OK
* checking compiled code ... NOTE
Note: information on .o files is not available
File ‘/home/biocbuild/bbs-3.8-bioc/R/library/CancerInSilico/libs/CancerInSilico.so’:
Found ‘rand’, possibly from ‘rand’ (C)
Found ‘srand’, possibly from ‘srand’ (C)
Compiled code should not call entry points which might terminate R nor
write to stdout/stderr instead of to the console, nor use Fortran I/O
nor system RNGs. The detected symbols are linked into the code but
might come from libraries and not actually be called.
See ‘Writing portable packages’ in the ‘Writing R Extensions’ manual.
* checking files in ‘vignettes’ ... OK
* checking examples ... OK
* checking for unstated dependencies in ‘tests’ ... OK
* checking tests ...
Running ‘testthat.R’
OK
* checking for unstated dependencies in vignettes ... OK
* checking package vignettes in ‘inst/doc’ ... OK
* checking running R code from vignettes ... SKIPPED
* checking re-building of vignette outputs ... SKIPPED
* checking PDF version of manual ... OK
* DONE
Status: 1 WARNING, 3 NOTEs
See
‘/home/biocbuild/bbs-3.8-bioc/meat/CancerInSilico.Rcheck/00check.log’
for details.
CancerInSilico.Rcheck/00install.out
##############################################################################
##############################################################################
###
### Running command:
###
### /home/biocbuild/bbs-3.8-bioc/R/bin/R CMD INSTALL CancerInSilico
###
##############################################################################
##############################################################################
* installing to library ‘/home/biocbuild/bbs-3.8-bioc/R/library’
* installing *source* package ‘CancerInSilico’ ...
** libs
g++ -I"/home/biocbuild/bbs-3.8-bioc/R/include" -DNDEBUG -I"/home/biocbuild/bbs-3.8-bioc/R/library/Rcpp/include" -I"/home/biocbuild/bbs-3.8-bioc/R/library/BH/include" -I/usr/local/include -fpic -g -O2 -Wall -c RunModel.cpp -o RunModel.o
g++ -I"/home/biocbuild/bbs-3.8-bioc/R/include" -DNDEBUG -I"/home/biocbuild/bbs-3.8-bioc/R/library/Rcpp/include" -I"/home/biocbuild/bbs-3.8-bioc/R/library/BH/include" -I/usr/local/include -fpic -g -O2 -Wall -c RcppExports.cpp -o RcppExports.o
g++ -I"/home/biocbuild/bbs-3.8-bioc/R/include" -DNDEBUG -I"/home/biocbuild/bbs-3.8-bioc/R/library/Rcpp/include" -I"/home/biocbuild/bbs-3.8-bioc/R/library/BH/include" -I/usr/local/include -fpic -g -O2 -Wall -c CellModels/DrasdoHohmeModel.cpp -o CellModels/DrasdoHohmeModel.o
g++ -I"/home/biocbuild/bbs-3.8-bioc/R/include" -DNDEBUG -I"/home/biocbuild/bbs-3.8-bioc/R/library/Rcpp/include" -I"/home/biocbuild/bbs-3.8-bioc/R/library/BH/include" -I/usr/local/include -fpic -g -O2 -Wall -c OffLatticeModel/OffLatticeCell.cpp -o OffLatticeModel/OffLatticeCell.o
g++ -I"/home/biocbuild/bbs-3.8-bioc/R/include" -DNDEBUG -I"/home/biocbuild/bbs-3.8-bioc/R/library/Rcpp/include" -I"/home/biocbuild/bbs-3.8-bioc/R/library/BH/include" -I/usr/local/include -fpic -g -O2 -Wall -c OffLatticeModel/OffLatticeCellBasedModel.cpp -o OffLatticeModel/OffLatticeCellBasedModel.o
g++ -I"/home/biocbuild/bbs-3.8-bioc/R/include" -DNDEBUG -I"/home/biocbuild/bbs-3.8-bioc/R/library/Rcpp/include" -I"/home/biocbuild/bbs-3.8-bioc/R/library/BH/include" -I/usr/local/include -fpic -g -O2 -Wall -c OffLatticeModel/OffLatticeRadiusSolver.cpp -o OffLatticeModel/OffLatticeRadiusSolver.o
g++ -I"/home/biocbuild/bbs-3.8-bioc/R/include" -DNDEBUG -I"/home/biocbuild/bbs-3.8-bioc/R/library/Rcpp/include" -I"/home/biocbuild/bbs-3.8-bioc/R/library/BH/include" -I/usr/local/include -fpic -g -O2 -Wall -c Core/Cell.cpp -o Core/Cell.o
g++ -I"/home/biocbuild/bbs-3.8-bioc/R/include" -DNDEBUG -I"/home/biocbuild/bbs-3.8-bioc/R/library/Rcpp/include" -I"/home/biocbuild/bbs-3.8-bioc/R/library/BH/include" -I/usr/local/include -fpic -g -O2 -Wall -c Core/CellBasedModel.cpp -o Core/CellBasedModel.o
g++ -I"/home/biocbuild/bbs-3.8-bioc/R/include" -DNDEBUG -I"/home/biocbuild/bbs-3.8-bioc/R/library/Rcpp/include" -I"/home/biocbuild/bbs-3.8-bioc/R/library/BH/include" -I/usr/local/include -fpic -g -O2 -Wall -c Core/CellType.cpp -o Core/CellType.o
g++ -I"/home/biocbuild/bbs-3.8-bioc/R/include" -DNDEBUG -I"/home/biocbuild/bbs-3.8-bioc/R/library/Rcpp/include" -I"/home/biocbuild/bbs-3.8-bioc/R/library/BH/include" -I/usr/local/include -fpic -g -O2 -Wall -c Core/Drug.cpp -o Core/Drug.o
g++ -I"/home/biocbuild/bbs-3.8-bioc/R/include" -DNDEBUG -I"/home/biocbuild/bbs-3.8-bioc/R/library/Rcpp/include" -I"/home/biocbuild/bbs-3.8-bioc/R/library/BH/include" -I/usr/local/include -fpic -g -O2 -Wall -c Core/Random.cpp -o Core/Random.o
In file included from /home/biocbuild/bbs-3.8-bioc/R/library/BH/include/boost/random/detail/integer_log2.hpp:19:0,
from /home/biocbuild/bbs-3.8-bioc/R/library/BH/include/boost/random/detail/large_arithmetic.hpp:19,
from /home/biocbuild/bbs-3.8-bioc/R/library/BH/include/boost/random/detail/const_mod.hpp:23,
from /home/biocbuild/bbs-3.8-bioc/R/library/BH/include/boost/random/linear_congruential.hpp:30,
from /home/biocbuild/bbs-3.8-bioc/R/library/BH/include/boost/random/additive_combine.hpp:27,
from /home/biocbuild/bbs-3.8-bioc/R/library/BH/include/boost/random.hpp:36,
from Core/Random.cpp:3:
/home/biocbuild/bbs-3.8-bioc/R/library/BH/include/boost/pending/integer_log2.hpp:7:89: note: #pragma message: This header is deprecated. Use <boost/integer/integer_log2.hpp> instead.
g++ -I"/home/biocbuild/bbs-3.8-bioc/R/include" -DNDEBUG -I"/home/biocbuild/bbs-3.8-bioc/R/library/Rcpp/include" -I"/home/biocbuild/bbs-3.8-bioc/R/library/BH/include" -I/usr/local/include -fpic -g -O2 -Wall -c test-runner.cpp -o test-runner.o
g++ -I"/home/biocbuild/bbs-3.8-bioc/R/include" -DNDEBUG -I"/home/biocbuild/bbs-3.8-bioc/R/library/Rcpp/include" -I"/home/biocbuild/bbs-3.8-bioc/R/library/BH/include" -I/usr/local/include -fpic -g -O2 -Wall -c Tests/Core/test-CellType.cpp -o Tests/Core/test-CellType.o
g++ -I"/home/biocbuild/bbs-3.8-bioc/R/include" -DNDEBUG -I"/home/biocbuild/bbs-3.8-bioc/R/library/Rcpp/include" -I"/home/biocbuild/bbs-3.8-bioc/R/library/BH/include" -I/usr/local/include -fpic -g -O2 -Wall -c Tests/Core/test-Drug.cpp -o Tests/Core/test-Drug.o
g++ -I"/home/biocbuild/bbs-3.8-bioc/R/include" -DNDEBUG -I"/home/biocbuild/bbs-3.8-bioc/R/library/Rcpp/include" -I"/home/biocbuild/bbs-3.8-bioc/R/library/BH/include" -I/usr/local/include -fpic -g -O2 -Wall -c Tests/Core/test-Point.cpp -o Tests/Core/test-Point.o
g++ -I"/home/biocbuild/bbs-3.8-bioc/R/include" -DNDEBUG -I"/home/biocbuild/bbs-3.8-bioc/R/library/Rcpp/include" -I"/home/biocbuild/bbs-3.8-bioc/R/library/BH/include" -I/usr/local/include -fpic -g -O2 -Wall -c Tests/Core/test-Random.cpp -o Tests/Core/test-Random.o
g++ -I"/home/biocbuild/bbs-3.8-bioc/R/include" -DNDEBUG -I"/home/biocbuild/bbs-3.8-bioc/R/library/Rcpp/include" -I"/home/biocbuild/bbs-3.8-bioc/R/library/BH/include" -I/usr/local/include -fpic -g -O2 -Wall -c Tests/Core/test-SquareLattice.cpp -o Tests/Core/test-SquareLattice.o
g++ -shared -L/home/biocbuild/bbs-3.8-bioc/R/lib -L/usr/local/lib -o CancerInSilico.so RunModel.o RcppExports.o CellModels/DrasdoHohmeModel.o OffLatticeModel/OffLatticeCell.o OffLatticeModel/OffLatticeCellBasedModel.o OffLatticeModel/OffLatticeRadiusSolver.o Core/Cell.o Core/CellBasedModel.o Core/CellType.o Core/Drug.o Core/Random.o test-runner.o Tests/Core/test-CellType.o Tests/Core/test-Drug.o Tests/Core/test-Point.o Tests/Core/test-Random.o Tests/Core/test-SquareLattice.o -L/home/biocbuild/bbs-3.8-bioc/R/lib -lR
installing to /home/biocbuild/bbs-3.8-bioc/R/library/CancerInSilico/libs
** R
** data
** inst
** byte-compile and prepare package for lazy loading
** help
*** installing help indices
** building package indices
** installing vignettes
** testing if installed package can be loaded
* DONE (CancerInSilico)
CancerInSilico.Rcheck/tests/testthat.Rout
R version 3.5.3 (2019-03-11) -- "Great Truth"
Copyright (C) 2019 The R Foundation for Statistical Computing
Platform: x86_64-pc-linux-gnu (64-bit)
R is free software and comes with ABSOLUTELY NO WARRANTY.
You are welcome to redistribute it under certain conditions.
Type 'license()' or 'licence()' for distribution details.
R is a collaborative project with many contributors.
Type 'contributors()' for more information and
'citation()' on how to cite R or R packages in publications.
Type 'demo()' for some demos, 'help()' for on-line help, or
'help.start()' for an HTML browser interface to help.
Type 'q()' to quit R.
> library(testthat)
> library(CancerInSilico)
Loading required package: Rcpp
>
> test_check("CancerInSilico")
time = 0.00
size = 2
time = 1.00
size = 2
time = 0.00
size = 3
time = 100.00
size = 18
time = 0.00
size = 1000
time = 1.00
size = 1040
===============================================================================
All tests passed (56 assertions in 5 test cases)
══ testthat results ═══════════════════════════════════════════════════════════
OK: 64 SKIPPED: 3 FAILED: 0
>
> proc.time()
user system elapsed
1.936 0.052 1.985
CancerInSilico.Rcheck/CancerInSilico-Ex.timings
| name | user | system | elapsed | |
| cellSummary-methods | 0.052 | 0.004 | 0.055 | |
| checkDataSet | 0.004 | 0.000 | 0.002 | |
| getAxisAngle-methods | 0.036 | 0.000 | 0.036 | |
| getAxisLength-methods | 0.036 | 0.000 | 0.036 | |
| getCellDistance-methods | 0.036 | 0.000 | 0.037 | |
| getCellPhase-methods | 0.036 | 0.000 | 0.036 | |
| getCellType-methods | 0.032 | 0.004 | 0.037 | |
| getCoordinates-methods | 0.040 | 0.000 | 0.038 | |
| getCycleLength-methods | 0.040 | 0.004 | 0.044 | |
| getDensity-methods | 0.036 | 0.000 | 0.036 | |
| getLocalDensity-methods | 0.052 | 0.000 | 0.049 | |
| getNumberOfCells-methods | 0.032 | 0.000 | 0.033 | |
| getRadius-methods | 0.032 | 0.000 | 0.033 | |
| getTrialAcceptRate-methods | 0.036 | 0.000 | 0.033 | |
| inSilicoCellModel | 0.040 | 0.000 | 0.043 | |
| plotCells-methods | 0.084 | 0.004 | 0.089 | |
| run-methods | 0.432 | 0.000 | 0.431 | |