This page was generated on 2019-04-16 11:57:47 -0400 (Tue, 16 Apr 2019).
MEIGOR 1.16.0 Jose Egea
Snapshot Date: 2019-04-15 17:01:12 -0400 (Mon, 15 Apr 2019) |
URL: https://git.bioconductor.org/packages/MEIGOR |
Branch: RELEASE_3_8 |
Last Commit: b1105f9 |
Last Changed Date: 2018-10-30 11:41:54 -0400 (Tue, 30 Oct 2018) |
| malbec1 | Linux (Ubuntu 16.04.6 LTS) / x86_64 | OK | OK | WARNINGS | | ![UNNEEDED, same version exists in internal repository UNNEEDED, same version exists in internal repository](../120px-Blue_Light_Icon.svg.png) |
merida1 | OS X 10.11.6 El Capitan / x86_64 | OK | [ ERROR ] | skipped | skipped | |
##############################################################################
##############################################################################
###
### Running command:
###
### /Library/Frameworks/R.framework/Versions/Current/Resources/bin/R CMD build --keep-empty-dirs --no-resave-data MEIGOR
###
##############################################################################
##############################################################################
* checking for file ‘MEIGOR/DESCRIPTION’ ... OK
* preparing ‘MEIGOR’:
* checking DESCRIPTION meta-information ... OK
* installing the package to build vignettes
* creating vignettes ... ERROR
Loading required package: Rsolnp
Loading required package: snowfall
Loading required package: snow
Loading required package: CNORode
Loading required package: CellNOptR
Loading required package: RBGL
Loading required package: graph
Loading required package: BiocGenerics
Loading required package: parallel
Attaching package: ‘parallel’
The following objects are masked from ‘package:snow’:
clusterApply, clusterApplyLB, clusterCall, clusterEvalQ,
clusterExport, clusterMap, clusterSplit, makeCluster,
parApply, parCapply, parLapply, parRapply, parSapply,
splitIndices, stopCluster
Attaching package: ‘BiocGenerics’
The following objects are masked from ‘package:parallel’:
clusterApply, clusterApplyLB, clusterCall, clusterEvalQ,
clusterExport, clusterMap, parApply, parCapply, parLapply,
parLapplyLB, parRapply, parSapply, parSapplyLB
The following objects are masked from ‘package:snow’:
clusterApply, clusterApplyLB, clusterCall, clusterEvalQ,
clusterExport, clusterMap, parApply, parCapply, parLapply,
parRapply, parSapply
The following objects are masked from ‘package:stats’:
IQR, mad, sd, var, xtabs
The following objects are masked from ‘package:base’:
Filter, Find, Map, Position, Reduce, anyDuplicated,
append, as.data.frame, basename, cbind, colMeans, colSums,
colnames, dirname, do.call, duplicated, eval, evalq, get,
grep, grepl, intersect, is.unsorted, lapply, lengths,
mapply, match, mget, order, paste, pmax, pmax.int, pmin,
pmin.int, rank, rbind, rowMeans, rowSums, rownames,
sapply, setdiff, sort, table, tapply, union, unique,
unsplit, which, which.max, which.min
Loading required package: hash
hash-2.2.6.1 provided by Decision Patterns
Loading required package: RCurl
Loading required package: bitops
Loading required package: Rgraphviz
Loading required package: grid
Loading required package: XML
Attaching package: ‘XML’
The following object is masked from ‘package:graph’:
addNode
Loading required package: ggplot2
Loading required package: genalg
Attaching package: ‘CNORode’
The following object is masked from ‘package:stats’:
simulate
Loading required package: deSolve
fitting parameter ‘x’ without any variables
Warning in nls(˜nls_fobj(x), start = list(x = x0), trace = disp_iter, algorithm = "port", :
Convergence failure: iteration limit reached without convergence (10)
fitting parameter ‘x’ without any variables
Warning in nls(˜nls_fobj(x), start = list(x = x0), trace = disp_iter, algorithm = "port", :
Convergence failure: false convergence (8)
Error: processing vignette 'MEIGOR-vignette.Rnw' failed with diagnostics:
chunk 17 (label = ex3solve)
Error in hist.default(func, xlab = "Objective function value") :
invalid number of 'breaks'
Execution halted