| Back to Multiple platform build/check report for BioC 3.8 |
|
This page was generated on 2019-04-13 11:24:10 -0400 (Sat, 13 Apr 2019).
| Package 266/1649 | Hostname | OS / Arch | INSTALL | BUILD | CHECK | BUILD BIN | ||||||
| ClassifyR 2.2.6 Dario Strbenac
| malbec1 | Linux (Ubuntu 16.04.6 LTS) / x86_64 | OK | OK | OK | |||||||
| tokay1 | Windows Server 2012 R2 Standard / x64 | OK | OK | [ WARNINGS ] | OK | |||||||
| merida1 | OS X 10.11.6 El Capitan / x86_64 | OK | OK | OK | OK |
| Package: ClassifyR |
| Version: 2.2.6 |
| Command: C:\Users\biocbuild\bbs-3.8-bioc\R\bin\R.exe CMD check --force-multiarch --install=check:ClassifyR.install-out.txt --library=C:\Users\biocbuild\bbs-3.8-bioc\R\library --no-vignettes --timings ClassifyR_2.2.6.tar.gz |
| StartedAt: 2019-04-13 01:14:52 -0400 (Sat, 13 Apr 2019) |
| EndedAt: 2019-04-13 01:27:05 -0400 (Sat, 13 Apr 2019) |
| EllapsedTime: 733.8 seconds |
| RetCode: 0 |
| Status: WARNINGS |
| CheckDir: ClassifyR.Rcheck |
| Warnings: 1 |
##############################################################################
##############################################################################
###
### Running command:
###
### C:\Users\biocbuild\bbs-3.8-bioc\R\bin\R.exe CMD check --force-multiarch --install=check:ClassifyR.install-out.txt --library=C:\Users\biocbuild\bbs-3.8-bioc\R\library --no-vignettes --timings ClassifyR_2.2.6.tar.gz
###
##############################################################################
##############################################################################
* using log directory 'C:/Users/biocbuild/bbs-3.8-bioc/meat/ClassifyR.Rcheck'
* using R version 3.5.3 (2019-03-11)
* using platform: x86_64-w64-mingw32 (64-bit)
* using session charset: ISO8859-1
* using option '--no-vignettes'
* checking for file 'ClassifyR/DESCRIPTION' ... OK
* checking extension type ... Package
* this is package 'ClassifyR' version '2.2.6'
* checking package namespace information ... OK
* checking package dependencies ...Warning: unable to access index for repository https://CRAN.R-project.org/src/contrib:
cannot open URL 'https://CRAN.R-project.org/src/contrib/PACKAGES'
OK
* checking if this is a source package ... OK
* checking if there is a namespace ... OK
* checking for hidden files and directories ... OK
* checking for portable file names ... OK
* checking whether package 'ClassifyR' can be installed ... WARNING
Found the following significant warnings:
Rd warning: C:/Users/biocbuild/bbs-3.8-bioc/tmpdir/RtmpmcviCM/R.INSTALL245c48b74c88/ClassifyR/man/differentMeansSelection.Rd:40: file link 'rowttests' in package 'genefilter' does not exist and so has been treated as a topic
Rd warning: C:/Users/biocbuild/bbs-3.8-bioc/tmpdir/RtmpmcviCM/R.INSTALL245c48b74c88/ClassifyR/man/distribution.Rd:32: file link 'stat_density' in package 'ggplot2' does not exist and so has been treated as a topic
Rd warning: C:/Users/biocbuild/bbs-3.8-bioc/tmpdir/RtmpmcviCM/R.INSTALL245c48b74c88/ClassifyR/man/edgeRselection.Rd:45: file link 'edgeR' in package 'edgeR' does not exist and so has been treated as a topic
See 'C:/Users/biocbuild/bbs-3.8-bioc/meat/ClassifyR.Rcheck/00install.out' for details.
* checking installed package size ... OK
* checking package directory ... OK
* checking 'build' directory ... OK
* checking DESCRIPTION meta-information ... OK
* checking top-level files ... OK
* checking for left-over files ... OK
* checking index information ... OK
* checking package subdirectories ... OK
* checking R files for non-ASCII characters ... OK
* checking R files for syntax errors ... OK
* loading checks for arch 'i386'
** checking whether the package can be loaded ... OK
** checking whether the package can be loaded with stated dependencies ... OK
** checking whether the package can be unloaded cleanly ... OK
** checking whether the namespace can be loaded with stated dependencies ... OK
** checking whether the namespace can be unloaded cleanly ... OK
* loading checks for arch 'x64'
** checking whether the package can be loaded ... OK
** checking whether the package can be loaded with stated dependencies ... OK
** checking whether the package can be unloaded cleanly ... OK
** checking whether the namespace can be loaded with stated dependencies ... OK
** checking whether the namespace can be unloaded cleanly ... OK
* checking dependencies in R code ... OK
* checking S3 generic/method consistency ... OK
* checking replacement functions ... OK
* checking foreign function calls ... OK
* checking R code for possible problems ... NOTE
.posterior_probs : <anonymous>: no visible global function definition
for 'dmvnorm'
kTSPclassifier,DataFrame : <anonymous>: no visible global function
definition for 'Pairs'
plotFeatureClasses,DataFrame : <anonymous>: no visible binding for
global variable 'measurement'
plotFeatureClasses,DataFrame : <anonymous>: no visible binding for
global variable '..density..'
plotFeatureClasses,DataFrame : <anonymous>: no visible binding for
global variable 'legends grouping'
plotFeatureClasses,DataFrame : <anonymous>: no visible binding for
global variable 'key'
plotFeatureClasses,DataFrame : <anonymous>: no visible binding for
global variable 'value'
plotFeatureClasses,DataFrame : <anonymous>: no visible binding for
global variable 'ID'
rankingPlot,list : <anonymous> : <anonymous>: no visible global
function definition for 'first'
rankingPlot,list : <anonymous> : <anonymous>: no visible global
function definition for 'second'
rankingPlot,list : <anonymous> : <anonymous> : <anonymous>: no visible
global function definition for 'first'
rankingPlot,list : <anonymous> : <anonymous> : <anonymous>: no visible
global function definition for 'second'
runTest,DataFrame: no visible binding for global variable 'setsNodes'
runTests,DataFrame: no visible binding for global variable 'setsNodes'
samplesMetricMap,list: no visible binding for global variable 'Class'
samplesMetricMap,list: no visible binding for global variable 'Group'
samplesMetricMap,list: no visible binding for global variable
'measurements'
samplesMetricMap,list: no visible binding for global variable 'name'
samplesMetricMap,list: no visible binding for global variable 'type'
samplesMetricMap,list: no visible binding for global variable 'Metric'
samplesMetricMap,matrix: no visible binding for global variable 'Class'
samplesMetricMap,matrix: no visible binding for global variable 'Group'
samplesMetricMap,matrix: no visible binding for global variable
'measurements'
samplesMetricMap,matrix: no visible binding for global variable 'name'
samplesMetricMap,matrix: no visible binding for global variable 'type'
samplesMetricMap,matrix: no visible binding for global variable
'Metric'
selectionPlot,list : <anonymous> : <anonymous>: no visible global
function definition for 'first'
selectionPlot,list : <anonymous> : <anonymous>: no visible global
function definition for 'second'
selectionPlot,list : <anonymous> : <anonymous> : <anonymous>: no
visible global function definition for 'first'
selectionPlot,list : <anonymous> : <anonymous> : <anonymous>: no
visible global function definition for 'second'
selectionPlot,list: no visible binding for global variable 'Freq'
Undefined global functions or variables:
..density.. Class Freq Group ID Metric Pairs dmvnorm first key
legends grouping measurement measurements name second setsNodes type
value
Consider adding
importFrom("base", "grouping")
to your NAMESPACE file.
* checking Rd files ... OK
* checking Rd metadata ... OK
* checking Rd cross-references ... OK
* checking for missing documentation entries ... OK
* checking for code/documentation mismatches ... OK
* checking Rd \usage sections ... OK
* checking Rd contents ... OK
* checking for unstated dependencies in examples ... OK
* checking contents of 'data' directory ... OK
* checking data for non-ASCII characters ... OK
* checking data for ASCII and uncompressed saves ... OK
* checking files in 'vignettes' ... OK
* checking examples ...
** running examples for arch 'i386' ... OK
Examples with CPU or elapsed time > 5s
user system elapsed
likelihoodRatioSelection 6.84 0.30 7.14
edgeRselection 6.03 0.22 6.25
DMDselection 5.49 0.27 5.75
selectionPlot 1.93 0.00 8.81
rankingPlot 1.58 0.05 8.82
ClassifyResult-class 1.32 0.27 39.73
distribution 0.94 0.19 27.47
runTests 0.52 0.16 27.35
elasticNetFeatures 0.17 0.03 17.90
elasticNetGLMinterface 0.08 0.01 20.97
previousTrained 0.08 0.00 20.45
previousSelection 0.05 0.00 18.61
** running examples for arch 'x64' ... OK
Examples with CPU or elapsed time > 5s
user system elapsed
likelihoodRatioSelection 7.53 0.00 7.54
DMDselection 6.35 0.11 6.45
edgeRselection 5.46 0.09 5.57
ClassifyResult-class 2.33 0.16 45.32
selectionPlot 2.25 0.01 11.50
rankingPlot 1.76 0.03 10.46
distribution 0.75 0.14 28.04
runTests 0.43 0.19 34.37
elasticNetGLMinterface 0.14 0.02 22.03
elasticNetFeatures 0.10 0.05 26.65
previousTrained 0.10 0.00 24.09
previousSelection 0.04 0.02 24.11
* checking for unstated dependencies in vignettes ... OK
* checking package vignettes in 'inst/doc' ... OK
* checking running R code from vignettes ... SKIPPED
* checking re-building of vignette outputs ... SKIPPED
* checking PDF version of manual ... OK
* DONE
Status: 1 WARNING, 1 NOTE
See
'C:/Users/biocbuild/bbs-3.8-bioc/meat/ClassifyR.Rcheck/00check.log'
for details.
ClassifyR.Rcheck/00install.out
##############################################################################
##############################################################################
###
### Running command:
###
### C:\cygwin\bin\curl.exe -O https://malbec1.bioconductor.org/BBS/3.8/bioc/src/contrib/ClassifyR_2.2.6.tar.gz && rm -rf ClassifyR.buildbin-libdir && mkdir ClassifyR.buildbin-libdir && C:\Users\biocbuild\bbs-3.8-bioc\R\bin\R.exe CMD INSTALL --merge-multiarch --build --library=ClassifyR.buildbin-libdir ClassifyR_2.2.6.tar.gz && C:\Users\biocbuild\bbs-3.8-bioc\R\bin\R.exe CMD INSTALL ClassifyR_2.2.6.zip && rm ClassifyR_2.2.6.tar.gz ClassifyR_2.2.6.zip
###
##############################################################################
##############################################################################
% Total % Received % Xferd Average Speed Time Time Time Current
Dload Upload Total Spent Left Speed
0 0 0 0 0 0 0 0 --:--:-- --:--:-- --:--:-- 0
100 996k 100 996k 0 0 13.9M 0 --:--:-- --:--:-- --:--:-- 14.7M
install for i386
* installing *source* package 'ClassifyR' ...
** R
** data
** inst
** byte-compile and prepare package for lazy loading
** help
*** installing help indices
converting help for package 'ClassifyR'
finding HTML links ... done
ClassifyResult-class html
finding level-2 HTML links ... done
DLDAinterface html
DMDselection html
FeatureSetCollection-class html
FeatureSetCollectionOrNULL-class html
KolmogorovSmirnovSelection html
KullbackLeiblerSelection html
NSCpredictInterface html
NSCselectionInterface html
NSCtrainInterface html
PredictParams-class html
ROCplot html
ResubstituteParams-class html
SVMinterface html
SelectParams-class html
SelectResult-class html
TrainParams-class html
TransformParams-class html
asthmaDataset html
bartlettSelection html
calcPerformance html
characterOrDataFrame-class html
classifyInterface html
differentMeansSelection html
Rd warning: C:/Users/biocbuild/bbs-3.8-bioc/tmpdir/RtmpmcviCM/R.INSTALL245c48b74c88/ClassifyR/man/differentMeansSelection.Rd:40: file link 'rowttests' in package 'genefilter' does not exist and so has been treated as a topic
distribution html
Rd warning: C:/Users/biocbuild/bbs-3.8-bioc/tmpdir/RtmpmcviCM/R.INSTALL245c48b74c88/ClassifyR/man/distribution.Rd:32: file link 'stat_density' in package 'ggplot2' does not exist and so has been treated as a topic
dlda-class html
edgeRselection html
Rd warning: C:/Users/biocbuild/bbs-3.8-bioc/tmpdir/RtmpmcviCM/R.INSTALL245c48b74c88/ClassifyR/man/edgeRselection.Rd:45: file link 'edgeR' in package 'edgeR' does not exist and so has been treated as a topic
edgesToHubNetworks html
elasticNetFeatures html
elasticNetGLMinterface html
featureSetSummary html
fisherDiscriminant html
forestFeatures html
functionOrList-class html
functionOrNULL-class html
getLocationsAndScales html
integerOrNumeric-class html
interactorDifferences html
kTSPclassifier html
knnInterface html
leveneSelection html
likelihoodRatioSelection html
limmaSelection html
mixmodels html
multnet-class html
naiveBayesKernel html
networkCorrelationsSelection html
pairsDifferencesSelection html
pamrtrained-class html
performancePlot html
plotFeatureClasses html
previousSelection html
previousTrained html
randomForest-class html
randomForestInterface html
rankingPlot html
runTest html
runTests html
samplesMetricMap html
selectionPlot html
subtractFromLocation html
svm-class html
** building package indices
** installing vignettes
** testing if installed package can be loaded
In R CMD INSTALL
install for x64
* installing *source* package 'ClassifyR' ...
** testing if installed package can be loaded
* MD5 sums
packaged installation of 'ClassifyR' as ClassifyR_2.2.6.zip
* DONE (ClassifyR)
In R CMD INSTALL
In R CMD INSTALL
* installing to library 'C:/Users/biocbuild/bbs-3.8-bioc/R/library'
package 'ClassifyR' successfully unpacked and MD5 sums checked
In R CMD INSTALL
|
ClassifyR.Rcheck/examples_i386/ClassifyR-Ex.timings
|
ClassifyR.Rcheck/examples_x64/ClassifyR-Ex.timings
|