| Back to Multiple platform build/check report for BioC 3.8 |
|
This page was generated on 2019-04-13 11:28:45 -0400 (Sat, 13 Apr 2019).
| Package 353/1649 | Hostname | OS / Arch | INSTALL | BUILD | CHECK | BUILD BIN | ||||||
| CTDquerier 1.2.0 Carles Hernandez-Ferrer
| malbec1 | Linux (Ubuntu 16.04.6 LTS) / x86_64 | OK | OK | TIMEOUT | |||||||
| tokay1 | Windows Server 2012 R2 Standard / x64 | OK | [ ERROR ] | skipped | skipped | |||||||
| merida1 | OS X 10.11.6 El Capitan / x86_64 | OK | OK | TIMEOUT | OK |
| Package: CTDquerier |
| Version: 1.2.0 |
| Command: chmod a+r CTDquerier -R && C:\Users\biocbuild\bbs-3.8-bioc\R\bin\R.exe CMD build --keep-empty-dirs --no-resave-data CTDquerier |
| StartedAt: 2019-04-12 23:40:03 -0400 (Fri, 12 Apr 2019) |
| EndedAt: 2019-04-12 23:49:17 -0400 (Fri, 12 Apr 2019) |
| EllapsedTime: 554.1 seconds |
| RetCode: 1 |
| Status: ERROR |
| PackageFile: None |
| PackageFileSize: NA |
############################################################################## ############################################################################## ### ### Running command: ### ### chmod a+r CTDquerier -R && C:\Users\biocbuild\bbs-3.8-bioc\R\bin\R.exe CMD build --keep-empty-dirs --no-resave-data CTDquerier ### ############################################################################## ############################################################################## * checking for file 'CTDquerier/DESCRIPTION' ... OK * preparing 'CTDquerier': * checking DESCRIPTION meta-information ... OK * installing the package to build vignettes * creating vignettes ... ERROR Quitting from lines 112-115 (batch_query.Rmd) Error: processing vignette 'batch_query.Rmd' failed with diagnostics: subscript contains invalid names Execution halted