| Back to Multiple platform build/check report for BioC 3.7 experimental data |
This page was generated on 2018-10-16 14:18:02 -0400 (Tue, 16 Oct 2018).
| Package 332/342 | Hostname | OS / Arch | INSTALL | BUILD | CHECK | BUILD BIN | ||||||
| waveTilingData 1.16.0 Kristof De Beuf
| malbec2 | Linux (Ubuntu 16.04.1 LTS) / x86_64 | OK | OK | [ WARNINGS ] |
| Package: waveTilingData |
| Version: 1.16.0 |
| Command: /home/biocbuild/bbs-3.7-bioc/R/bin/R CMD check --install=check:waveTilingData.install-out.txt --library=/home/biocbuild/bbs-3.7-bioc/R/library --no-vignettes --timings waveTilingData_1.16.0.tar.gz |
| StartedAt: 2018-10-16 11:32:59 -0400 (Tue, 16 Oct 2018) |
| EndedAt: 2018-10-16 11:34:58 -0400 (Tue, 16 Oct 2018) |
| EllapsedTime: 119.0 seconds |
| RetCode: 0 |
| Status: WARNINGS |
| CheckDir: waveTilingData.Rcheck |
| Warnings: 1 |
##############################################################################
##############################################################################
###
### Running command:
###
### /home/biocbuild/bbs-3.7-bioc/R/bin/R CMD check --install=check:waveTilingData.install-out.txt --library=/home/biocbuild/bbs-3.7-bioc/R/library --no-vignettes --timings waveTilingData_1.16.0.tar.gz
###
##############################################################################
##############################################################################
* using log directory ‘/home/biocbuild/bbs-3.7-data-experiment/meat/waveTilingData.Rcheck’
* using R version 3.5.1 Patched (2018-07-12 r74967)
* using platform: x86_64-pc-linux-gnu (64-bit)
* using session charset: UTF-8
* using option ‘--no-vignettes’
* checking for file ‘waveTilingData/DESCRIPTION’ ... OK
* this is package ‘waveTilingData’ version ‘1.16.0’
* checking package namespace information ... OK
* checking package dependencies ... OK
* checking if this is a source package ... OK
* checking if there is a namespace ... OK
* checking for hidden files and directories ... OK
* checking for portable file names ... OK
* checking for sufficient/correct file permissions ... OK
* checking whether package ‘waveTilingData’ can be installed ... OK
* checking installed package size ... NOTE
installed size is 240.9Mb
sub-directories of 1Mb or more:
data 240.8Mb
* checking package directory ... OK
* checking DESCRIPTION meta-information ... NOTE
Malformed Description field: should contain one or more complete sentences.
* checking top-level files ... OK
* checking for left-over files ... OK
* checking index information ... OK
* checking package subdirectories ... OK
* checking whether the package can be loaded ... OK
* checking whether the package can be loaded with stated dependencies ... OK
* checking whether the package can be unloaded cleanly ... OK
* checking whether the namespace can be loaded with stated dependencies ... OK
* checking whether the namespace can be unloaded cleanly ... OK
* checking Rd files ... OK
* checking Rd metadata ... OK
* checking Rd cross-references ... OK
* checking for missing documentation entries ... OK
* checking for code/documentation mismatches ... OK
* checking Rd \usage sections ... OK
* checking Rd contents ... OK
* checking for unstated dependencies in examples ... OK
* checking contents of ‘data’ directory ... OK
* checking data for non-ASCII characters ... OK
* checking data for ASCII and uncompressed saves ... OK
* checking examples ... WARNING
Found the following significant warnings:
Warning: working directory was changed to ‘/home/biocbuild/bbs-3.7-bioc/R/library/waveTilingData/data’, resetting
Examples with CPU or elapsed time > 5s
user system elapsed
leafdev 20.812 0.548 21.439
leafdevBQ 14.968 0.492 15.522
leafdevMapAndFilterTAIR9 6.440 0.096 6.801
* checking PDF version of manual ... OK
* DONE
Status: 1 WARNING, 2 NOTEs
See
‘/home/biocbuild/bbs-3.7-data-experiment/meat/waveTilingData.Rcheck/00check.log’
for details.
waveTilingData.Rcheck/00install.out
############################################################################## ############################################################################## ### ### Running command: ### ### /home/biocbuild/bbs-3.7-bioc/R/bin/R CMD INSTALL waveTilingData ### ############################################################################## ############################################################################## * installing to library ‘/home/biocbuild/bbs-3.7-bioc/R/library’ * installing *source* package ‘waveTilingData’ ... ** data ** help *** installing help indices ** building package indices ** testing if installed package can be loaded * DONE (waveTilingData)
waveTilingData.Rcheck/waveTilingData-Ex.timings
| name | user | system | elapsed | |
| leafdev | 20.812 | 0.548 | 21.439 | |
| leafdevBQ | 14.968 | 0.492 | 15.522 | |
| leafdevFit | 0.660 | 0.020 | 0.749 | |
| leafdevInfCompare | 0.692 | 0.020 | 2.284 | |
| leafdevMapAndFilterTAIR9 | 6.440 | 0.096 | 6.801 | |