CHECK report for meshr on tokay2
This page was generated on 2018-10-17 08:38:34 -0400 (Wed, 17 Oct 2018).
| meshr 1.16.0 Koki Tsuyuzaki
 
 
| Snapshot Date: 2018-10-15 16:45:08 -0400 (Mon, 15 Oct 2018) |  | URL: https://git.bioconductor.org/packages/meshr |  | Branch: RELEASE_3_7 |  | Last Commit: b378a12 |  | Last Changed Date: 2018-04-30 10:35:33 -0400 (Mon, 30 Apr 2018) |  | malbec2 | Linux (Ubuntu 16.04.1 LTS) / x86_64 | OK | OK | OK |  |  | 
| tokay2 | Windows Server 2012 R2 Standard / x64 | OK | OK | [ ERROR ] | OK |  | 
| merida2 | OS X 10.11.6 El Capitan / x86_64 | OK | OK | OK | OK |  | 
Summary
Command output
##############################################################################
##############################################################################
###
### Running command:
###
###   C:\Users\biocbuild\bbs-3.7-bioc\R\bin\R.exe CMD check --force-multiarch --install=check:meshr.install-out.txt --library=C:\Users\biocbuild\bbs-3.7-bioc\R\library --no-vignettes --timings meshr_1.16.0.tar.gz
###
##############################################################################
##############################################################################
* using log directory 'C:/Users/biocbuild/bbs-3.7-bioc/meat/meshr.Rcheck'
* using R version 3.5.1 Patched (2018-07-24 r75005)
* using platform: x86_64-w64-mingw32 (64-bit)
* using session charset: ISO8859-1
* using option '--no-vignettes'
* checking for file 'meshr/DESCRIPTION' ... OK
* this is package 'meshr' version '1.16.0'
* checking package namespace information ... OK
* checking package dependencies ... NOTE
Depends: includes the non-default packages:
  'fdrtool' 'Category' 'BiocGenerics' 'cummeRbund' 'org.Hs.eg.db'
  'MeSH.db' 'MeSH.AOR.db' 'MeSH.PCR.db' 'MeSHDbi' 'MeSH.Hsa.eg.db'
  'MeSH.Aca.eg.db' 'MeSH.Bsu.168.eg.db' 'MeSH.Syn.eg.db' 'S4Vectors'
Adding so many packages to the search path is excessive and importing
selectively is preferable.
* checking if this is a source package ... OK
* checking if there is a namespace ... OK
* checking for hidden files and directories ... OK
* checking for portable file names ... OK
* checking whether package 'meshr' can be installed ... OK
* checking installed package size ... NOTE
  installed size is  5.1Mb
  sub-directories of 1Mb or more:
    data   4.5Mb
* checking package directory ... OK
* checking 'build' directory ... OK
* checking DESCRIPTION meta-information ... NOTE
Malformed Description field: should contain one or more complete sentences.
* checking top-level files ... OK
* checking for left-over files ... OK
* checking index information ... OK
* checking package subdirectories ... OK
* checking R files for non-ASCII characters ... OK
* checking R files for syntax errors ... OK
* loading checks for arch 'i386'
** checking whether the package can be loaded ... OK
** checking whether the package can be loaded with stated dependencies ... OK
** checking whether the package can be unloaded cleanly ... OK
** checking whether the namespace can be loaded with stated dependencies ... OK
** checking whether the namespace can be unloaded cleanly ... OK
* loading checks for arch 'x64'
** checking whether the package can be loaded ... OK
** checking whether the package can be loaded with stated dependencies ... OK
** checking whether the package can be unloaded cleanly ... OK
** checking whether the namespace can be loaded with stated dependencies ... OK
** checking whether the namespace can be unloaded cleanly ... OK
* checking dependencies in R code ... NOTE
Unexported object imported by a ':::' call: 'Category:::.doHyperGInternal'
  See the note in ?`:::` about the use of this operator.
* checking S3 generic/method consistency ... OK
* checking replacement functions ... OK
* checking foreign function calls ... OK
* checking R code for possible problems ... NOTE
.meshHyperGTestInternal: warning in switch(p@category, A = {: partial
  argument match of 'E' to 'EXPR'
.meshHyperGTestInternal: warning in mesh.full.cat <- "Anatomy": partial
  argument match of 'E' to 'EXPR'
.meshHyperGTestInternal: warning in }, B = {: partial argument match of
  'E' to 'EXPR'
.meshHyperGTestInternal: warning in mesh.full.cat <- "Organisms":
  partial argument match of 'E' to 'EXPR'
.meshHyperGTestInternal: warning in }, C = {: partial argument match of
  'E' to 'EXPR'
.meshHyperGTestInternal: warning in mesh.full.cat <- "Diseases":
  partial argument match of 'E' to 'EXPR'
.meshHyperGTestInternal: warning in }, D = {: partial argument match of
  'E' to 'EXPR'
.meshHyperGTestInternal: warning in mesh.full.cat <- "Chemicals and
  Drugs": partial argument match of 'E' to 'EXPR'
.meshHyperGTestInternal: warning in }, E = {: partial argument match of
  'E' to 'EXPR'
.meshHyperGTestInternal: warning in mesh.full.cat <- "Analytical,
  Diagnostic and Therapeutic Techniques and Equipment": partial
  argument match of 'E' to 'EXPR'
.meshHyperGTestInternal: warning in }, F = {: partial argument match of
  'E' to 'EXPR'
.meshHyperGTestInternal: warning in mesh.full.cat <- "Psychiatry and
  Psychology": partial argument match of 'E' to 'EXPR'
.meshHyperGTestInternal: warning in }, G = {: partial argument match of
  'E' to 'EXPR'
.meshHyperGTestInternal: warning in mesh.full.cat <- "Phenomena and
  Processes": partial argument match of 'E' to 'EXPR'
.meshHyperGTestInternal: warning in }, H = {: partial argument match of
  'E' to 'EXPR'
.meshHyperGTestInternal: warning in mesh.full.cat <- "Disciplines and
  Occupations": partial argument match of 'E' to 'EXPR'
.meshHyperGTestInternal: warning in }, I = {: partial argument match of
  'E' to 'EXPR'
.meshHyperGTestInternal: warning in mesh.full.cat <- "Anthropology,
  Education, Sociology and Social Phenomena": partial argument match of
  'E' to 'EXPR'
.meshHyperGTestInternal: warning in }, J = {: partial argument match of
  'E' to 'EXPR'
.meshHyperGTestInternal: warning in mesh.full.cat <- "Technology and
  Food and Beverages": partial argument match of 'E' to 'EXPR'
.meshHyperGTestInternal: warning in }, K = {: partial argument match of
  'E' to 'EXPR'
.meshHyperGTestInternal: warning in mesh.full.cat <- "Humanities":
  partial argument match of 'E' to 'EXPR'
.meshHyperGTestInternal: warning in }, L = {: partial argument match of
  'E' to 'EXPR'
.meshHyperGTestInternal: warning in mesh.full.cat <- "Information
  Science": partial argument match of 'E' to 'EXPR'
.meshHyperGTestInternal: warning in }, M = {: partial argument match of
  'E' to 'EXPR'
.meshHyperGTestInternal: warning in mesh.full.cat <- "Persons": partial
  argument match of 'E' to 'EXPR'
.meshHyperGTestInternal: warning in }, N = {: partial argument match of
  'E' to 'EXPR'
.meshHyperGTestInternal: warning in mesh.full.cat <- "Health Care":
  partial argument match of 'E' to 'EXPR'
.meshHyperGTestInternal: warning in }, V = {: partial argument match of
  'E' to 'EXPR'
.meshHyperGTestInternal: warning in mesh.full.cat <- "Publication
  Type": partial argument match of 'E' to 'EXPR'
.meshHyperGTestInternal: warning in }, Z = {: partial argument match of
  'E' to 'EXPR'
.meshHyperGTestInternal: warning in mesh.full.cat <- "Geographical
  Locations": partial argument match of 'E' to 'EXPR'
.meshHyperGTestInternal: warning in }): partial argument match of 'E'
  to 'EXPR'
.convert_PMID_PMCID: no visible global function definition for 'data'
.convert_PMID_PMCID: no visible binding for global variable 'PMCID'
.download_PMCPDF : <anonymous>: no visible global function definition
  for 'download.file'
.meshHyperGTestInternal: no visible global function definition for
  'p.adjust'
.sapply_pb: no visible global function definition for 'txtProgressBar'
.sapply_pb : wrapper: no visible global function definition for
  'setTxtProgressBar'
save.pdf,MeSHHyperGResult: no visible global function definition for
  'download.file'
save.pdf,MeSHHyperGResult: no visible global function definition for
  'read.delim'
save.pdf,MeSHHyperGResult : <anonymous>: no visible binding for global
  variable 'PMCID'
Undefined global functions or variables:
  PMCID data download.file p.adjust read.delim setTxtProgressBar
  txtProgressBar
Consider adding
  importFrom("stats", "p.adjust")
  importFrom("utils", "data", "download.file", "read.delim",
             "setTxtProgressBar", "txtProgressBar")
to your NAMESPACE file.
* checking Rd files ... OK
* checking Rd metadata ... OK
* checking Rd cross-references ... OK
* checking for missing documentation entries ... OK
* checking for code/documentation mismatches ... OK
* checking Rd \usage sections ... OK
* checking Rd contents ... OK
* checking for unstated dependencies in examples ... OK
* checking contents of 'data' directory ... OK
* checking data for non-ASCII characters ... OK
* checking data for ASCII and uncompressed saves ... OK
* checking files in 'vignettes' ... OK
* checking examples ...
** running examples for arch 'i386' ... ERROR
Running examples in 'meshr-Ex.R' failed
The error most likely occurred in:
> base::assign(".ptime", proc.time(), pos = "CheckExEnv")
> ### Name: meshHyperGTest
> ### Title: Hypergeometric Tests for MeSH term association
> ### Aliases: meshHyperGTest meshHyperGTest,MeSHHyperGParams-method
> ### Keywords: models
> 
> ### ** Examples
> 
> data(geneid.cummeRbund)
> data(sig.geneid.cummeRbund)
> 
> meshParams <- new("MeSHHyperGParams", geneIds=sig.geneid.cummeRbund[,2], universeGeneIds=geneid.cummeRbund[,2], annotation="MeSH.Hsa.eg.db", category="Z", database="gene2pubmed", pvalueCutoff=0.05, pAdjust="none")
> 
> meshR <- meshHyperGTest(meshParams)
Error: memory exhausted (limit reached?)
Execution halted
** running examples for arch 'x64' ... OK
Examples with CPU or elapsed time > 5s
                 user system elapsed
meshHyperGTest 164.08  14.01  178.59
* checking for unstated dependencies in vignettes ... OK
* checking package vignettes in 'inst/doc' ... OK
* checking running R code from vignettes ... SKIPPED
* checking re-building of vignette outputs ... SKIPPED
* checking PDF version of manual ... OK
* DONE
Status: 1 ERROR, 5 NOTEs
See
  'C:/Users/biocbuild/bbs-3.7-bioc/meat/meshr.Rcheck/00check.log'
for details.
 
Installation output
meshr.Rcheck/00install.out
Tests output
Example timings
| meshr.Rcheck/examples_i386/meshr-Ex.timings | meshr.Rcheck/examples_x64/meshr-Ex.timings |