| Back to Multiple platform build/check report for BioC 3.7 |
|
This page was generated on 2018-10-17 08:27:10 -0400 (Wed, 17 Oct 2018).
| Package 338/1561 | Hostname | OS / Arch | INSTALL | BUILD | CHECK | BUILD BIN | ||||||
| cytofkit 1.12.0 Jinmiao Chen
| malbec2 | Linux (Ubuntu 16.04.1 LTS) / x86_64 | OK | [ ERROR ] | skipped | |||||||
| tokay2 | Windows Server 2012 R2 Standard / x64 | OK | ERROR | skipped | skipped | |||||||
| merida2 | OS X 10.11.6 El Capitan / x86_64 | OK | ERROR | skipped | skipped |
| Package: cytofkit |
| Version: 1.12.0 |
| Command: /home/biocbuild/bbs-3.7-bioc/R/bin/R CMD build --keep-empty-dirs --no-resave-data cytofkit |
| StartedAt: 2018-10-15 20:23:53 -0400 (Mon, 15 Oct 2018) |
| EndedAt: 2018-10-15 20:24:48 -0400 (Mon, 15 Oct 2018) |
| EllapsedTime: 55.8 seconds |
| RetCode: 1 |
| Status: ERROR |
| PackageFile: None |
| PackageFileSize: NA |
############################################################################## ############################################################################## ### ### Running command: ### ### /home/biocbuild/bbs-3.7-bioc/R/bin/R CMD build --keep-empty-dirs --no-resave-data cytofkit ### ############################################################################## ############################################################################## * checking for file ‘cytofkit/DESCRIPTION’ ... OK * preparing ‘cytofkit’: * checking DESCRIPTION meta-information ... OK * cleaning src * installing the package to build vignettes * creating vignettes ... ERROR Loading required package: ggplot2 Loading required package: plyr Run Rphenograph starts: -Input data of 100 rows and 52 columns -k is set to 30 Run Rphenograph DONE, took a total of 0.0570000000000004s. Quitting from lines 206-227 (cytofkit_example.Rmd) Error: processing vignette 'cytofkit_example.Rmd' failed with diagnostics: Discrete value supplied to continuous scale Execution halted