| Back to Multiple platform build/check report for BioC 3.7 |
|
This page was generated on 2018-10-17 08:29:10 -0400 (Wed, 17 Oct 2018).
| Package 261/1561 | Hostname | OS / Arch | INSTALL | BUILD | CHECK | BUILD BIN | ||||||
| clusterExperiment 2.0.2 Elizabeth Purdom
| malbec2 | Linux (Ubuntu 16.04.1 LTS) / x86_64 | OK | OK | [ WARNINGS ] | |||||||
| tokay2 | Windows Server 2012 R2 Standard / x64 | OK | OK | WARNINGS | OK | |||||||
| merida2 | OS X 10.11.6 El Capitan / x86_64 | OK | OK | WARNINGS | OK |
| Package: clusterExperiment |
| Version: 2.0.2 |
| Command: /home/biocbuild/bbs-3.7-bioc/R/bin/R CMD check --install=check:clusterExperiment.install-out.txt --library=/home/biocbuild/bbs-3.7-bioc/R/library --no-vignettes --timings clusterExperiment_2.0.2.tar.gz |
| StartedAt: 2018-10-15 23:19:21 -0400 (Mon, 15 Oct 2018) |
| EndedAt: 2018-10-15 23:28:18 -0400 (Mon, 15 Oct 2018) |
| EllapsedTime: 536.7 seconds |
| RetCode: 0 |
| Status: WARNINGS |
| CheckDir: clusterExperiment.Rcheck |
| Warnings: 2 |
##############################################################################
##############################################################################
###
### Running command:
###
### /home/biocbuild/bbs-3.7-bioc/R/bin/R CMD check --install=check:clusterExperiment.install-out.txt --library=/home/biocbuild/bbs-3.7-bioc/R/library --no-vignettes --timings clusterExperiment_2.0.2.tar.gz
###
##############################################################################
##############################################################################
* using log directory ‘/home/biocbuild/bbs-3.7-bioc/meat/clusterExperiment.Rcheck’
* using R version 3.5.1 Patched (2018-07-12 r74967)
* using platform: x86_64-pc-linux-gnu (64-bit)
* using session charset: UTF-8
* using option ‘--no-vignettes’
* checking for file ‘clusterExperiment/DESCRIPTION’ ... OK
* this is package ‘clusterExperiment’ version ‘2.0.2’
* checking package namespace information ... OK
* checking package dependencies ... OK
* checking if this is a source package ... OK
* checking if there is a namespace ... OK
* checking for hidden files and directories ... OK
* checking for portable file names ... OK
* checking for sufficient/correct file permissions ... OK
* checking whether package ‘clusterExperiment’ can be installed ... WARNING
Found the following significant warnings:
Warning: subclass "DelayedArray1" of class "DelayedArray" is not local and cannot be updated for new inheritance information; consider setClassUnion()
See ‘/home/biocbuild/bbs-3.7-bioc/meat/clusterExperiment.Rcheck/00install.out’ for details.
* checking installed package size ... OK
* checking package directory ... OK
* checking ‘build’ directory ... OK
* checking DESCRIPTION meta-information ... OK
* checking top-level files ... OK
* checking for left-over files ... OK
* checking index information ... OK
* checking package subdirectories ... OK
* checking R files for non-ASCII characters ... OK
* checking R files for syntax errors ... OK
* checking whether the package can be loaded ... OK
* checking whether the package can be loaded with stated dependencies ... OK
* checking whether the package can be unloaded cleanly ... OK
* checking whether the namespace can be loaded with stated dependencies ... OK
* checking whether the namespace can be unloaded cleanly ... OK
* checking dependencies in R code ... NOTE
':::' call which should be '::': ‘ape:::reorder.phylo’
See the note in ?`:::` about the use of this operator.
* checking S3 generic/method consistency ... OK
* checking replacement functions ... OK
* checking foreign function calls ... NOTE
Foreign function calls to a different package:
.C(ape::node_depth, ...)
.C(ape::node_depth_edgelength, ...)
.C(ape::node_height, ...)
.C(ape::node_height_clado, ...)
See chapter ‘System and foreign language interfaces’ in the ‘Writing R
Extensions’ manual.
* checking R code for possible problems ... OK
* checking Rd files ... OK
* checking Rd metadata ... OK
* checking Rd cross-references ... OK
* checking for missing documentation entries ... OK
* checking for code/documentation mismatches ... WARNING
Codoc mismatches from documentation object 'reduceFunctions':
\S4method{makeFilterStats}{SummarizedExperiment}
Code: function(object, filterStats = listBuiltInFilterStats(),
transFun = NULL, isCount = FALSE, filterNames = NULL)
Docs: function(object, filterStats = listBuiltInFilterStats(),
transFun = NULL, isCount = FALSE)
Argument names in code not in docs:
filterNames
* checking Rd \usage sections ... OK
* checking Rd contents ... OK
* checking for unstated dependencies in examples ... OK
* checking contents of ‘data’ directory ... OK
* checking data for non-ASCII characters ... OK
* checking data for ASCII and uncompressed saves ... OK
* checking line endings in C/C++/Fortran sources/headers ... OK
* checking line endings in Makefiles ... OK
* checking compilation flags in Makevars ... OK
* checking for GNU extensions in Makefiles ... OK
* checking for portable use of $(BLAS_LIBS) and $(LAPACK_LIBS) ... OK
* checking compiled code ... NOTE
Note: information on .o files is not available
* checking files in ‘vignettes’ ... OK
* checking examples ... OK
Examples with CPU or elapsed time > 5s
user system elapsed
plotHeatmap 17.108 0.036 17.165
plotBarplot 5.456 0.000 5.460
plotClusters 5.412 0.024 5.443
clusterMany 5.008 0.056 5.071
* checking for unstated dependencies in ‘tests’ ... OK
* checking tests ...
Running ‘testthat.R’
OK
* checking for unstated dependencies in vignettes ... OK
* checking package vignettes in ‘inst/doc’ ... OK
* checking running R code from vignettes ... SKIPPED
* checking re-building of vignette outputs ... SKIPPED
* checking PDF version of manual ... OK
* DONE
Status: 2 WARNINGs, 3 NOTEs
See
‘/home/biocbuild/bbs-3.7-bioc/meat/clusterExperiment.Rcheck/00check.log’
for details.
clusterExperiment.Rcheck/00install.out
############################################################################## ############################################################################## ### ### Running command: ### ### /home/biocbuild/bbs-3.7-bioc/R/bin/R CMD INSTALL clusterExperiment ### ############################################################################## ############################################################################## * installing to library ‘/home/biocbuild/bbs-3.7-bioc/R/library’ * installing *source* package ‘clusterExperiment’ ... ** libs g++ -std=gnu++11 -I"/home/biocbuild/bbs-3.7-bioc/R/include" -DNDEBUG -I"/home/biocbuild/bbs-3.7-bioc/R/library/Rcpp/include" -I/usr/local/include -fpic -g -O2 -c RcppExports.cpp -o RcppExports.o g++ -std=gnu++11 -I"/home/biocbuild/bbs-3.7-bioc/R/include" -DNDEBUG -I"/home/biocbuild/bbs-3.7-bioc/R/library/Rcpp/include" -I/usr/local/include -fpic -g -O2 -c search_pairs.cpp -o search_pairs.o g++ -std=gnu++11 -I"/home/biocbuild/bbs-3.7-bioc/R/include" -DNDEBUG -I"/home/biocbuild/bbs-3.7-bioc/R/library/Rcpp/include" -I/usr/local/include -fpic -g -O2 -c subsampleLoop.cpp -o subsampleLoop.o g++ -std=gnu++11 -shared -L/home/biocbuild/bbs-3.7-bioc/R/lib -L/usr/local/lib -o clusterExperiment.so RcppExports.o search_pairs.o subsampleLoop.o -L/home/biocbuild/bbs-3.7-bioc/R/lib -lRlapack -L/home/biocbuild/bbs-3.7-bioc/R/lib -lRblas -lgfortran -lm -lquadmath -L/home/biocbuild/bbs-3.7-bioc/R/lib -lR installing to /home/biocbuild/bbs-3.7-bioc/R/library/clusterExperiment/libs ** R ** data ** byte-compile and prepare package for lazy loading Warning: subclass "DelayedArray1" of class "DelayedArray" is not local and cannot be updated for new inheritance information; consider setClassUnion() Warning: subclass "DelayedArray1" of class "DelayedArray" is not local and cannot be updated for new inheritance information; consider setClassUnion() Found more than one class "Annotated" in cache; using the first, from namespace 'S4Vectors' Also defined by ‘RNeXML’ Found more than one class "Annotated" in cache; using the first, from namespace 'S4Vectors' Also defined by ‘RNeXML’ Found more than one class "Annotated" in cache; using the first, from namespace 'S4Vectors' Also defined by ‘RNeXML’ Found more than one class "Annotated" in cache; using the first, from namespace 'S4Vectors' Also defined by ‘RNeXML’ Found more than one class "Annotated" in cache; using the first, from namespace 'S4Vectors' Also defined by ‘RNeXML’ ** help *** installing help indices ** building package indices ** installing vignettes ** testing if installed package can be loaded * DONE (clusterExperiment)
clusterExperiment.Rcheck/tests/testthat.Rout
R version 3.5.1 Patched (2018-07-12 r74967) -- "Feather Spray"
Copyright (C) 2018 The R Foundation for Statistical Computing
Platform: x86_64-pc-linux-gnu (64-bit)
R is free software and comes with ABSOLUTELY NO WARRANTY.
You are welcome to redistribute it under certain conditions.
Type 'license()' or 'licence()' for distribution details.
R is a collaborative project with many contributors.
Type 'contributors()' for more information and
'citation()' on how to cite R or R packages in publications.
Type 'demo()' for some demos, 'help()' for on-line help, or
'help.start()' for an HTML browser interface to help.
Type 'q()' to quit R.
> library(testthat)
> library(clusterExperiment)
Loading required package: SingleCellExperiment
Loading required package: SummarizedExperiment
Loading required package: GenomicRanges
Loading required package: stats4
Loading required package: BiocGenerics
Loading required package: parallel
Attaching package: 'BiocGenerics'
The following objects are masked from 'package:parallel':
clusterApply, clusterApplyLB, clusterCall, clusterEvalQ,
clusterExport, clusterMap, parApply, parCapply, parLapply,
parLapplyLB, parRapply, parSapply, parSapplyLB
The following objects are masked from 'package:stats':
IQR, mad, sd, var, xtabs
The following objects are masked from 'package:base':
Filter, Find, Map, Position, Reduce, anyDuplicated, append,
as.data.frame, basename, cbind, colMeans, colSums, colnames,
dirname, do.call, duplicated, eval, evalq, get, grep, grepl,
intersect, is.unsorted, lapply, lengths, mapply, match, mget,
order, paste, pmax, pmax.int, pmin, pmin.int, rank, rbind,
rowMeans, rowSums, rownames, sapply, setdiff, sort, table, tapply,
union, unique, unsplit, which, which.max, which.min
Loading required package: S4Vectors
Attaching package: 'S4Vectors'
The following object is masked from 'package:base':
expand.grid
Loading required package: IRanges
Loading required package: GenomeInfoDb
Loading required package: Biobase
Welcome to Bioconductor
Vignettes contain introductory material; view with
'browseVignettes()'. To cite Bioconductor, see
'citation("Biobase")', and for packages 'citation("pkgname")'.
Loading required package: DelayedArray
Loading required package: matrixStats
Attaching package: 'matrixStats'
The following objects are masked from 'package:Biobase':
anyMissing, rowMedians
Loading required package: BiocParallel
Attaching package: 'DelayedArray'
The following objects are masked from 'package:matrixStats':
colMaxs, colMins, colRanges, rowMaxs, rowMins, rowRanges
The following objects are masked from 'package:base':
aperm, apply
>
> test_check("clusterExperiment")
[1] "pam"
[1] "clara"
[1] "kmeans"
[1] "hierarchicalK"
[1] "spectral"
[1] "hierarchical01"
[1] "tight"
══ testthat results ═══════════════════════════════════════════════════════════
OK: 1220 SKIPPED: 1 FAILED: 0
>
> proc.time()
user system elapsed
275.988 1.300 277.433
clusterExperiment.Rcheck/clusterExperiment-Ex.timings
| name | user | system | elapsed | |
| ClusterExperiment-class | 0.468 | 0.000 | 0.471 | |
| ClusterFunction-class | 0.016 | 0.000 | 0.015 | |
| addClusterings | 0.916 | 0.004 | 0.919 | |
| builtInClusteringFunctions | 0.004 | 0.000 | 0.002 | |
| clusterContrasts | 3.364 | 0.040 | 3.436 | |
| clusterMany | 5.008 | 0.056 | 5.071 | |
| clusterSingle | 0.180 | 0.004 | 0.181 | |
| combineMany | 2.776 | 0.000 | 2.776 | |
| getBestFeatures | 1.356 | 0.000 | 1.358 | |
| getClusterManyParams | 3.288 | 0.020 | 3.309 | |
| mainClustering | 0.760 | 0.004 | 0.767 | |
| makeDendrogram | 0.860 | 0.000 | 0.861 | |
| mergeClusters | 2.400 | 0.000 | 2.403 | |
| plotBarplot | 5.456 | 0.000 | 5.460 | |
| plotClusters | 5.412 | 0.024 | 5.443 | |
| plotClustersWorkflow | 3.912 | 0.000 | 3.914 | |
| plotContrastHeatmap | 1.600 | 0.000 | 1.601 | |
| plotDendrogram | 1.500 | 0.004 | 1.506 | |
| plotFeatureBoxplot | 2.156 | 0.004 | 2.165 | |
| plotHeatmap | 17.108 | 0.036 | 17.165 | |
| plotReducedDims | 1.540 | 0.016 | 1.557 | |
| plottingFunctions | 2.072 | 0.008 | 2.080 | |
| reduceFunctions | 0.232 | 0.008 | 0.239 | |
| rsecFluidigm | 0.000 | 0.000 | 0.001 | |
| seqCluster | 0 | 0 | 0 | |
| simData | 0.000 | 0.000 | 0.002 | |
| subsampleClustering | 0.000 | 0.000 | 0.001 | |
| transformData | 0.088 | 0.004 | 0.091 | |
| workflowClusters | 2.124 | 0.000 | 2.127 | |