| Back to Multiple platform build/check report for BioC 3.7 |
|
This page was generated on 2018-10-17 08:45:33 -0400 (Wed, 17 Oct 2018).
| Package 727/1561 | Hostname | OS / Arch | INSTALL | BUILD | CHECK | BUILD BIN | ||||||
| IMMAN 1.0.0 Minoo Ashtiani
| malbec2 | Linux (Ubuntu 16.04.1 LTS) / x86_64 | OK | OK | OK | |||||||
| tokay2 | Windows Server 2012 R2 Standard / x64 | OK | [ ERROR ] | skipped | skipped | |||||||
| merida2 | OS X 10.11.6 El Capitan / x86_64 | OK | OK | OK | OK |
| Package: IMMAN |
| Version: 1.0.0 |
| Command: chmod a+r IMMAN -R && C:\Users\biocbuild\bbs-3.7-bioc\R\bin\R.exe CMD build --keep-empty-dirs --no-resave-data IMMAN |
| StartedAt: 2018-10-17 00:04:23 -0400 (Wed, 17 Oct 2018) |
| EndedAt: 2018-10-17 00:04:41 -0400 (Wed, 17 Oct 2018) |
| EllapsedTime: 18.2 seconds |
| RetCode: 1 |
| Status: ERROR |
| PackageFile: None |
| PackageFileSize: NA |
############################################################################## ############################################################################## ### ### Running command: ### ### chmod a+r IMMAN -R && C:\Users\biocbuild\bbs-3.7-bioc\R\bin\R.exe CMD build --keep-empty-dirs --no-resave-data IMMAN ### ############################################################################## ############################################################################## * checking for file 'IMMAN/DESCRIPTION' ... OK * preparing 'IMMAN': * checking DESCRIPTION meta-information ... OK * installing the package to build vignettes * creating vignettes ... ERROR Quitting from lines 77-85 (IMMAN.Rmd) Error: processing vignette 'IMMAN.Rmd' failed with diagnostics: cannot open the connection Execution halted