| Back to Multiple platform build/check report for BioC 3.7 |
|
This page was generated on 2018-10-17 08:22:52 -0400 (Wed, 17 Oct 2018).
| Package 559/1561 | Hostname | OS / Arch | INSTALL | BUILD | CHECK | BUILD BIN | ||||||
| GeneAnswers 2.22.0 Lei Huang
| malbec2 | Linux (Ubuntu 16.04.1 LTS) / x86_64 | OK | OK | [ WARNINGS ] | |||||||
| tokay2 | Windows Server 2012 R2 Standard / x64 | OK | OK | WARNINGS | OK | |||||||
| merida2 | OS X 10.11.6 El Capitan / x86_64 | OK | OK | WARNINGS | OK |
| Package: GeneAnswers |
| Version: 2.22.0 |
| Command: /home/biocbuild/bbs-3.7-bioc/R/bin/R CMD check --install=check:GeneAnswers.install-out.txt --library=/home/biocbuild/bbs-3.7-bioc/R/library --no-vignettes --timings GeneAnswers_2.22.0.tar.gz |
| StartedAt: 2018-10-16 00:37:31 -0400 (Tue, 16 Oct 2018) |
| EndedAt: 2018-10-16 00:46:56 -0400 (Tue, 16 Oct 2018) |
| EllapsedTime: 565.0 seconds |
| RetCode: 0 |
| Status: WARNINGS |
| CheckDir: GeneAnswers.Rcheck |
| Warnings: 1 |
##############################################################################
##############################################################################
###
### Running command:
###
### /home/biocbuild/bbs-3.7-bioc/R/bin/R CMD check --install=check:GeneAnswers.install-out.txt --library=/home/biocbuild/bbs-3.7-bioc/R/library --no-vignettes --timings GeneAnswers_2.22.0.tar.gz
###
##############################################################################
##############################################################################
* using log directory ‘/home/biocbuild/bbs-3.7-bioc/meat/GeneAnswers.Rcheck’
* using R version 3.5.1 Patched (2018-07-12 r74967)
* using platform: x86_64-pc-linux-gnu (64-bit)
* using session charset: UTF-8
* using option ‘--no-vignettes’
* checking for file ‘GeneAnswers/DESCRIPTION’ ... OK
* checking extension type ... Package
* this is package ‘GeneAnswers’ version ‘2.22.0’
* checking package namespace information ... OK
* checking package dependencies ... NOTE
Depends: includes the non-default packages:
‘igraph’ ‘RCurl’ ‘annotate’ ‘Biobase’ ‘XML’ ‘RSQLite’ ‘MASS’
‘Heatplus’ ‘RColorBrewer’
Adding so many packages to the search path is excessive and importing
selectively is preferable.
* checking if this is a source package ... OK
* checking if there is a namespace ... OK
* checking for hidden files and directories ... OK
* checking for portable file names ... OK
* checking for sufficient/correct file permissions ... OK
* checking whether package ‘GeneAnswers’ can be installed ... WARNING
Found the following significant warnings:
Warning: replacing previous import ‘stats::decompose’ by ‘igraph::decompose’ when loading ‘GeneAnswers’
Warning: replacing previous import ‘stats::spectrum’ by ‘igraph::spectrum’ when loading ‘GeneAnswers’
See ‘/home/biocbuild/bbs-3.7-bioc/meat/GeneAnswers.Rcheck/00install.out’ for details.
* checking installed package size ... NOTE
installed size is 34.1Mb
sub-directories of 1Mb or more:
External 32.4Mb
data 1.0Mb
* checking package directory ... OK
* checking ‘build’ directory ... OK
* checking DESCRIPTION meta-information ... NOTE
Package listed in more than one of Depends, Imports, Suggests, Enhances:
‘annotate’
A package should be listed in only one of these fields.
* checking top-level files ... OK
* checking for left-over files ... OK
* checking index information ... OK
* checking package subdirectories ... OK
* checking R files for non-ASCII characters ... OK
* checking R files for syntax errors ... OK
* checking whether the package can be loaded ... OK
* checking whether the package can be loaded with stated dependencies ... OK
* checking whether the package can be unloaded cleanly ... OK
* checking whether the namespace can be loaded with stated dependencies ... OK
* checking whether the namespace can be unloaded cleanly ... OK
* checking dependencies in R code ... NOTE
'library' or 'require' calls to packages already attached by Depends:
‘Biobase’ ‘Heatplus’ ‘MASS’ ‘RColorBrewer’ ‘XML’ ‘igraph’
Please remove these calls from your code.
'library' or 'require' calls in package code:
‘GO.db’ ‘KEGG.db’ ‘biomaRt’ ‘reactome.db’
Please use :: or requireNamespace() instead.
See section 'Suggested packages' in the 'Writing R Extensions' manual.
* checking S3 generic/method consistency ... OK
* checking replacement functions ... OK
* checking foreign function calls ... OK
* checking R code for possible problems ... NOTE
File ‘GeneAnswers/R/zzz.R’:
.onLoad calls:
require(Biobase)
Package startup functions should not change the search path.
See section ‘Good practice’ in '?.onAttach'.
.catsCluster: no visible global function definition for ‘par’
.catsCluster: no visible global function definition for ‘plot’
.defaultHeatmapColors: no visible global function definition for ‘rgb’
.drawHTMLtable: no visible global function definition for
‘colorRampPalette’
.drawTable: no visible global function definition for ‘par’
.drawTable: no visible global function definition for ‘image’
.drawTable: no visible global function definition for ‘abline’
.drawTable: no visible global function definition for ‘axis’
.drawTable: no visible global function definition for ‘points’
.heatmap.mds: no visible global function definition for
‘colorRampPalette’
.heatmap.mds: no visible global function definition for ‘layout’
.heatmap.mds: no visible global function definition for ‘par’
.heatmap.mds: no visible global function definition for ‘image’
.heatmap.mds: no visible global function definition for ‘axis’
.heatmap.mds: no visible global function definition for ‘box’
buildNet: no visible global function definition for ‘colorRampPalette’
buildNet: no visible global function definition for ‘plot’
chartPlots: no visible global function definition for ‘x11’
chartPlots: no visible global function definition for ‘pie’
chartPlots: no visible global function definition for ‘rainbow’
chartPlots: no visible global function definition for ‘barplot’
drawTable: no visible global function definition for ‘colorRampPalette’
drawTable: no visible global function definition for ‘x11’
drawTable: no visible global function definition for ‘par’
drawTable: no visible global function definition for ‘image’
drawTable: no visible global function definition for ‘abline’
drawTable: no visible global function definition for ‘axis’
drawTable: no visible global function definition for ‘text’
drawTable: no visible global function definition for ‘box’
drawTable: no visible global function definition for ‘dev.set’
drawTable: no visible global function definition for ‘dev.prev’
geneAnnotationHeatmap: no visible global function definition for
‘colorRampPalette’
geneAnnotationHeatmap: no visible global function definition for
‘layout’
geneConceptNet: no visible global function definition for
‘colorRampPalette’
getHomoGeneIDs: no visible global function definition for ‘useMart’
getHomoGeneIDs: no visible global function definition for ‘getLDS’
getTotalGeneNumber: no visible global function definition for
‘count.mappedkeys’
getTotalGeneNumber: no visible global function definition for ‘toTable’
getTotalGeneNumber: no visible binding for global variable
‘reactomePATHNAME2ID’
groupReport: no visible global function definition for ‘png’
groupReport: no visible global function definition for ‘dev.off’
groupReport: no visible global function definition for ‘rgb’
groupReport: no visible global function definition for ‘col2rgb’
Undefined global functions or variables:
abline axis barplot box col2rgb colorRampPalette count.mappedkeys
dev.off dev.prev dev.set getLDS image layout par pie plot png points
rainbow reactomePATHNAME2ID rgb text toTable useMart x11
Consider adding
importFrom("grDevices", "col2rgb", "colorRampPalette", "dev.off",
"dev.prev", "dev.set", "png", "rainbow", "rgb", "x11")
importFrom("graphics", "abline", "axis", "barplot", "box", "image",
"layout", "par", "pie", "plot", "points", "text")
to your NAMESPACE file.
* checking Rd files ... OK
* checking Rd metadata ... OK
* checking Rd cross-references ... OK
* checking for missing documentation entries ... OK
* checking for code/documentation mismatches ... OK
* checking Rd \usage sections ... OK
* checking Rd contents ... OK
* checking for unstated dependencies in examples ... OK
* checking contents of ‘data’ directory ... OK
* checking data for non-ASCII characters ... OK
* checking data for ASCII and uncompressed saves ... OK
* checking files in ‘vignettes’ ... OK
* checking examples ... OK
Examples with CPU or elapsed time > 5s
user system elapsed
geneAnswersReadable 56.944 0.092 57.081
GeneAnswers-class 34.620 0.732 35.470
buildNet 31.724 0.064 31.824
geneAnswersBuilder 31.636 0.032 31.701
geneAnswersConcepts 31.620 0.000 31.637
geneAnswersSort 31.328 0.016 31.366
GeneAnswers-package 31.276 0.048 31.355
geneAnswersHeatmap 31.232 0.012 31.258
geneAnswersHomoMapping 31.180 0.012 31.208
getMultiLayerGraphIDs 30.340 0.096 30.452
geneAnswersConceptNet 30.424 0.004 30.447
getConnectedGraph 30.284 0.004 30.315
geneAnswersChartPlots 30.036 0.008 30.066
geneAnswersConceptRelation 28.256 0.000 28.274
getGOList 15.288 0.140 16.223
* checking for unstated dependencies in vignettes ... OK
* checking package vignettes in ‘inst/doc’ ... OK
* checking running R code from vignettes ... SKIPPED
* checking re-building of vignette outputs ... SKIPPED
* checking PDF version of manual ... OK
* DONE
Status: 1 WARNING, 5 NOTEs
See
‘/home/biocbuild/bbs-3.7-bioc/meat/GeneAnswers.Rcheck/00check.log’
for details.
GeneAnswers.Rcheck/00install.out
############################################################################## ############################################################################## ### ### Running command: ### ### /home/biocbuild/bbs-3.7-bioc/R/bin/R CMD INSTALL GeneAnswers ### ############################################################################## ############################################################################## * installing to library ‘/home/biocbuild/bbs-3.7-bioc/R/library’ * installing *source* package ‘GeneAnswers’ ... ** R ** data ** inst ** byte-compile and prepare package for lazy loading Warning: replacing previous import ‘stats::decompose’ by ‘igraph::decompose’ when loading ‘GeneAnswers’ Warning: replacing previous import ‘stats::spectrum’ by ‘igraph::spectrum’ when loading ‘GeneAnswers’ ** help *** installing help indices ** building package indices ** installing vignettes ** testing if installed package can be loaded Warning: replacing previous import ‘stats::decompose’ by ‘igraph::decompose’ when loading ‘GeneAnswers’ Warning: replacing previous import ‘stats::spectrum’ by ‘igraph::spectrum’ when loading ‘GeneAnswers’ * DONE (GeneAnswers)
GeneAnswers.Rcheck/GeneAnswers-Ex.timings
| name | user | system | elapsed | |
| DO | 0.256 | 0.020 | 0.278 | |
| DOLite | 0.024 | 0.000 | 0.025 | |
| DOLiteTerm | 0.004 | 0.000 | 0.003 | |
| DmIALite | 0.056 | 0.000 | 0.054 | |
| GeneAnswers-class | 34.620 | 0.732 | 35.470 | |
| GeneAnswers-package | 31.276 | 0.048 | 31.355 | |
| HsIALite | 0.200 | 0.004 | 0.203 | |
| MmIALite | 0.012 | 0.000 | 0.012 | |
| RnIALite | 0.008 | 0.000 | 0.006 | |
| buildNet | 31.724 | 0.064 | 31.824 | |
| caBIO.PATHGenes | 0.000 | 0.000 | 0.001 | |
| caBIO2entrez | 0.004 | 0.000 | 0.000 | |
| categoryNet | 0.000 | 0.000 | 0.001 | |
| chartPlots | 0.060 | 0.008 | 0.075 | |
| drawTable | 0.552 | 0.020 | 0.575 | |
| entrez2caBIO | 0 | 0 | 0 | |
| geneAnnotationHeatmap | 0.000 | 0.000 | 0.001 | |
| geneAnswersBuilder | 31.636 | 0.032 | 31.701 | |
| geneAnswersChartPlots | 30.036 | 0.008 | 30.066 | |
| geneAnswersConceptNet | 30.424 | 0.004 | 30.447 | |
| geneAnswersConceptRelation | 28.256 | 0.000 | 28.274 | |
| geneAnswersConcepts | 31.620 | 0.000 | 31.637 | |
| geneAnswersHeatmap | 31.232 | 0.012 | 31.258 | |
| geneAnswersHomoMapping | 31.180 | 0.012 | 31.208 | |
| geneAnswersReadable | 56.944 | 0.092 | 57.081 | |
| geneAnswersSort | 31.328 | 0.016 | 31.366 | |
| geneConceptNet | 0.004 | 0.000 | 0.000 | |
| getCategoryList | 0.164 | 0.000 | 0.194 | |
| getCategoryTerms | 0.048 | 0.000 | 0.047 | |
| getConceptTable | 1.020 | 0.000 | 1.028 | |
| getConnectedGraph | 30.284 | 0.004 | 30.315 | |
| getDOLiteTerms | 0.004 | 0.000 | 0.004 | |
| getGOList | 15.288 | 0.140 | 16.223 | |
| getHomoGeneIDs | 0.140 | 0.000 | 0.139 | |
| getListGIF | 0 | 0 | 0 | |
| getMultiLayerGraphIDs | 30.340 | 0.096 | 30.452 | |
| getNextGOIDs | 0.068 | 0.000 | 0.070 | |
| getPATHList | 0.028 | 0.000 | 0.027 | |
| getPATHTerms | 0.012 | 0.000 | 0.013 | |
| getREACTOMEPATHList | 0 | 0 | 0 | |
| getREACTOMEPATHTerms | 0 | 0 | 0 | |
| getSingleLayerGraphIDs | 0.000 | 0.000 | 0.002 | |
| getSymbols | 0.016 | 0.000 | 0.016 | |
| getTotalGeneNumber | 0.324 | 0.008 | 0.344 | |
| getcaBIOPATHList | 0.000 | 0.000 | 0.001 | |
| getcaBIOPATHTerms | 0 | 0 | 0 | |
| groupReport | 0.544 | 0.004 | 0.547 | |
| humanExpr | 0.004 | 0.000 | 0.005 | |
| humanGeneInput | 0.000 | 0.000 | 0.003 | |
| mouseExpr | 0.004 | 0.000 | 0.004 | |
| mouseGeneInput | 0.004 | 0.000 | 0.003 | |
| sampleGroupsData | 0.048 | 0.012 | 0.063 | |
| searchEntrez | 0 | 0 | 0 | |
| topCategory | 0 | 0 | 0 | |
| topCategoryGenes | 0.004 | 0.000 | 0.001 | |
| topDOLITE | 0 | 0 | 0 | |
| topDOLITEGenes | 0 | 0 | 0 | |
| topGO | 0 | 0 | 0 | |
| topGOGenes | 0.000 | 0.000 | 0.001 | |
| topPATH | 0 | 0 | 0 | |
| topPATHGenes | 0 | 0 | 0 | |
| topREACTOME.PATH | 0 | 0 | 0 | |
| topREACTOME.PATHGenes | 0.000 | 0.000 | 0.001 | |
| topcaBIO.PATH | 0.000 | 0.000 | 0.001 | |