| Back to Multiple platform build/check report for BioC 3.7 |
|
This page was generated on 2018-10-17 08:54:04 -0400 (Wed, 17 Oct 2018).
| Package 517/1561 | Hostname | OS / Arch | INSTALL | BUILD | CHECK | BUILD BIN | ||||||
| FlowSOM 1.12.0 Sofie Van Gassen
| malbec2 | Linux (Ubuntu 16.04.1 LTS) / x86_64 | OK | OK | OK | |||||||
| tokay2 | Windows Server 2012 R2 Standard / x64 | OK | OK | OK | OK | |||||||
| merida2 | OS X 10.11.6 El Capitan / x86_64 | OK | OK | [ WARNINGS ] | OK |
| Package: FlowSOM |
| Version: 1.12.0 |
| Command: /Library/Frameworks/R.framework/Versions/Current/Resources/bin/R CMD check --install=check:FlowSOM.install-out.txt --library=/Library/Frameworks/R.framework/Versions/Current/Resources/library --no-vignettes --timings FlowSOM_1.12.0.tar.gz |
| StartedAt: 2018-10-16 21:25:22 -0400 (Tue, 16 Oct 2018) |
| EndedAt: 2018-10-16 21:27:21 -0400 (Tue, 16 Oct 2018) |
| EllapsedTime: 118.8 seconds |
| RetCode: 0 |
| Status: WARNINGS |
| CheckDir: FlowSOM.Rcheck |
| Warnings: 1 |
##############################################################################
##############################################################################
###
### Running command:
###
### /Library/Frameworks/R.framework/Versions/Current/Resources/bin/R CMD check --install=check:FlowSOM.install-out.txt --library=/Library/Frameworks/R.framework/Versions/Current/Resources/library --no-vignettes --timings FlowSOM_1.12.0.tar.gz
###
##############################################################################
##############################################################################
* using log directory ‘/Users/biocbuild/bbs-3.7-bioc/meat/FlowSOM.Rcheck’
* using R version 3.5.1 Patched (2018-07-12 r74967)
* using platform: x86_64-apple-darwin15.6.0 (64-bit)
* using session charset: UTF-8
* using option ‘--no-vignettes’
* checking for file ‘FlowSOM/DESCRIPTION’ ... OK
* this is package ‘FlowSOM’ version ‘1.12.0’
* checking package namespace information ... OK
* checking package dependencies ... OK
* checking if this is a source package ... OK
* checking if there is a namespace ... OK
* checking for hidden files and directories ... OK
* checking for portable file names ... OK
* checking for sufficient/correct file permissions ... OK
* checking whether package ‘FlowSOM’ can be installed ... WARNING
Found the following significant warnings:
som.c:37:18: warning: using integer absolute value function 'abs' when argument is of floating point type [-Wabsolute-value]
som.c:47:15: warning: using integer absolute value function 'abs' when argument is of floating point type [-Wabsolute-value]
som.c:134:27: warning: using integer absolute value function 'abs' when argument is of floating point type [-Wabsolute-value]
See ‘/Users/biocbuild/bbs-3.7-bioc/meat/FlowSOM.Rcheck/00install.out’ for details.
* checking installed package size ... OK
* checking package directory ... OK
* checking ‘build’ directory ... OK
* checking DESCRIPTION meta-information ... OK
* checking top-level files ... OK
* checking for left-over files ... OK
* checking index information ... OK
* checking package subdirectories ... OK
* checking R files for non-ASCII characters ... OK
* checking R files for syntax errors ... OK
* checking whether the package can be loaded ... OK
* checking whether the package can be loaded with stated dependencies ... OK
* checking whether the package can be unloaded cleanly ... OK
* checking whether the namespace can be loaded with stated dependencies ... OK
* checking whether the namespace can be unloaded cleanly ... OK
* checking dependencies in R code ... OK
* checking S3 generic/method consistency ... OK
* checking replacement functions ... OK
* checking foreign function calls ... OK
* checking R code for possible problems ... OK
* checking Rd files ... OK
* checking Rd metadata ... OK
* checking Rd cross-references ... OK
* checking for missing documentation entries ... OK
* checking for code/documentation mismatches ... OK
* checking Rd \usage sections ... OK
* checking Rd contents ... OK
* checking for unstated dependencies in examples ... OK
* checking line endings in C/C++/Fortran sources/headers ... OK
* checking compiled code ... NOTE
Note: information on .o files is not available
* checking sizes of PDF files under ‘inst/doc’ ... OK
* checking files in ‘vignettes’ ... OK
* checking examples ... OK
Examples with CPU or elapsed time > 5s
user system elapsed
FlowSOM 7.721 0.835 8.636
CountGroups 6.688 0.542 7.284
ProcessGatingML 5.063 0.487 5.582
PlotPies 4.982 0.385 5.404
* checking for unstated dependencies in vignettes ... OK
* checking package vignettes in ‘inst/doc’ ... OK
* checking running R code from vignettes ... SKIPPED
* checking re-building of vignette outputs ... SKIPPED
* checking PDF version of manual ... OK
* DONE
Status: 1 WARNING, 1 NOTE
See
‘/Users/biocbuild/bbs-3.7-bioc/meat/FlowSOM.Rcheck/00check.log’
for details.
FlowSOM.Rcheck/00install.out
##############################################################################
##############################################################################
###
### Running command:
###
### /Library/Frameworks/R.framework/Versions/Current/Resources/bin/R CMD INSTALL FlowSOM
###
##############################################################################
##############################################################################
* installing to library ‘/Library/Frameworks/R.framework/Versions/3.5/Resources/library’
* installing *source* package ‘FlowSOM’ ...
** libs
clang -I"/Library/Frameworks/R.framework/Resources/include" -DNDEBUG -I/usr/local/include -fPIC -Wall -g -O2 -c som.c -o som.o
som.c:37:18: warning: using integer absolute value function 'abs' when argument is of floating point type [-Wabsolute-value]
xdist += abs(tmp);
^
som.c:37:18: note: use function 'fabs' instead
xdist += abs(tmp);
^˜˜
fabs
som.c:47:15: warning: using integer absolute value function 'abs' when argument is of floating point type [-Wabsolute-value]
tmp = abs(tmp);
^
som.c:47:15: note: use function 'fabs' instead
tmp = abs(tmp);
^˜˜
fabs
som.c:134:27: warning: using integer absolute value function 'abs' when argument is of floating point type [-Wabsolute-value]
change += abs(tmp);
^
som.c:134:27: note: use function 'fabs' instead
change += abs(tmp);
^˜˜
fabs
3 warnings generated.
clang -dynamiclib -Wl,-headerpad_max_install_names -undefined dynamic_lookup -single_module -multiply_defined suppress -L/Library/Frameworks/R.framework/Resources/lib -L/usr/local/lib -o FlowSOM.so som.o -F/Library/Frameworks/R.framework/.. -framework R -Wl,-framework -Wl,CoreFoundation
installing to /Library/Frameworks/R.framework/Versions/3.5/Resources/library/FlowSOM/libs
** R
** inst
** byte-compile and prepare package for lazy loading
** help
*** installing help indices
** building package indices
** installing vignettes
** testing if installed package can be loaded
* DONE (FlowSOM)
FlowSOM.Rcheck/FlowSOM-Ex.timings
| name | user | system | elapsed | |
| AggregateFlowFrames | 0.211 | 0.017 | 0.231 | |
| BuildMST | 1.298 | 0.104 | 1.424 | |
| BuildSOM | 1.690 | 0.085 | 1.782 | |
| CountGroups | 6.688 | 0.542 | 7.284 | |
| FMeasure | 0.003 | 0.000 | 0.003 | |
| FlowSOM | 7.721 | 0.835 | 8.636 | |
| FlowSOMSubset | 3.242 | 0.334 | 3.604 | |
| MetaClustering | 3.464 | 0.351 | 3.861 | |
| NewData | 3.368 | 0.341 | 3.746 | |
| PlotCenters | 1.300 | 0.075 | 1.384 | |
| PlotClusters2D | 1.419 | 0.073 | 1.504 | |
| PlotGroups | 0.001 | 0.000 | 0.002 | |
| PlotMarker | 1.244 | 0.056 | 1.311 | |
| PlotNode | 3.729 | 0.357 | 4.124 | |
| PlotNumbers | 1.168 | 0.059 | 1.240 | |
| PlotPies | 4.982 | 0.385 | 5.404 | |
| PlotStars | 1.371 | 0.059 | 1.440 | |
| PlotVariable | 1.145 | 0.070 | 1.219 | |
| ProcessGatingML | 5.063 | 0.487 | 5.582 | |
| Purity | 0.003 | 0.000 | 0.003 | |
| QueryStarPlot | 2.319 | 0.117 | 2.458 | |
| ReadInput | 3.752 | 0.502 | 4.294 | |
| UpdateNodeSize | 1.551 | 0.076 | 1.640 | |
| metaClustering_consensus | 3.070 | 0.304 | 3.406 | |