| Back to Multiple platform build/check report for BioC 3.7 |
|
This page was generated on 2018-10-17 08:22:53 -0400 (Wed, 17 Oct 2018).
| Package 235/1561 | Hostname | OS / Arch | INSTALL | BUILD | CHECK | BUILD BIN | ||||||
| ChIPseqR 1.34.0 Peter Humburg
| malbec2 | Linux (Ubuntu 16.04.1 LTS) / x86_64 | OK | OK | [ WARNINGS ] | |||||||
| tokay2 | Windows Server 2012 R2 Standard / x64 | OK | OK | WARNINGS | OK | |||||||
| merida2 | OS X 10.11.6 El Capitan / x86_64 | OK | OK | WARNINGS | OK |
| Package: ChIPseqR |
| Version: 1.34.0 |
| Command: /home/biocbuild/bbs-3.7-bioc/R/bin/R CMD check --install=check:ChIPseqR.install-out.txt --library=/home/biocbuild/bbs-3.7-bioc/R/library --no-vignettes --timings ChIPseqR_1.34.0.tar.gz |
| StartedAt: 2018-10-15 23:11:53 -0400 (Mon, 15 Oct 2018) |
| EndedAt: 2018-10-15 23:15:09 -0400 (Mon, 15 Oct 2018) |
| EllapsedTime: 196.7 seconds |
| RetCode: 0 |
| Status: WARNINGS |
| CheckDir: ChIPseqR.Rcheck |
| Warnings: 1 |
##############################################################################
##############################################################################
###
### Running command:
###
### /home/biocbuild/bbs-3.7-bioc/R/bin/R CMD check --install=check:ChIPseqR.install-out.txt --library=/home/biocbuild/bbs-3.7-bioc/R/library --no-vignettes --timings ChIPseqR_1.34.0.tar.gz
###
##############################################################################
##############################################################################
* using log directory ‘/home/biocbuild/bbs-3.7-bioc/meat/ChIPseqR.Rcheck’
* using R version 3.5.1 Patched (2018-07-12 r74967)
* using platform: x86_64-pc-linux-gnu (64-bit)
* using session charset: UTF-8
* using option ‘--no-vignettes’
* checking for file ‘ChIPseqR/DESCRIPTION’ ... OK
* checking extension type ... Package
* this is package ‘ChIPseqR’ version ‘1.34.0’
* checking package namespace information ... OK
* checking package dependencies ... OK
* checking if this is a source package ... OK
* checking if there is a namespace ... OK
* checking for hidden files and directories ... OK
* checking for portable file names ... OK
* checking for sufficient/correct file permissions ... OK
* checking whether package ‘ChIPseqR’ can be installed ... WARNING
Found the following significant warnings:
Warning: replacing previous import ‘BiocGenerics::image’ by ‘graphics::image’ when loading ‘ChIPseqR’
Warning: replacing previous import ‘S4Vectors::head’ by ‘utils::head’ when loading ‘ChIPseqR’
Warning: replacing previous import ‘S4Vectors::tail’ by ‘utils::tail’ when loading ‘ChIPseqR’
See ‘/home/biocbuild/bbs-3.7-bioc/meat/ChIPseqR.Rcheck/00install.out’ for details.
* checking installed package size ... OK
* checking package directory ... OK
* checking ‘build’ directory ... OK
* checking DESCRIPTION meta-information ... OK
* checking top-level files ... OK
* checking for left-over files ... OK
* checking index information ... OK
* checking package subdirectories ... OK
* checking R files for non-ASCII characters ... OK
* checking R files for syntax errors ... OK
* checking whether the package can be loaded ... OK
* checking whether the package can be loaded with stated dependencies ... OK
* checking whether the package can be unloaded cleanly ... OK
* checking whether the namespace can be loaded with stated dependencies ... OK
* checking whether the namespace can be unloaded cleanly ... OK
* checking dependencies in R code ... OK
* checking S3 generic/method consistency ... OK
* checking replacement functions ... OK
* checking foreign function calls ... OK
* checking R code for possible problems ... OK
* checking Rd files ... OK
* checking Rd metadata ... OK
* checking Rd cross-references ... OK
* checking for missing documentation entries ... OK
* checking for code/documentation mismatches ... OK
* checking Rd \usage sections ... OK
* checking Rd contents ... OK
* checking for unstated dependencies in examples ... OK
* checking line endings in C/C++/Fortran sources/headers ... OK
* checking compiled code ... NOTE
Note: information on .o files is not available
* checking files in ‘vignettes’ ... OK
* checking examples ... OK
Examples with CPU or elapsed time > 5s
user system elapsed
BindScore 12.740 0.144 12.894
alignFeature 9.604 0.672 10.285
simpleNucCall 9.556 0.016 9.579
RLEBindScore-class 8.884 0.032 8.922
callBindingSites 8.292 0.000 8.298
* checking for unstated dependencies in vignettes ... OK
* checking package vignettes in ‘inst/doc’ ... OK
* checking running R code from vignettes ... SKIPPED
* checking re-building of vignette outputs ... SKIPPED
* checking PDF version of manual ... OK
* DONE
Status: 1 WARNING, 1 NOTE
See
‘/home/biocbuild/bbs-3.7-bioc/meat/ChIPseqR.Rcheck/00check.log’
for details.
ChIPseqR.Rcheck/00install.out
##############################################################################
##############################################################################
###
### Running command:
###
### /home/biocbuild/bbs-3.7-bioc/R/bin/R CMD INSTALL ChIPseqR
###
##############################################################################
##############################################################################
* installing to library ‘/home/biocbuild/bbs-3.7-bioc/R/library’
* installing *source* package ‘ChIPseqR’ ...
** libs
gcc -I"/home/biocbuild/bbs-3.7-bioc/R/include" -DNDEBUG -I/usr/local/include -fpic -g -O2 -Wall -c startScore.c -o startScore.o
startScore.c: In function ‘_ratioStat_pois’:
startScore.c:66:15: warning: unused variable ‘tmp_stat’ [-Wunused-variable]
double stat, tmp_stat;
^
gcc -shared -L/home/biocbuild/bbs-3.7-bioc/R/lib -L/usr/local/lib -o ChIPseqR.so startScore.o -L/home/biocbuild/bbs-3.7-bioc/R/lib -lR
installing to /home/biocbuild/bbs-3.7-bioc/R/library/ChIPseqR/libs
** R
** inst
** byte-compile and prepare package for lazy loading
Warning: replacing previous import ‘BiocGenerics::image’ by ‘graphics::image’ when loading ‘ChIPseqR’
Warning: replacing previous import ‘S4Vectors::head’ by ‘utils::head’ when loading ‘ChIPseqR’
Warning: replacing previous import ‘S4Vectors::tail’ by ‘utils::tail’ when loading ‘ChIPseqR’
** help
*** installing help indices
** building package indices
** installing vignettes
** testing if installed package can be loaded
Warning: replacing previous import ‘BiocGenerics::image’ by ‘graphics::image’ when loading ‘ChIPseqR’
Warning: replacing previous import ‘S4Vectors::head’ by ‘utils::head’ when loading ‘ChIPseqR’
Warning: replacing previous import ‘S4Vectors::tail’ by ‘utils::tail’ when loading ‘ChIPseqR’
* DONE (ChIPseqR)
ChIPseqR.Rcheck/ChIPseqR-Ex.timings
| name | user | system | elapsed | |
| BindScore | 12.740 | 0.144 | 12.894 | |
| ChIPseqR-package | 0.000 | 0.000 | 0.001 | |
| RLEBindScore-class | 8.884 | 0.032 | 8.922 | |
| RLEReadCounts-class | 0.016 | 0.000 | 0.018 | |
| ReadCounts | 0.024 | 0.000 | 0.021 | |
| alignFeature | 9.604 | 0.672 | 10.285 | |
| callBindingSites | 8.292 | 0.000 | 8.298 | |
| pos2gff | 0.004 | 0.000 | 0.004 | |
| simpleNucCall | 9.556 | 0.016 | 9.579 | |
| strandPileup | 0.008 | 0.000 | 0.007 | |
| windowCounts | 0.084 | 0.000 | 0.084 | |