| Back to Multiple platform build/check report for BioC 3.6 experimental data |
This page was generated on 2018-04-12 12:50:10 -0400 (Thu, 12 Apr 2018).
| Package 70/326 | Hostname | OS / Arch | INSTALL | BUILD | CHECK | BUILD BIN | ||||||
| DAPARdata 1.8.0 Samuel Wieczorek
| malbec1 | Linux (Ubuntu 16.04.1 LTS) / x86_64 | OK | OK | [ WARNINGS ] |
| Package: DAPARdata |
| Version: 1.8.0 |
| Command: /home/biocbuild/bbs-3.6-bioc/R/bin/R CMD check --no-vignettes --timings DAPARdata_1.8.0.tar.gz |
| StartedAt: 2018-04-12 09:52:40 -0400 (Thu, 12 Apr 2018) |
| EndedAt: 2018-04-12 09:54:57 -0400 (Thu, 12 Apr 2018) |
| EllapsedTime: 137.3 seconds |
| RetCode: 0 |
| Status: WARNINGS |
| CheckDir: DAPARdata.Rcheck |
| Warnings: 1 |
##############################################################################
##############################################################################
###
### Running command:
###
### /home/biocbuild/bbs-3.6-bioc/R/bin/R CMD check --no-vignettes --timings DAPARdata_1.8.0.tar.gz
###
##############################################################################
##############################################################################
* using log directory ‘/home/biocbuild/bbs-3.6-data-experiment/meat/DAPARdata.Rcheck’
* using R version 3.4.4 (2018-03-15)
* using platform: x86_64-pc-linux-gnu (64-bit)
* using session charset: UTF-8
* using option ‘--no-vignettes’
* checking for file ‘DAPARdata/DESCRIPTION’ ... OK
* checking extension type ... Package
* this is package ‘DAPARdata’ version ‘1.8.0’
* checking package namespace information ... OK
* checking package dependencies ... OK
* checking if this is a source package ... OK
* checking if there is a namespace ... OK
* checking for hidden files and directories ... OK
* checking for portable file names ... OK
* checking for sufficient/correct file permissions ... OK
* checking whether package ‘DAPARdata’ can be installed ... OK
* checking installed package size ... NOTE
installed size is 52.6Mb
sub-directories of 1Mb or more:
data 11.0Mb
extdata 40.8Mb
* checking package directory ... OK
* checking DESCRIPTION meta-information ... OK
* checking top-level files ... OK
* checking for left-over files ... OK
* checking index information ... OK
* checking package subdirectories ... OK
* checking R files for non-ASCII characters ... OK
* checking R files for syntax errors ... OK
* checking whether the package can be loaded ... OK
* checking whether the package can be loaded with stated dependencies ... OK
* checking whether the package can be unloaded cleanly ... OK
* checking whether the namespace can be loaded with stated dependencies ... OK
* checking whether the namespace can be unloaded cleanly ... OK
* checking dependencies in R code ... OK
* checking S3 generic/method consistency ... OK
* checking replacement functions ... OK
* checking foreign function calls ... OK
* checking R code for possible problems ... OK
* checking Rd files ... OK
* checking Rd metadata ... OK
* checking Rd cross-references ... OK
* checking for missing documentation entries ... OK
* checking for code/documentation mismatches ... OK
* checking Rd \usage sections ... OK
* checking Rd contents ... OK
* checking for unstated dependencies in examples ... OK
* checking contents of ‘data’ directory ... OK
* checking data for non-ASCII characters ... OK
* checking data for ASCII and uncompressed saves ... WARNING
Note: significantly better compression could be obtained
by using R CMD build --resave-data
old_size new_size compress
Exp1_R25_pept.RData 2.2Mb 1.3Mb xz
Exp1_R25_prot.RData 1.1Mb 598Kb xz
Exp1_R2_pept.RData 1.8Mb 993Kb xz
Exp1_R2_prot.RData 1.1Mb 591Kb xz
Exp2_R100_pept.RData 1.0Mb 580Kb xz
Exp2_R100_prot.RData 556Kb 260Kb xz
Exp2_R10_pept.RData 1.0Mb 575Kb xz
Exp2_R10_prot.RData 564Kb 262Kb xz
Exp2_R2_pept.RData 1011Kb 556Kb xz
Exp2_R2_prot.RData 561Kb 257Kb xz
* checking installed files from ‘inst/doc’ ... OK
* checking examples ... OK
* checking PDF version of manual ... OK
* DONE
Status: 1 WARNING, 1 NOTE
See
‘/home/biocbuild/bbs-3.6-data-experiment/meat/DAPARdata.Rcheck/00check.log’
for details.
DAPARdata.Rcheck/00install.out
* installing *source* package ‘DAPARdata’ ... ** R ** data ** inst ** preparing package for lazy loading ** help *** installing help indices ** building package indices ** testing if installed package can be loaded * DONE (DAPARdata)
DAPARdata.Rcheck/DAPARdata-Ex.timings
| name | user | system | elapsed | |
| DAPARdata | 0.004 | 0.008 | 0.017 | |