| Back to Multiple platform build/check report for BioC 3.6 | 
  | 
This page was generated on 2018-04-12 13:23:20 -0400 (Thu, 12 Apr 2018).
| Package 964/1472 | Hostname | OS / Arch | INSTALL | BUILD | CHECK | BUILD BIN | ||||||
| omicade4 1.18.0 Chen Meng 
  | malbec1 | Linux (Ubuntu 16.04.1 LTS) / x86_64 | OK | OK | OK | |||||||
| tokay1 | Windows Server 2012 R2 Standard / x64 | OK | OK | [ WARNINGS ] | OK | |||||||
| veracruz1 | OS X 10.11.6 El Capitan / x86_64 | OK | OK | OK | OK | 
| Package: omicade4 | 
| Version: 1.18.0 | 
| Command: rm -rf omicade4.buildbin-libdir omicade4.Rcheck && mkdir omicade4.buildbin-libdir omicade4.Rcheck && C:\Users\biocbuild\bbs-3.6-bioc\R\bin\R.exe CMD INSTALL --build --merge-multiarch --library=omicade4.buildbin-libdir omicade4_1.18.0.tar.gz >omicade4.Rcheck\00install.out 2>&1 && cp omicade4.Rcheck\00install.out omicade4-install.out && C:\Users\biocbuild\bbs-3.6-bioc\R\bin\R.exe CMD check --library=omicade4.buildbin-libdir --install="check:omicade4-install.out" --force-multiarch --no-vignettes --timings omicade4_1.18.0.tar.gz | 
| StartedAt: 2018-04-12 01:53:26 -0400 (Thu, 12 Apr 2018) | 
| EndedAt: 2018-04-12 01:54:26 -0400 (Thu, 12 Apr 2018) | 
| EllapsedTime: 60.1 seconds | 
| RetCode: 0 | 
| Status: WARNINGS | 
| CheckDir: omicade4.Rcheck | 
| Warnings: 1 | 
############################################################################## ############################################################################## ### ### Running command: ### ### rm -rf omicade4.buildbin-libdir omicade4.Rcheck && mkdir omicade4.buildbin-libdir omicade4.Rcheck && C:\Users\biocbuild\bbs-3.6-bioc\R\bin\R.exe CMD INSTALL --build --merge-multiarch --library=omicade4.buildbin-libdir omicade4_1.18.0.tar.gz >omicade4.Rcheck\00install.out 2>&1 && cp omicade4.Rcheck\00install.out omicade4-install.out && C:\Users\biocbuild\bbs-3.6-bioc\R\bin\R.exe CMD check --library=omicade4.buildbin-libdir --install="check:omicade4-install.out" --force-multiarch --no-vignettes --timings omicade4_1.18.0.tar.gz ### ############################################################################## ############################################################################## * using log directory 'C:/Users/biocbuild/bbs-3.6-bioc/meat/omicade4.Rcheck' * using R version 3.4.4 (2018-03-15) * using platform: x86_64-w64-mingw32 (64-bit) * using session charset: ISO8859-1 * using option '--no-vignettes' * checking for file 'omicade4/DESCRIPTION' ... OK * checking extension type ... Package * this is package 'omicade4' version '1.18.0' * checking package namespace information ... OK * checking package dependencies ... OK * checking if this is a source package ... OK * checking if there is a namespace ... OK * checking for hidden files and directories ... OK * checking for portable file names ... OK * checking whether package 'omicade4' can be installed ... WARNING Found the following significant warnings: Rd warning: C:/Users/biocbuild/bbs-3.6-bioc/tmpdir/RtmpEJlUV8/R.INSTALL2d044cb524de/omicade4/man/omicade4-package.Rd:48: missing file link 'ade4' See 'C:/Users/biocbuild/bbs-3.6-bioc/meat/omicade4.Rcheck/00install.out' for details. * checking installed package size ... OK * checking package directory ... OK * checking 'build' directory ... OK * checking DESCRIPTION meta-information ... NOTE Malformed Description field: should contain one or more complete sentences. * checking top-level files ... OK * checking for left-over files ... OK * checking index information ... OK * checking package subdirectories ... OK * checking R files for non-ASCII characters ... OK * checking R files for syntax errors ... OK * loading checks for arch 'i386' ** checking whether the package can be loaded ... OK ** checking whether the package can be loaded with stated dependencies ... OK ** checking whether the package can be unloaded cleanly ... OK ** checking whether the namespace can be loaded with stated dependencies ... OK ** checking whether the namespace can be unloaded cleanly ... OK * loading checks for arch 'x64' ** checking whether the package can be loaded ... OK ** checking whether the package can be loaded with stated dependencies ... OK ** checking whether the package can be unloaded cleanly ... OK ** checking whether the namespace can be loaded with stated dependencies ... OK ** checking whether the namespace can be unloaded cleanly ... OK * checking dependencies in R code ... NOTE Unexported objects imported by ':::' calls: 'ade4:::t.dudi' 'made4:::dudi.rwcoa' 'made4:::getdata' See the note in ?`:::` about the use of this operator. * checking S3 generic/method consistency ... OK * checking replacement functions ... OK * checking foreign function calls ... OK * checking R code for possible problems ... OK * checking Rd files ... OK * checking Rd metadata ... OK * checking Rd cross-references ... OK * checking for missing documentation entries ... OK * checking for code/documentation mismatches ... OK * checking Rd \usage sections ... OK * checking Rd contents ... OK * checking for unstated dependencies in examples ... OK * checking contents of 'data' directory ... OK * checking data for non-ASCII characters ... OK * checking data for ASCII and uncompressed saves ... OK * checking installed files from 'inst/doc' ... OK * checking files in 'vignettes' ... OK * checking examples ... ** running examples for arch 'i386' ... OK ** running examples for arch 'x64' ... OK * checking for unstated dependencies in vignettes ... OK * checking package vignettes in 'inst/doc' ... OK * checking running R code from vignettes ... SKIPPED * checking re-building of vignette outputs ... SKIPPED * checking PDF version of manual ... OK * DONE Status: 1 WARNING, 2 NOTEs See 'C:/Users/biocbuild/bbs-3.6-bioc/meat/omicade4.Rcheck/00check.log' for details.
omicade4.Rcheck/00install.out
install for i386
* installing *source* package 'omicade4' ...
** R
** data
** inst
** preparing package for lazy loading
** help
*** installing help indices
  converting help for package 'omicade4'
    finding HTML links ... done
    NCI60_4arrays                           html  
    mcia                                    html  
    omicade4-package                        html  
Rd warning: C:/Users/biocbuild/bbs-3.6-bioc/tmpdir/RtmpEJlUV8/R.INSTALL2d044cb524de/omicade4/man/omicade4-package.Rd:48: missing file link 'ade4'
    plotVar                                 html  
    plotVar.cia                             html  
    plotVar.mcia                            html  
    selectVar                               html  
    selectVar.cia                           html  
    selectVar.mcia                          html  
    topVar                                  html  
    topVar.cia                              html  
    topVar.mcia                             html  
** building package indices
** installing vignettes
** testing if installed package can be loaded
In R CMD INSTALL
install for x64
* installing *source* package 'omicade4' ...
** testing if installed package can be loaded
* MD5 sums
packaged installation of 'omicade4' as omicade4_1.18.0.zip
* DONE (omicade4)
In R CMD INSTALL
In R CMD INSTALL
| 
 omicade4.Rcheck/examples_i386/omicade4-Ex.timings 
  | 
 omicade4.Rcheck/examples_x64/omicade4-Ex.timings 
  |