| Back to Multiple platform build/check report for BioC 3.6 |
|
This page was generated on 2018-04-12 13:32:13 -0400 (Thu, 12 Apr 2018).
| Package 477/1472 | Hostname | OS / Arch | INSTALL | BUILD | CHECK | BUILD BIN | ||||||
| flowCore 1.44.2 M.Jiang
| malbec1 | Linux (Ubuntu 16.04.1 LTS) / x86_64 | OK | OK | WARNINGS | |||||||
| tokay1 | Windows Server 2012 R2 Standard / x64 | OK | OK | WARNINGS | OK | |||||||
| veracruz1 | OS X 10.11.6 El Capitan / x86_64 | OK | OK | [ WARNINGS ] | OK |
| Package: flowCore |
| Version: 1.44.2 |
| Command: /Library/Frameworks/R.framework/Versions/Current/Resources/bin/R CMD check --no-vignettes --timings flowCore_1.44.2.tar.gz |
| StartedAt: 2018-04-12 03:44:34 -0400 (Thu, 12 Apr 2018) |
| EndedAt: 2018-04-12 03:47:48 -0400 (Thu, 12 Apr 2018) |
| EllapsedTime: 193.4 seconds |
| RetCode: 0 |
| Status: WARNINGS |
| CheckDir: flowCore.Rcheck |
| Warnings: 1 |
##############################################################################
##############################################################################
###
### Running command:
###
### /Library/Frameworks/R.framework/Versions/Current/Resources/bin/R CMD check --no-vignettes --timings flowCore_1.44.2.tar.gz
###
##############################################################################
##############################################################################
* using log directory ‘/Users/biocbuild/bbs-3.6-bioc/meat/flowCore.Rcheck’
* using R version 3.4.4 (2018-03-15)
* using platform: x86_64-apple-darwin15.6.0 (64-bit)
* using session charset: UTF-8
* using option ‘--no-vignettes’
* checking for file ‘flowCore/DESCRIPTION’ ... OK
* this is package ‘flowCore’ version ‘1.44.2’
* checking package namespace information ... OK
* checking package dependencies ... OK
* checking if this is a source package ... OK
* checking if there is a namespace ... OK
* checking for hidden files and directories ... OK
* checking for portable file names ... OK
* checking for sufficient/correct file permissions ... OK
* checking whether package ‘flowCore’ can be installed ... OK
* checking installed package size ... NOTE
installed size is 8.4Mb
sub-directories of 1Mb or more:
data 5.0Mb
extdata 1.1Mb
* checking package directory ... OK
* checking ‘build’ directory ... OK
* checking DESCRIPTION meta-information ... NOTE
Versioned 'LinkingTo' value for ‘BH’ is only usable in R >= 3.0.2
* checking top-level files ... OK
* checking for left-over files ... OK
* checking index information ... OK
* checking package subdirectories ... OK
* checking R files for non-ASCII characters ... OK
* checking R files for syntax errors ... OK
* checking whether the package can be loaded ... OK
* checking whether the package can be loaded with stated dependencies ... OK
* checking whether the package can be unloaded cleanly ... OK
* checking whether the namespace can be loaded with stated dependencies ... OK
* checking whether the namespace can be unloaded cleanly ... OK
* checking dependencies in R code ... OK
* checking S3 generic/method consistency ... OK
* checking replacement functions ... OK
* checking foreign function calls ... OK
* checking R code for possible problems ... NOTE
rbind2,flowSet-flowSet: warning in assign(i, x[[i]], env = env):
partial argument match of 'env' to 'envir'
rbind2,flowSet-flowSet: warning in assign(i, y[[i]], env = env):
partial argument match of 'env' to 'envir'
%in%,flowFrame-norm2Filter: no visible global function definition for
‘cov.rob’
plot,workFlow-missing: no visible binding for global variable
‘Rgraphviz’
spillover,flowSet: no visible global function definition for
‘devAskNewPage’
spillover,flowSet : <anonymous>: no visible global function definition
for ‘rangeGate’
spillover,flowSet : <anonymous>: no visible global function definition
for ‘density’
spillover,flowSet : <anonymous>: no visible global function definition
for ‘abline’
spillover,flowSet : <anonymous> : <anonymous>: no visible global
function definition for ‘density’
split,flowFrame-factor: no visible binding for global variable ‘i’
summary,workFlow: no visible binding for global variable ‘wf’
Undefined global functions or variables:
Rgraphviz abline cov.rob density devAskNewPage i rangeGate wf
Consider adding
importFrom("grDevices", "devAskNewPage")
importFrom("graphics", "abline")
importFrom("stats", "density")
to your NAMESPACE file.
* checking Rd files ... OK
* checking Rd metadata ... OK
* checking Rd cross-references ... OK
* checking for missing documentation entries ... WARNING
Undocumented code objects:
‘sort’
All user-level objects in a package should have documentation entries.
See chapter ‘Writing R documentation files’ in the ‘Writing R
Extensions’ manual.
* checking for code/documentation mismatches ... OK
* checking Rd \usage sections ... OK
* checking Rd contents ... OK
* checking for unstated dependencies in examples ... OK
* checking contents of ‘data’ directory ... OK
* checking data for non-ASCII characters ... OK
* checking data for ASCII and uncompressed saves ... OK
* checking line endings in C/C++/Fortran sources/headers ... OK
* checking line endings in Makefiles ... OK
* checking compilation flags in Makevars ... OK
* checking for GNU extensions in Makefiles ... OK
* checking for portable use of $(BLAS_LIBS) and $(LAPACK_LIBS) ... OK
* checking compiled code ... OK
* checking sizes of PDF files under ‘inst/doc’ ... OK
* checking installed files from ‘inst/doc’ ... OK
* checking files in ‘vignettes’ ... OK
* checking examples ... OK
* checking for unstated dependencies in ‘tests’ ... OK
* checking tests ...
Running ‘testthat.R’
OK
* checking for unstated dependencies in vignettes ... OK
* checking package vignettes in ‘inst/doc’ ... OK
* checking running R code from vignettes ... SKIPPED
* checking re-building of vignette outputs ... SKIPPED
* checking PDF version of manual ... OK
* DONE
Status: 1 WARNING, 3 NOTEs
See
‘/Users/biocbuild/bbs-3.6-bioc/meat/flowCore.Rcheck/00check.log’
for details.
flowCore.Rcheck/00install.out
* installing *source* package ‘flowCore’ ...
** libs
clang++ -std=gnu++11 -I/Library/Frameworks/R.framework/Resources/include -DNDEBUG -I"/Library/Frameworks/R.framework/Versions/3.4/Resources/library/Rcpp/include" -I"/Library/Frameworks/R.framework/Versions/3.4/Resources/library/BH/include" -I/usr/local/include -fPIC -Wall -g -O2 -c FastLogicle.cpp -o FastLogicle.o
clang++ -std=gnu++11 -I/Library/Frameworks/R.framework/Resources/include -DNDEBUG -I"/Library/Frameworks/R.framework/Versions/3.4/Resources/library/Rcpp/include" -I"/Library/Frameworks/R.framework/Versions/3.4/Resources/library/BH/include" -I/usr/local/include -fPIC -Wall -g -O2 -c Hyperlog.cpp -o Hyperlog.o
clang++ -std=gnu++11 -I/Library/Frameworks/R.framework/Resources/include -DNDEBUG -I"/Library/Frameworks/R.framework/Versions/3.4/Resources/library/Rcpp/include" -I"/Library/Frameworks/R.framework/Versions/3.4/Resources/library/BH/include" -I/usr/local/include -fPIC -Wall -g -O2 -c Logicle.cpp -o Logicle.o
clang++ -std=gnu++11 -I/Library/Frameworks/R.framework/Resources/include -DNDEBUG -I"/Library/Frameworks/R.framework/Versions/3.4/Resources/library/Rcpp/include" -I"/Library/Frameworks/R.framework/Versions/3.4/Resources/library/BH/include" -I/usr/local/include -fPIC -Wall -g -O2 -c RcppExports.cpp -o RcppExports.o
clang++ -std=gnu++11 -I/Library/Frameworks/R.framework/Resources/include -DNDEBUG -I"/Library/Frameworks/R.framework/Versions/3.4/Resources/library/Rcpp/include" -I"/Library/Frameworks/R.framework/Versions/3.4/Resources/library/BH/include" -I/usr/local/include -fPIC -Wall -g -O2 -c biexponential.cpp -o biexponential.o
clang++ -std=gnu++11 -I/Library/Frameworks/R.framework/Resources/include -DNDEBUG -I"/Library/Frameworks/R.framework/Versions/3.4/Resources/library/Rcpp/include" -I"/Library/Frameworks/R.framework/Versions/3.4/Resources/library/BH/include" -I/usr/local/include -fPIC -Wall -g -O2 -c convertRawBytes.cpp -o convertRawBytes.o
clang++ -std=gnu++11 -I/Library/Frameworks/R.framework/Resources/include -DNDEBUG -I"/Library/Frameworks/R.framework/Versions/3.4/Resources/library/Rcpp/include" -I"/Library/Frameworks/R.framework/Versions/3.4/Resources/library/BH/include" -I/usr/local/include -fPIC -Wall -g -O2 -c fcsTextParse.cpp -o fcsTextParse.o
fcsTextParse.cpp:39:17: warning: comparison of constant 256 with expression of type 'char' is always true [-Wtautological-constant-out-of-range-compare]
for(; oddChar < 256; oddChar++)
˜˜˜˜˜˜˜ ^ ˜˜˜
fcsTextParse.cpp:47:13: warning: comparison of constant 256 with expression of type 'char' is always false [-Wtautological-constant-out-of-range-compare]
if(oddChar==256)
˜˜˜˜˜˜˜^ ˜˜˜
2 warnings generated.
clang++ -std=gnu++11 -I/Library/Frameworks/R.framework/Resources/include -DNDEBUG -I"/Library/Frameworks/R.framework/Versions/3.4/Resources/library/Rcpp/include" -I"/Library/Frameworks/R.framework/Versions/3.4/Resources/library/BH/include" -I/usr/local/include -fPIC -Wall -g -O2 -c hyperlogTransform.cpp -o hyperlogTransform.o
clang++ -std=gnu++11 -I/Library/Frameworks/R.framework/Resources/include -DNDEBUG -I"/Library/Frameworks/R.framework/Versions/3.4/Resources/library/Rcpp/include" -I"/Library/Frameworks/R.framework/Versions/3.4/Resources/library/BH/include" -I/usr/local/include -fPIC -Wall -g -O2 -c inPolygon.cpp -o inPolygon.o
clang++ -std=gnu++11 -I/Library/Frameworks/R.framework/Resources/include -DNDEBUG -I"/Library/Frameworks/R.framework/Versions/3.4/Resources/library/Rcpp/include" -I"/Library/Frameworks/R.framework/Versions/3.4/Resources/library/BH/include" -I/usr/local/include -fPIC -Wall -g -O2 -c inPolytope.cpp -o inPolytope.o
clang++ -std=gnu++11 -I/Library/Frameworks/R.framework/Resources/include -DNDEBUG -I"/Library/Frameworks/R.framework/Versions/3.4/Resources/library/Rcpp/include" -I"/Library/Frameworks/R.framework/Versions/3.4/Resources/library/BH/include" -I/usr/local/include -fPIC -Wall -g -O2 -c logicleTransform.cpp -o logicleTransform.o
clang++ -std=gnu++11 -I/Library/Frameworks/R.framework/Resources/include -DNDEBUG -I"/Library/Frameworks/R.framework/Versions/3.4/Resources/library/Rcpp/include" -I"/Library/Frameworks/R.framework/Versions/3.4/Resources/library/BH/include" -I/usr/local/include -fPIC -Wall -g -O2 -c pairVectorRcppWrap.cpp -o pairVectorRcppWrap.o
clang++ -std=gnu++11 -I/Library/Frameworks/R.framework/Resources/include -DNDEBUG -I"/Library/Frameworks/R.framework/Versions/3.4/Resources/library/Rcpp/include" -I"/Library/Frameworks/R.framework/Versions/3.4/Resources/library/BH/include" -I/usr/local/include -fPIC -Wall -g -O2 -c sortBytes.cpp -o sortBytes.o
clang++ -std=gnu++11 -I/Library/Frameworks/R.framework/Resources/include -DNDEBUG -I"/Library/Frameworks/R.framework/Versions/3.4/Resources/library/Rcpp/include" -I"/Library/Frameworks/R.framework/Versions/3.4/Resources/library/BH/include" -I/usr/local/include -fPIC -Wall -g -O2 -c uint2double.cpp -o uint2double.o
clang++ -std=gnu++11 -I/Library/Frameworks/R.framework/Resources/include -DNDEBUG -I"/Library/Frameworks/R.framework/Versions/3.4/Resources/library/Rcpp/include" -I"/Library/Frameworks/R.framework/Versions/3.4/Resources/library/BH/include" -I/usr/local/include -fPIC -Wall -g -O2 -c zeroin.cpp -o zeroin.o
clang++ -std=gnu++11 -dynamiclib -Wl,-headerpad_max_install_names -undefined dynamic_lookup -single_module -multiply_defined suppress -L/Library/Frameworks/R.framework/Resources/lib -L/usr/local/lib -o flowCore.so FastLogicle.o Hyperlog.o Logicle.o RcppExports.o biexponential.o convertRawBytes.o fcsTextParse.o hyperlogTransform.o inPolygon.o inPolytope.o logicleTransform.o pairVectorRcppWrap.o sortBytes.o uint2double.o zeroin.o -F/Library/Frameworks/R.framework/.. -framework R -Wl,-framework -Wl,CoreFoundation
if [ `uname -s` = 'Darwin' ]; then install_name_tool -change /usr/local/clang4/lib/libc++.1.dylib /usr/lib/libc++.1.dylib flowCore.so; fi
installing to /Users/biocbuild/bbs-3.6-bioc/meat/flowCore.Rcheck/flowCore/libs
** R
** data
** inst
** preparing package for lazy loading
Creating a new generic function for ‘sort’ in package ‘flowCore’
** help
*** installing help indices
** building package indices
** installing vignettes
** testing if installed package can be loaded
* DONE (flowCore)
flowCore.Rcheck/tests/testthat.Rout
R version 3.4.4 (2018-03-15) -- "Someone to Lean On"
Copyright (C) 2018 The R Foundation for Statistical Computing
Platform: x86_64-apple-darwin15.6.0 (64-bit)
R is free software and comes with ABSOLUTELY NO WARRANTY.
You are welcome to redistribute it under certain conditions.
Type 'license()' or 'licence()' for distribution details.
R is a collaborative project with many contributors.
Type 'contributors()' for more information and
'citation()' on how to cite R or R packages in publications.
Type 'demo()' for some demos, 'help()' for on-line help, or
'help.start()' for an HTML browser interface to help.
Type 'q()' to quit R.
> library(testthat)
> library(flowCore)
Attaching package: 'flowCore'
The following object is masked from 'package:base':
sort
>
>
> test_check("flowCore")
══ testthat results ═══════════════════════════════════════════════════════════
OK: 140 SKIPPED: 2 FAILED: 0
>
> #devtools::test("˜/rglab/workspace/flowCore")
> #the FCS files are not included in package due to the size , thus only for internal testing
> #test_file("/home/wjiang2/rglab/workspace/flowCore/tests/testthat/IO-testSuite.R")
>
> proc.time()
user system elapsed
8.701 0.341 9.217
flowCore.Rcheck/flowCore-Ex.timings
| name | user | system | elapsed | |
| EHtrans-class | 0.083 | 0.008 | 0.092 | |
| FCSTransTransform | 1.083 | 0.059 | 1.163 | |
| Subset-methods | 0.938 | 0.027 | 0.976 | |
| actionItem-class | 0.002 | 0.000 | 0.002 | |
| arcsinhTransform | 0.103 | 0.002 | 0.106 | |
| asinht-class | 0.026 | 0.002 | 0.029 | |
| asinhtGml2-class | 0.032 | 0.004 | 0.035 | |
| biexponentialTransform | 3.088 | 0.101 | 3.244 | |
| boundaryFilter-class | 0.079 | 0.003 | 0.085 | |
| characterOrTransformation-class | 0.001 | 0.000 | 0.002 | |
| coerce | 0.056 | 0.004 | 0.061 | |
| compensateActionItem-class | 0.002 | 0.000 | 0.002 | |
| compensateView-class | 0.001 | 0.000 | 0.001 | |
| compensatedParameter-class | 0.356 | 0.019 | 0.381 | |
| compensation-class | 0.341 | 0.039 | 0.389 | |
| dg1polynomial-class | 0.024 | 0.001 | 0.025 | |
| each_col-methods | 0.029 | 0.002 | 0.032 | |
| ellipsoidGate | 0.087 | 0.003 | 0.093 | |
| exponential-class | 0.025 | 0.003 | 0.029 | |
| expressionFilter-class | 0.092 | 0.004 | 0.098 | |
| fcReference-class | 0.002 | 0.001 | 0.003 | |
| filter-methods | 0.713 | 0.054 | 0.778 | |
| filter-on-methods | 0.079 | 0.011 | 0.091 | |
| filterList-class | 0.020 | 0.000 | 0.021 | |
| filterResult-class | 0.002 | 0.000 | 0.002 | |
| filterResultList-class | 0.002 | 0.000 | 0.002 | |
| filterSummary-class | 0.001 | 0.000 | 0.001 | |
| filterSummaryList-class | 0.001 | 0.000 | 0.001 | |
| flowFrame-class | 2.823 | 0.134 | 3.008 | |
| flowSet-class | 2.316 | 0.088 | 2.443 | |
| fsApply | 0.117 | 0.010 | 0.132 | |
| gateActionItem-class | 0.002 | 0.001 | 0.001 | |
| gateView-class | 0.001 | 0.000 | 0.001 | |
| getIndexSort-methods | 0.023 | 0.002 | 0.025 | |
| hyperlog-class | 1.532 | 0.003 | 1.564 | |
| hyperlogtGml2-class | 0.030 | 0.001 | 0.030 | |
| identifier-methods | 0.019 | 0.001 | 0.020 | |
| inverseLogicleTransform | 0.586 | 0.048 | 0.641 | |
| invsplitscale-class | 0.033 | 0.013 | 0.046 | |
| keyword-methods | 0.604 | 0.050 | 0.662 | |
| kmeansFilter | 0.183 | 0.011 | 0.195 | |
| linearTransform | 0.034 | 0.001 | 0.035 | |
| lintGml2-class | 0.030 | 0.002 | 0.033 | |
| lnTransform | 1.071 | 0.080 | 1.176 | |
| logTransform | 0.035 | 0.002 | 0.035 | |
| logarithm-class | 0.025 | 0.002 | 0.027 | |
| logicalFilterResult-class | 0.001 | 0.000 | 0.001 | |
| logicleTransform | 0.747 | 0.052 | 0.813 | |
| logicletGml2-class | 0.040 | 0.002 | 0.043 | |
| logtGml2-class | 0.026 | 0.002 | 0.028 | |
| manyFilterResult-class | 0.001 | 0.000 | 0.001 | |
| markernames | 0.527 | 0.044 | 0.586 | |
| multipleFilterResult-class | 0.001 | 0.000 | 0.002 | |
| norm2Filter-class | 0.126 | 0.005 | 0.133 | |
| normalizeActionItem-class | 0.002 | 0.000 | 0.001 | |
| normalizeView-class | 0.001 | 0.000 | 0.001 | |
| parameters-methods | 0.027 | 0.002 | 0.029 | |
| polygonGate | 0.058 | 0.004 | 0.061 | |
| quadGate | 0.161 | 0.009 | 0.174 | |
| quadratic-class | 0.025 | 0.001 | 0.027 | |
| quadraticTransform | 0.029 | 0.002 | 0.031 | |
| ratio-class | 0.028 | 0.001 | 0.028 | |
| ratiotGml2-class | 0.024 | 0.001 | 0.025 | |
| read.FCS | 0.045 | 0.002 | 0.052 | |
| read.FCSheader | 0.018 | 0.001 | 0.021 | |
| read.flowSet | 0.086 | 0.003 | 0.091 | |
| rectangleGate | 0.100 | 0.002 | 0.107 | |
| sampleFilter-class | 0.044 | 0.002 | 0.046 | |
| scaleTransform | 0.037 | 0.002 | 0.043 | |
| singleParameterTransform-class | 0.001 | 0.000 | 0.002 | |
| sinht-class | 0.026 | 0.000 | 0.027 | |
| split-methods | 1.191 | 0.070 | 1.283 | |
| splitScaleTransform | 0.978 | 0.073 | 1.064 | |
| splitscale-class | 0.024 | 0.002 | 0.027 | |
| squareroot-class | 0.028 | 0.004 | 0.031 | |
| subsettingActionItem-class | 0.001 | 0.000 | 0.002 | |
| subsettingView-class | 0.001 | 0.000 | 0.001 | |
| timeFilter-class | 1.368 | 0.066 | 1.464 | |
| transform-class | 0.003 | 0.000 | 0.002 | |
| transformActionItem-class | 0.001 | 0.001 | 0.001 | |
| transformFilter-class | 0.143 | 0.003 | 0.146 | |
| transformList-class | 0.597 | 0.050 | 0.653 | |
| transformMap-class | 0.001 | 0.000 | 0.001 | |
| transformView-class | 0.002 | 0.001 | 0.002 | |
| truncateTransform | 0.036 | 0.011 | 0.048 | |
| unitytransform-class | 0.023 | 0.000 | 0.024 | |
| view-class | 0.001 | 0.000 | 0.001 | |
| workFlow-class | 0.002 | 0.000 | 0.003 | |
| write.FCS | 0.087 | 0.004 | 0.097 | |
| write.flowSet | 1.053 | 0.070 | 1.135 | |