| Back to Multiple platform build/check report for BioC 3.6 | 
 | 
This page was generated on 2018-04-12 13:23:47 -0400 (Thu, 12 Apr 2018).
| Package 1323/1472 | Hostname | OS / Arch | INSTALL | BUILD | CHECK | BUILD BIN | ||||||
| SomaticSignatures 2.14.0 Julian Gehring 
 | malbec1 | Linux (Ubuntu 16.04.1 LTS) / x86_64 | OK | OK | OK |  | ||||||
| tokay1 | Windows Server 2012 R2 Standard / x64 | OK | OK | [ WARNINGS ] | OK |  | ||||||
| veracruz1 | OS X 10.11.6 El Capitan / x86_64 | OK | OK | OK | OK |  | 
| Package: SomaticSignatures | 
| Version: 2.14.0 | 
| Command: rm -rf SomaticSignatures.buildbin-libdir SomaticSignatures.Rcheck && mkdir SomaticSignatures.buildbin-libdir SomaticSignatures.Rcheck && C:\Users\biocbuild\bbs-3.6-bioc\R\bin\R.exe CMD INSTALL --build --merge-multiarch --library=SomaticSignatures.buildbin-libdir SomaticSignatures_2.14.0.tar.gz >SomaticSignatures.Rcheck\00install.out 2>&1 && cp SomaticSignatures.Rcheck\00install.out SomaticSignatures-install.out && C:\Users\biocbuild\bbs-3.6-bioc\R\bin\R.exe CMD check --library=SomaticSignatures.buildbin-libdir --install="check:SomaticSignatures-install.out" --force-multiarch --no-vignettes --timings SomaticSignatures_2.14.0.tar.gz | 
| StartedAt: 2018-04-12 03:18:54 -0400 (Thu, 12 Apr 2018) | 
| EndedAt: 2018-04-12 03:27:57 -0400 (Thu, 12 Apr 2018) | 
| EllapsedTime: 542.6 seconds | 
| RetCode: 0 | 
| Status: WARNINGS | 
| CheckDir: SomaticSignatures.Rcheck | 
| Warnings: 1 | 
##############################################################################
##############################################################################
###
### Running command:
###
###   rm -rf SomaticSignatures.buildbin-libdir SomaticSignatures.Rcheck && mkdir SomaticSignatures.buildbin-libdir SomaticSignatures.Rcheck && C:\Users\biocbuild\bbs-3.6-bioc\R\bin\R.exe CMD INSTALL --build --merge-multiarch --library=SomaticSignatures.buildbin-libdir SomaticSignatures_2.14.0.tar.gz >SomaticSignatures.Rcheck\00install.out 2>&1 && cp SomaticSignatures.Rcheck\00install.out SomaticSignatures-install.out  &&  C:\Users\biocbuild\bbs-3.6-bioc\R\bin\R.exe CMD check --library=SomaticSignatures.buildbin-libdir --install="check:SomaticSignatures-install.out" --force-multiarch --no-vignettes --timings SomaticSignatures_2.14.0.tar.gz
###
##############################################################################
##############################################################################
* using log directory 'C:/Users/biocbuild/bbs-3.6-bioc/meat/SomaticSignatures.Rcheck'
* using R version 3.4.4 (2018-03-15)
* using platform: x86_64-w64-mingw32 (64-bit)
* using session charset: ISO8859-1
* using option '--no-vignettes'
* checking for file 'SomaticSignatures/DESCRIPTION' ... OK
* checking extension type ... Package
* this is package 'SomaticSignatures' version '2.14.0'
* checking package namespace information ... OK
* checking package dependencies ... OK
* checking if this is a source package ... OK
* checking if there is a namespace ... OK
* checking for hidden files and directories ... OK
* checking for portable file names ... OK
* checking whether package 'SomaticSignatures' can be installed ... WARNING
Found the following significant warnings:
  Rd warning: C:/Users/biocbuild/bbs-3.6-bioc/tmpdir/RtmpywBxP1/R.INSTALL3450379b6a56/SomaticSignatures/man/decomposition-functions.Rd:75: missing file link 'NMF'
  Rd warning: C:/Users/biocbuild/bbs-3.6-bioc/tmpdir/RtmpywBxP1/R.INSTALL3450379b6a56/SomaticSignatures/man/number-signatures.Rd:98: missing file link 'evar'
See 'C:/Users/biocbuild/bbs-3.6-bioc/meat/SomaticSignatures.Rcheck/00install.out' for details.
* checking installed package size ... OK
* checking package directory ... OK
* checking 'build' directory ... OK
* checking DESCRIPTION meta-information ... NOTE
Package listed in more than one of Depends, Imports, Suggests, Enhances:
  'NMF'
A package should be listed in only one of these fields.
* checking top-level files ... OK
* checking for left-over files ... OK
* checking index information ... OK
* checking package subdirectories ... OK
* checking R files for non-ASCII characters ... OK
* checking R files for syntax errors ... OK
* loading checks for arch 'i386'
** checking whether the package can be loaded ... OK
** checking whether the package can be loaded with stated dependencies ... OK
** checking whether the package can be unloaded cleanly ... OK
** checking whether the namespace can be loaded with stated dependencies ... OK
** checking whether the namespace can be unloaded cleanly ... OK
* loading checks for arch 'x64'
** checking whether the package can be loaded ... OK
** checking whether the package can be loaded with stated dependencies ... OK
** checking whether the package can be unloaded cleanly ... OK
** checking whether the namespace can be loaded with stated dependencies ... OK
** checking whether the namespace can be unloaded cleanly ... OK
* checking dependencies in R code ... OK
* checking S3 generic/method consistency ... OK
* checking replacement functions ... OK
* checking foreign function calls ... OK
* checking R code for possible problems ... OK
* checking Rd files ... OK
* checking Rd metadata ... OK
* checking Rd cross-references ... OK
* checking for missing documentation entries ... OK
* checking for code/documentation mismatches ... OK
* checking Rd \usage sections ... OK
* checking Rd contents ... OK
* checking for unstated dependencies in examples ... OK
* checking contents of 'data' directory ... OK
* checking data for non-ASCII characters ... OK
* checking data for ASCII and uncompressed saves ... OK
* checking installed files from 'inst/doc' ... OK
* checking files in 'vignettes' ... OK
* checking examples ...
** running examples for arch 'i386' ... OK
Examples with CPU or elapsed time > 5s
                   user system elapsed
number-signatures 12.37   0.09   12.47
** running examples for arch 'x64' ... OK
Examples with CPU or elapsed time > 5s
                   user system elapsed
number-signatures 19.35   0.08   19.42
* checking for unstated dependencies in 'tests' ... OK
* checking tests ...
** running tests for arch 'i386' ...
  Running 'testthat.R'
 OK
** running tests for arch 'x64' ...
  Running 'testthat.R'
 OK
* checking for unstated dependencies in vignettes ... OK
* checking package vignettes in 'inst/doc' ... OK
* checking running R code from vignettes ... SKIPPED
* checking re-building of vignette outputs ... SKIPPED
* checking PDF version of manual ... OK
* DONE
Status: 1 WARNING, 1 NOTE
See
  'C:/Users/biocbuild/bbs-3.6-bioc/meat/SomaticSignatures.Rcheck/00check.log'
for details.
SomaticSignatures.Rcheck/00install.out
install for i386
* installing *source* package 'SomaticSignatures' ...
** R
** data
** inst
** byte-compile and prepare package for lazy loading
** help
*** installing help indices
  converting help for package 'SomaticSignatures'
    finding HTML links ... done
    MutationalSignatures-class              html  
    SomaticSignatures-package               html  
    cluster-spetrum                         html  
    decomposition-functions                 html  
Rd warning: C:/Users/biocbuild/bbs-3.6-bioc/tmpdir/RtmpywBxP1/R.INSTALL3450379b6a56/SomaticSignatures/man/decomposition-functions.Rd:75: missing file link 'NMF'
    gc                                      html  
    granges-utils                           html  
    finding level-2 HTML links ... done
    hs-chrs                                 html  
    kmers-data                              html  
    kmers                                   html  
    motif-functions                         html  
    mutation-context                        html  
    mutation-distribution                   html  
    mutational-normalization                html  
    mutational-plots                        html  
    mutational-signatures                   html  
    mutect                                  html  
    number-signatures                       html  
Rd warning: C:/Users/biocbuild/bbs-3.6-bioc/tmpdir/RtmpywBxP1/R.INSTALL3450379b6a56/SomaticSignatures/man/number-signatures.Rd:98: missing file link 'evar'
    sca-data                                html  
    signature-plot-functions                html  
    signatures21-data                       html  
    utils                                   html  
** building package indices
** installing vignettes
** testing if installed package can be loaded
In R CMD INSTALL
install for x64
* installing *source* package 'SomaticSignatures' ...
** testing if installed package can be loaded
* MD5 sums
packaged installation of 'SomaticSignatures' as SomaticSignatures_2.14.0.zip
* DONE (SomaticSignatures)
In R CMD INSTALL
In R CMD INSTALL
| SomaticSignatures.Rcheck/tests_i386/testthat.Rout 
R version 3.4.4 (2018-03-15) -- "Someone to Lean On"
Copyright (C) 2018 The R Foundation for Statistical Computing
Platform: i386-w64-mingw32/i386 (32-bit)
R is free software and comes with ABSOLUTELY NO WARRANTY.
You are welcome to redistribute it under certain conditions.
Type 'license()' or 'licence()' for distribution details.
R is a collaborative project with many contributors.
Type 'contributors()' for more information and
'citation()' on how to cite R or R packages in publications.
Type 'demo()' for some demos, 'help()' for on-line help, or
'help.start()' for an HTML browser interface to help.
Type 'q()' to quit R.
> library(testthat)
> library(SomaticSignatures)
Loading required package: VariantAnnotation
Loading required package: BiocGenerics
Loading required package: parallel
Attaching package: 'BiocGenerics'
The following objects are masked from 'package:parallel':
    clusterApply, clusterApplyLB, clusterCall, clusterEvalQ,
    clusterExport, clusterMap, parApply, parCapply, parLapply,
    parLapplyLB, parRapply, parSapply, parSapplyLB
The following objects are masked from 'package:stats':
    IQR, mad, sd, var, xtabs
The following objects are masked from 'package:base':
    Filter, Find, Map, Position, Reduce, anyDuplicated, append,
    as.data.frame, cbind, colMeans, colSums, colnames, do.call,
    duplicated, eval, evalq, get, grep, grepl, intersect, is.unsorted,
    lapply, lengths, mapply, match, mget, order, paste, pmax, pmax.int,
    pmin, pmin.int, rank, rbind, rowMeans, rowSums, rownames, sapply,
    setdiff, sort, table, tapply, union, unique, unsplit, which,
    which.max, which.min
Loading required package: GenomeInfoDb
Loading required package: S4Vectors
Loading required package: stats4
Attaching package: 'S4Vectors'
The following object is masked from 'package:base':
    expand.grid
Loading required package: IRanges
Loading required package: GenomicRanges
Loading required package: SummarizedExperiment
Loading required package: Biobase
Welcome to Bioconductor
    Vignettes contain introductory material; view with
    'browseVignettes()'. To cite Bioconductor, see
    'citation("Biobase")', and for packages 'citation("pkgname")'.
Loading required package: DelayedArray
Loading required package: matrixStats
Attaching package: 'matrixStats'
The following objects are masked from 'package:Biobase':
    anyMissing, rowMedians
Attaching package: 'DelayedArray'
The following objects are masked from 'package:matrixStats':
    colMaxs, colMins, colRanges, rowMaxs, rowMins, rowRanges
The following object is masked from 'package:base':
    apply
Loading required package: Rsamtools
Loading required package: Biostrings
Loading required package: XVector
Attaching package: 'Biostrings'
The following object is masked from 'package:DelayedArray':
    type
The following object is masked from 'package:base':
    strsplit
Attaching package: 'VariantAnnotation'
The following object is masked from 'package:base':
    tabulate
Loading required package: NMF
Loading required package: pkgmaker
Loading required package: registry
Attaching package: 'pkgmaker'
The following object is masked from 'package:S4Vectors':
    new2
The following object is masked from 'package:base':
    isNamespaceLoaded
Loading required package: rngtools
Loading required package: cluster
NMF - BioConductor layer [OK] | Shared memory capabilities [NO: windows] | Cores 19/20
Attaching package: 'NMF'
The following object is masked from 'package:DelayedArray':
    seed
The following object is masked from 'package:S4Vectors':
    nrun
The following object is masked from 'package:testthat':
    compare
> 
> test_check("SomaticSignatures")
MutationalSignatures:
  Samples (8): gbm, hnsc, ..., skcm, thca
  Signatures (8): S1, S2, ..., S7, S8
  Motifs (96): CA A.A, CA A.C, ..., TG T.G, TG T.T
== testthat results  ===========================================================
OK: 39 SKIPPED: 2 FAILED: 0
> 
> proc.time()
   user  system elapsed 
  23.73    0.65   24.75 
 | SomaticSignatures.Rcheck/tests_x64/testthat.Rout 
R version 3.4.4 (2018-03-15) -- "Someone to Lean On"
Copyright (C) 2018 The R Foundation for Statistical Computing
Platform: x86_64-w64-mingw32/x64 (64-bit)
R is free software and comes with ABSOLUTELY NO WARRANTY.
You are welcome to redistribute it under certain conditions.
Type 'license()' or 'licence()' for distribution details.
R is a collaborative project with many contributors.
Type 'contributors()' for more information and
'citation()' on how to cite R or R packages in publications.
Type 'demo()' for some demos, 'help()' for on-line help, or
'help.start()' for an HTML browser interface to help.
Type 'q()' to quit R.
> library(testthat)
> library(SomaticSignatures)
Loading required package: VariantAnnotation
Loading required package: BiocGenerics
Loading required package: parallel
Attaching package: 'BiocGenerics'
The following objects are masked from 'package:parallel':
    clusterApply, clusterApplyLB, clusterCall, clusterEvalQ,
    clusterExport, clusterMap, parApply, parCapply, parLapply,
    parLapplyLB, parRapply, parSapply, parSapplyLB
The following objects are masked from 'package:stats':
    IQR, mad, sd, var, xtabs
The following objects are masked from 'package:base':
    Filter, Find, Map, Position, Reduce, anyDuplicated, append,
    as.data.frame, cbind, colMeans, colSums, colnames, do.call,
    duplicated, eval, evalq, get, grep, grepl, intersect, is.unsorted,
    lapply, lengths, mapply, match, mget, order, paste, pmax, pmax.int,
    pmin, pmin.int, rank, rbind, rowMeans, rowSums, rownames, sapply,
    setdiff, sort, table, tapply, union, unique, unsplit, which,
    which.max, which.min
Loading required package: GenomeInfoDb
Loading required package: S4Vectors
Loading required package: stats4
Attaching package: 'S4Vectors'
The following object is masked from 'package:base':
    expand.grid
Loading required package: IRanges
Loading required package: GenomicRanges
Loading required package: SummarizedExperiment
Loading required package: Biobase
Welcome to Bioconductor
    Vignettes contain introductory material; view with
    'browseVignettes()'. To cite Bioconductor, see
    'citation("Biobase")', and for packages 'citation("pkgname")'.
Loading required package: DelayedArray
Loading required package: matrixStats
Attaching package: 'matrixStats'
The following objects are masked from 'package:Biobase':
    anyMissing, rowMedians
Attaching package: 'DelayedArray'
The following objects are masked from 'package:matrixStats':
    colMaxs, colMins, colRanges, rowMaxs, rowMins, rowRanges
The following object is masked from 'package:base':
    apply
Loading required package: Rsamtools
Loading required package: Biostrings
Loading required package: XVector
Attaching package: 'Biostrings'
The following object is masked from 'package:DelayedArray':
    type
The following object is masked from 'package:base':
    strsplit
Attaching package: 'VariantAnnotation'
The following object is masked from 'package:base':
    tabulate
Loading required package: NMF
Loading required package: pkgmaker
Loading required package: registry
Attaching package: 'pkgmaker'
The following object is masked from 'package:S4Vectors':
    new2
The following object is masked from 'package:base':
    isNamespaceLoaded
Loading required package: rngtools
Loading required package: cluster
NMF - BioConductor layer [OK] | Shared memory capabilities [NO: windows] | Cores 19/20
Attaching package: 'NMF'
The following object is masked from 'package:DelayedArray':
    seed
The following object is masked from 'package:S4Vectors':
    nrun
The following object is masked from 'package:testthat':
    compare
> 
> test_check("SomaticSignatures")
MutationalSignatures:
  Samples (8): gbm, hnsc, ..., skcm, thca
  Signatures (8): S1, S2, ..., S7, S8
  Motifs (96): CA A.A, CA A.C, ..., TG T.G, TG T.T
== testthat results  ===========================================================
OK: 39 SKIPPED: 2 FAILED: 0
> 
> proc.time()
   user  system elapsed 
  37.43    0.59   38.17 
 | 
| SomaticSignatures.Rcheck/examples_i386/SomaticSignatures-Ex.timings 
 | SomaticSignatures.Rcheck/examples_x64/SomaticSignatures-Ex.timings 
 |