| Back to the "Multiple platform build/check report" | A B C D E [F] G H I J K L M N O P Q R S T U V W X Y Z |
This page was generated on 2017-10-18 14:12:53 -0400 (Wed, 18 Oct 2017).
| Package 453/1381 | Hostname | OS / Arch | INSTALL | BUILD | CHECK | BUILD BIN | ||||||
| flowCore 1.42.3 M.Jiang
| malbec2 | Linux (Ubuntu 16.04.1 LTS) / x86_64 | OK | OK | [ WARNINGS ] | |||||||
| tokay2 | Windows Server 2012 R2 Standard / x64 | OK | OK | WARNINGS | OK | |||||||
| veracruz2 | OS X 10.11.6 El Capitan / x86_64 | OK | OK | WARNINGS | OK |
| Package: flowCore |
| Version: 1.42.3 |
| Command: /home/biocbuild/bbs-3.5-bioc/R/bin/R CMD check --no-vignettes --timings flowCore_1.42.3.tar.gz |
| StartedAt: 2017-10-17 23:10:50 -0400 (Tue, 17 Oct 2017) |
| EndedAt: 2017-10-17 23:14:29 -0400 (Tue, 17 Oct 2017) |
| EllapsedTime: 219.1 seconds |
| RetCode: 0 |
| Status: WARNINGS |
| CheckDir: flowCore.Rcheck |
| Warnings: 2 |
##############################################################################
##############################################################################
###
### Running command:
###
### /home/biocbuild/bbs-3.5-bioc/R/bin/R CMD check --no-vignettes --timings flowCore_1.42.3.tar.gz
###
##############################################################################
##############################################################################
* using log directory ‘/home/biocbuild/bbs-3.5-bioc/meat/flowCore.Rcheck’
* using R version 3.4.2 (2017-09-28)
* using platform: x86_64-pc-linux-gnu (64-bit)
* using session charset: UTF-8
* using option ‘--no-vignettes’
* checking for file ‘flowCore/DESCRIPTION’ ... OK
* this is package ‘flowCore’ version ‘1.42.3’
* checking package namespace information ... OK
* checking package dependencies ... OK
* checking if this is a source package ... NOTE
Found the following apparent object files/libraries:
src/boost_regex/c_regex_traits.o src/boost_regex/cpp_regex_traits.o
src/boost_regex/cregex.o src/boost_regex/fileiter.o
src/boost_regex/icu.o src/boost_regex/instances.o
src/boost_regex/posix_api.o src/boost_regex/regex.o
src/boost_regex/regex_debug.o src/boost_regex/regex_raw_buffer.o
src/boost_regex/regex_traits_defaults.o
src/boost_regex/static_mutex.o src/boost_regex/usinstances.o
src/boost_regex/w32_regex_traits.o src/boost_regex/wc_regex_traits.o
src/boost_regex/wide_posix_api.o src/boost_regex/winstances.o
Object files/libraries should not be included in a source package.
* checking if there is a namespace ... OK
* checking for hidden files and directories ... OK
* checking for portable file names ... OK
* checking for sufficient/correct file permissions ... OK
* checking whether package ‘flowCore’ can be installed ... OK
* checking installed package size ... NOTE
installed size is 34.1Mb
sub-directories of 1Mb or more:
data 5.0Mb
extdata 1.1Mb
lib 20.3Mb
libs 5.6Mb
* checking package directory ... OK
* checking ‘build’ directory ... OK
* checking DESCRIPTION meta-information ... NOTE
Versioned 'LinkingTo' value for ‘BH’ is only usable in R >= 3.0.2
* checking top-level files ... OK
* checking for left-over files ... OK
* checking index information ... OK
* checking package subdirectories ... OK
* checking R files for non-ASCII characters ... OK
* checking R files for syntax errors ... OK
* checking whether the package can be loaded ... OK
* checking whether the package can be loaded with stated dependencies ... OK
* checking whether the package can be unloaded cleanly ... OK
* checking whether the namespace can be loaded with stated dependencies ... OK
* checking whether the namespace can be unloaded cleanly ... OK
* checking dependencies in R code ... NOTE
'library' or 'require' call to ‘Rgraphviz’ in package code.
Please use :: or requireNamespace() instead.
See section 'Suggested packages' in the 'Writing R Extensions' manual.
* checking S3 generic/method consistency ... OK
* checking replacement functions ... OK
* checking foreign function calls ... OK
* checking R code for possible problems ... NOTE
rbind2,flowSet-flowSet: warning in assign(i, x[[i]], env = env):
partial argument match of 'env' to 'envir'
rbind2,flowSet-flowSet: warning in assign(i, y[[i]], env = env):
partial argument match of 'env' to 'envir'
%in%,flowFrame-norm2Filter: no visible global function definition for
‘cov.rob’
spillover,flowSet: no visible global function definition for
‘devAskNewPage’
spillover,flowSet : <anonymous>: no visible global function definition
for ‘rangeGate’
spillover,flowSet : <anonymous>: no visible global function definition
for ‘density’
spillover,flowSet : <anonymous>: no visible global function definition
for ‘abline’
spillover,flowSet : <anonymous> : <anonymous>: no visible global
function definition for ‘density’
split,flowFrame-factor: no visible binding for global variable ‘i’
summary,workFlow: no visible binding for global variable ‘wf’
Undefined global functions or variables:
abline cov.rob density devAskNewPage i rangeGate wf
Consider adding
importFrom("grDevices", "devAskNewPage")
importFrom("graphics", "abline")
importFrom("stats", "density")
to your NAMESPACE file.
* checking Rd files ... OK
* checking Rd metadata ... OK
* checking Rd cross-references ... OK
* checking for missing documentation entries ... OK
* checking for code/documentation mismatches ... WARNING
Codoc mismatches from documentation object 'read.flowSet':
read.flowSet
Code: function(files = NULL, path = ".", pattern = NULL, phenoData,
descriptions, name.keyword, alter.names = FALSE,
transformation = "linearize", which.lines = NULL,
column.pattern = NULL, invert.pattern = FALSE, decades
= 0, sep = "\t", as.is = TRUE, name, ncdf = FALSE,
dataset = NULL, min.limit = NULL, truncate_max_range =
TRUE, emptyValue = TRUE, ignore.text.offset = FALSE,
...)
Docs: function(files = NULL, path = ".", pattern = NULL, phenoData,
descriptions, name.keyword, alter.names = FALSE,
transformation = "linearize", which.lines = NULL,
column.pattern = NULL, invert.pattern = FALSE, decades
= 0, sep = "\t", as.is = TRUE, name, ncdf = FALSE,
dataset = NULL, min.limit = NULL, emptyValue = TRUE,
ignore.text.offset = FALSE, ...)
Argument names in code not in docs:
truncate_max_range
Mismatches in argument names:
Position: 19 Code: truncate_max_range Docs: emptyValue
Position: 20 Code: emptyValue Docs: ignore.text.offset
Position: 21 Code: ignore.text.offset Docs: ...
* checking Rd \usage sections ... WARNING
Documented arguments not in \usage in documentation object 'read.flowSet':
‘truncate_max_range’
Functions with \usage entries need to have the appropriate \alias
entries, and all their arguments documented.
The \usage entries must correspond to syntactically valid R code.
See chapter ‘Writing R documentation files’ in the ‘Writing R
Extensions’ manual.
* checking Rd contents ... OK
* checking for unstated dependencies in examples ... OK
* checking contents of ‘data’ directory ... OK
* checking data for non-ASCII characters ... OK
* checking data for ASCII and uncompressed saves ... OK
* checking line endings in C/C++/Fortran sources/headers ... OK
* checking line endings in Makefiles ... OK
* checking compilation flags in Makevars ... OK
* checking for GNU extensions in Makefiles ... NOTE
GNU make is a SystemRequirements.
* checking for portable use of $(BLAS_LIBS) and $(LAPACK_LIBS) ... OK
* checking compiled code ... OK
* checking installed files from ‘inst/doc’ ... OK
* checking files in ‘vignettes’ ... OK
* checking examples ... OK
* checking for unstated dependencies in ‘tests’ ... OK
* checking tests ...
Running ‘testthat.R’
OK
* checking for unstated dependencies in vignettes ... OK
* checking package vignettes in ‘inst/doc’ ... OK
* checking running R code from vignettes ... SKIPPED
* checking re-building of vignette outputs ... SKIPPED
* checking PDF version of manual ... OK
* DONE
Status: 2 WARNINGs, 6 NOTEs
See
‘/home/biocbuild/bbs-3.5-bioc/meat/flowCore.Rcheck/00check.log’
for details.
flowCore.Rcheck/00install.out:
* installing *source* package ‘flowCore’ ... ** libs g++ -std=gnu++11 -I/home/biocbuild/bbs-3.5-bioc/R/include -DNDEBUG -I../inst/include/ -I"/home/biocbuild/bbs-3.5-bioc/R/library/Rcpp/include" -I"/home/biocbuild/bbs-3.5-bioc/R/library/BH/include" -I/usr/local/include -fpic -g -O2 -c FastLogicle.cpp -o FastLogicle.o g++ -std=gnu++11 -I/home/biocbuild/bbs-3.5-bioc/R/include -DNDEBUG -I../inst/include/ -I"/home/biocbuild/bbs-3.5-bioc/R/library/Rcpp/include" -I"/home/biocbuild/bbs-3.5-bioc/R/library/BH/include" -I/usr/local/include -fpic -g -O2 -c Hyperlog.cpp -o Hyperlog.o g++ -std=gnu++11 -I/home/biocbuild/bbs-3.5-bioc/R/include -DNDEBUG -I../inst/include/ -I"/home/biocbuild/bbs-3.5-bioc/R/library/Rcpp/include" -I"/home/biocbuild/bbs-3.5-bioc/R/library/BH/include" -I/usr/local/include -fpic -g -O2 -c Logicle.cpp -o Logicle.o g++ -std=gnu++11 -I/home/biocbuild/bbs-3.5-bioc/R/include -DNDEBUG -I../inst/include/ -I"/home/biocbuild/bbs-3.5-bioc/R/library/Rcpp/include" -I"/home/biocbuild/bbs-3.5-bioc/R/library/BH/include" -I/usr/local/include -fpic -g -O2 -c RcppExports.cpp -o RcppExports.o g++ -std=gnu++11 -I/home/biocbuild/bbs-3.5-bioc/R/include -DNDEBUG -I../inst/include/ -I"/home/biocbuild/bbs-3.5-bioc/R/library/Rcpp/include" -I"/home/biocbuild/bbs-3.5-bioc/R/library/BH/include" -I/usr/local/include -fpic -g -O2 -c biexponential.cpp -o biexponential.o g++ -std=gnu++11 -I/home/biocbuild/bbs-3.5-bioc/R/include -DNDEBUG -I../inst/include/ -I"/home/biocbuild/bbs-3.5-bioc/R/library/Rcpp/include" -I"/home/biocbuild/bbs-3.5-bioc/R/library/BH/include" -I/usr/local/include -fpic -g -O2 -c convertRawBytes.cpp -o convertRawBytes.o g++ -std=gnu++11 -I/home/biocbuild/bbs-3.5-bioc/R/include -DNDEBUG -I../inst/include/ -I"/home/biocbuild/bbs-3.5-bioc/R/library/Rcpp/include" -I"/home/biocbuild/bbs-3.5-bioc/R/library/BH/include" -I/usr/local/include -fpic -g -O2 -c fcsTextParse.cpp -o fcsTextParse.o g++ -std=gnu++11 -I/home/biocbuild/bbs-3.5-bioc/R/include -DNDEBUG -I../inst/include/ -I"/home/biocbuild/bbs-3.5-bioc/R/library/Rcpp/include" -I"/home/biocbuild/bbs-3.5-bioc/R/library/BH/include" -I/usr/local/include -fpic -g -O2 -c hyperlogTransform.cpp -o hyperlogTransform.o g++ -std=gnu++11 -I/home/biocbuild/bbs-3.5-bioc/R/include -DNDEBUG -I../inst/include/ -I"/home/biocbuild/bbs-3.5-bioc/R/library/Rcpp/include" -I"/home/biocbuild/bbs-3.5-bioc/R/library/BH/include" -I/usr/local/include -fpic -g -O2 -c inPolygon.cpp -o inPolygon.o g++ -std=gnu++11 -I/home/biocbuild/bbs-3.5-bioc/R/include -DNDEBUG -I../inst/include/ -I"/home/biocbuild/bbs-3.5-bioc/R/library/Rcpp/include" -I"/home/biocbuild/bbs-3.5-bioc/R/library/BH/include" -I/usr/local/include -fpic -g -O2 -c inPolytope.cpp -o inPolytope.o g++ -std=gnu++11 -I/home/biocbuild/bbs-3.5-bioc/R/include -DNDEBUG -I../inst/include/ -I"/home/biocbuild/bbs-3.5-bioc/R/library/Rcpp/include" -I"/home/biocbuild/bbs-3.5-bioc/R/library/BH/include" -I/usr/local/include -fpic -g -O2 -c logicleTransform.cpp -o logicleTransform.o g++ -std=gnu++11 -I/home/biocbuild/bbs-3.5-bioc/R/include -DNDEBUG -I../inst/include/ -I"/home/biocbuild/bbs-3.5-bioc/R/library/Rcpp/include" -I"/home/biocbuild/bbs-3.5-bioc/R/library/BH/include" -I/usr/local/include -fpic -g -O2 -c pairVectorRcppWrap.cpp -o pairVectorRcppWrap.o g++ -std=gnu++11 -I/home/biocbuild/bbs-3.5-bioc/R/include -DNDEBUG -I../inst/include/ -I"/home/biocbuild/bbs-3.5-bioc/R/library/Rcpp/include" -I"/home/biocbuild/bbs-3.5-bioc/R/library/BH/include" -I/usr/local/include -fpic -g -O2 -c sortBytes.cpp -o sortBytes.o g++ -std=gnu++11 -I/home/biocbuild/bbs-3.5-bioc/R/include -DNDEBUG -I../inst/include/ -I"/home/biocbuild/bbs-3.5-bioc/R/library/Rcpp/include" -I"/home/biocbuild/bbs-3.5-bioc/R/library/BH/include" -I/usr/local/include -fpic -g -O2 -c uint2double.cpp -o uint2double.o g++ -std=gnu++11 -I/home/biocbuild/bbs-3.5-bioc/R/include -DNDEBUG -I../inst/include/ -I"/home/biocbuild/bbs-3.5-bioc/R/library/Rcpp/include" -I"/home/biocbuild/bbs-3.5-bioc/R/library/BH/include" -I/usr/local/include -fpic -g -O2 -c zeroin.cpp -o zeroin.o g++ -std=gnu++11 -I/home/biocbuild/bbs-3.5-bioc/R/include -DNDEBUG -I../inst/include/ -I"/home/biocbuild/bbs-3.5-bioc/R/library/Rcpp/include" -I"/home/biocbuild/bbs-3.5-bioc/R/library/BH/include" -I/usr/local/include -fpic -g -O2 -c boost_regex/regex_traits_defaults.cpp -o boost_regex/regex_traits_defaults.o g++ -std=gnu++11 -I/home/biocbuild/bbs-3.5-bioc/R/include -DNDEBUG -I../inst/include/ -I"/home/biocbuild/bbs-3.5-bioc/R/library/Rcpp/include" -I"/home/biocbuild/bbs-3.5-bioc/R/library/BH/include" -I/usr/local/include -fpic -g -O2 -c boost_regex/cpp_regex_traits.cpp -o boost_regex/cpp_regex_traits.o g++ -std=gnu++11 -I/home/biocbuild/bbs-3.5-bioc/R/include -DNDEBUG -I../inst/include/ -I"/home/biocbuild/bbs-3.5-bioc/R/library/Rcpp/include" -I"/home/biocbuild/bbs-3.5-bioc/R/library/BH/include" -I/usr/local/include -fpic -g -O2 -c boost_regex/usinstances.cpp -o boost_regex/usinstances.o g++ -std=gnu++11 -I/home/biocbuild/bbs-3.5-bioc/R/include -DNDEBUG -I../inst/include/ -I"/home/biocbuild/bbs-3.5-bioc/R/library/Rcpp/include" -I"/home/biocbuild/bbs-3.5-bioc/R/library/BH/include" -I/usr/local/include -fpic -g -O2 -c boost_regex/icu.cpp -o boost_regex/icu.o g++ -std=gnu++11 -I/home/biocbuild/bbs-3.5-bioc/R/include -DNDEBUG -I../inst/include/ -I"/home/biocbuild/bbs-3.5-bioc/R/library/Rcpp/include" -I"/home/biocbuild/bbs-3.5-bioc/R/library/BH/include" -I/usr/local/include -fpic -g -O2 -c boost_regex/fileiter.cpp -o boost_regex/fileiter.o g++ -std=gnu++11 -I/home/biocbuild/bbs-3.5-bioc/R/include -DNDEBUG -I../inst/include/ -I"/home/biocbuild/bbs-3.5-bioc/R/library/Rcpp/include" -I"/home/biocbuild/bbs-3.5-bioc/R/library/BH/include" -I/usr/local/include -fpic -g -O2 -c boost_regex/regex.cpp -o boost_regex/regex.o g++ -std=gnu++11 -I/home/biocbuild/bbs-3.5-bioc/R/include -DNDEBUG -I../inst/include/ -I"/home/biocbuild/bbs-3.5-bioc/R/library/Rcpp/include" -I"/home/biocbuild/bbs-3.5-bioc/R/library/BH/include" -I/usr/local/include -fpic -g -O2 -c boost_regex/posix_api.cpp -o boost_regex/posix_api.o g++ -std=gnu++11 -I/home/biocbuild/bbs-3.5-bioc/R/include -DNDEBUG -I../inst/include/ -I"/home/biocbuild/bbs-3.5-bioc/R/library/Rcpp/include" -I"/home/biocbuild/bbs-3.5-bioc/R/library/BH/include" -I/usr/local/include -fpic -g -O2 -c boost_regex/wide_posix_api.cpp -o boost_regex/wide_posix_api.o g++ -std=gnu++11 -I/home/biocbuild/bbs-3.5-bioc/R/include -DNDEBUG -I../inst/include/ -I"/home/biocbuild/bbs-3.5-bioc/R/library/Rcpp/include" -I"/home/biocbuild/bbs-3.5-bioc/R/library/BH/include" -I/usr/local/include -fpic -g -O2 -c boost_regex/winstances.cpp -o boost_regex/winstances.o g++ -std=gnu++11 -I/home/biocbuild/bbs-3.5-bioc/R/include -DNDEBUG -I../inst/include/ -I"/home/biocbuild/bbs-3.5-bioc/R/library/Rcpp/include" -I"/home/biocbuild/bbs-3.5-bioc/R/library/BH/include" -I/usr/local/include -fpic -g -O2 -c boost_regex/w32_regex_traits.cpp -o boost_regex/w32_regex_traits.o g++ -std=gnu++11 -I/home/biocbuild/bbs-3.5-bioc/R/include -DNDEBUG -I../inst/include/ -I"/home/biocbuild/bbs-3.5-bioc/R/library/Rcpp/include" -I"/home/biocbuild/bbs-3.5-bioc/R/library/BH/include" -I/usr/local/include -fpic -g -O2 -c boost_regex/cregex.cpp -o boost_regex/cregex.o g++ -std=gnu++11 -I/home/biocbuild/bbs-3.5-bioc/R/include -DNDEBUG -I../inst/include/ -I"/home/biocbuild/bbs-3.5-bioc/R/library/Rcpp/include" -I"/home/biocbuild/bbs-3.5-bioc/R/library/BH/include" -I/usr/local/include -fpic -g -O2 -c boost_regex/c_regex_traits.cpp -o boost_regex/c_regex_traits.o g++ -std=gnu++11 -I/home/biocbuild/bbs-3.5-bioc/R/include -DNDEBUG -I../inst/include/ -I"/home/biocbuild/bbs-3.5-bioc/R/library/Rcpp/include" -I"/home/biocbuild/bbs-3.5-bioc/R/library/BH/include" -I/usr/local/include -fpic -g -O2 -c boost_regex/wc_regex_traits.cpp -o boost_regex/wc_regex_traits.o g++ -std=gnu++11 -I/home/biocbuild/bbs-3.5-bioc/R/include -DNDEBUG -I../inst/include/ -I"/home/biocbuild/bbs-3.5-bioc/R/library/Rcpp/include" -I"/home/biocbuild/bbs-3.5-bioc/R/library/BH/include" -I/usr/local/include -fpic -g -O2 -c boost_regex/instances.cpp -o boost_regex/instances.o g++ -std=gnu++11 -I/home/biocbuild/bbs-3.5-bioc/R/include -DNDEBUG -I../inst/include/ -I"/home/biocbuild/bbs-3.5-bioc/R/library/Rcpp/include" -I"/home/biocbuild/bbs-3.5-bioc/R/library/BH/include" -I/usr/local/include -fpic -g -O2 -c boost_regex/regex_debug.cpp -o boost_regex/regex_debug.o g++ -std=gnu++11 -I/home/biocbuild/bbs-3.5-bioc/R/include -DNDEBUG -I../inst/include/ -I"/home/biocbuild/bbs-3.5-bioc/R/library/Rcpp/include" -I"/home/biocbuild/bbs-3.5-bioc/R/library/BH/include" -I/usr/local/include -fpic -g -O2 -c boost_regex/static_mutex.cpp -o boost_regex/static_mutex.o g++ -std=gnu++11 -I/home/biocbuild/bbs-3.5-bioc/R/include -DNDEBUG -I../inst/include/ -I"/home/biocbuild/bbs-3.5-bioc/R/library/Rcpp/include" -I"/home/biocbuild/bbs-3.5-bioc/R/library/BH/include" -I/usr/local/include -fpic -g -O2 -c boost_regex/regex_raw_buffer.cpp -o boost_regex/regex_raw_buffer.o mkdir -p "/home/biocbuild/bbs-3.5-bioc/meat/flowCore.Rcheck/flowCore/lib" ar rs "/home/biocbuild/bbs-3.5-bioc/meat/flowCore.Rcheck/flowCore/lib/libboost_regex.a" boost_regex/regex_traits_defaults.o boost_regex/cpp_regex_traits.o boost_regex/usinstances.o boost_regex/icu.o boost_regex/fileiter.o boost_regex/regex.o boost_regex/posix_api.o boost_regex/wide_posix_api.o boost_regex/winstances.o boost_regex/w32_regex_traits.o boost_regex/cregex.o boost_regex/c_regex_traits.o boost_regex/wc_regex_traits.o boost_regex/instances.o boost_regex/regex_debug.o boost_regex/static_mutex.o boost_regex/regex_raw_buffer.o ar: creating /home/biocbuild/bbs-3.5-bioc/meat/flowCore.Rcheck/flowCore/lib/libboost_regex.a g++ -std=gnu++11 -shared -L/home/biocbuild/bbs-3.5-bioc/R/lib -L/usr/local/lib -o flowCore.so FastLogicle.o Hyperlog.o Logicle.o RcppExports.o biexponential.o convertRawBytes.o fcsTextParse.o hyperlogTransform.o inPolygon.o inPolytope.o logicleTransform.o pairVectorRcppWrap.o sortBytes.o uint2double.o zeroin.o /home/biocbuild/bbs-3.5-bioc/meat/flowCore.Rcheck/flowCore/lib/libboost_regex.a -L/home/biocbuild/bbs-3.5-bioc/R/lib -lR installing to /home/biocbuild/bbs-3.5-bioc/meat/flowCore.Rcheck/flowCore/libs ** R ** data ** inst ** preparing package for lazy loading ** help *** installing help indices ** building package indices ** installing vignettes ** testing if installed package can be loaded * DONE (flowCore)
flowCore.Rcheck/flowCore-Ex.timings:
| name | user | system | elapsed | |
| EHtrans-class | 0.156 | 0.000 | 0.155 | |
| FCSTransTransform | 1.028 | 0.016 | 1.047 | |
| Subset-methods | 0.684 | 0.000 | 0.681 | |
| actionItem-class | 0.000 | 0.000 | 0.001 | |
| arcsinhTransform | 0.104 | 0.000 | 0.104 | |
| asinht-class | 0.024 | 0.000 | 0.027 | |
| asinhtGml2-class | 0.036 | 0.000 | 0.036 | |
| biexponentialTransform | 3.564 | 0.056 | 3.623 | |
| boundaryFilter-class | 0.056 | 0.000 | 0.055 | |
| characterOrTransformation-class | 0.004 | 0.000 | 0.001 | |
| coerce | 0.040 | 0.000 | 0.042 | |
| compensateActionItem-class | 0 | 0 | 0 | |
| compensateView-class | 0.000 | 0.000 | 0.001 | |
| compensatedParameter-class | 0.292 | 0.000 | 0.293 | |
| compensation-class | 0.268 | 0.000 | 0.270 | |
| dg1polynomial-class | 0.016 | 0.000 | 0.016 | |
| each_col-methods | 0.020 | 0.000 | 0.021 | |
| ellipsoidGate | 0.068 | 0.000 | 0.068 | |
| exponential-class | 0.016 | 0.004 | 0.016 | |
| expressionFilter-class | 0.072 | 0.000 | 0.073 | |
| fcReference-class | 0.004 | 0.000 | 0.001 | |
| filter-methods | 0.608 | 0.000 | 0.609 | |
| filter-on-methods | 0.068 | 0.000 | 0.069 | |
| filterList-class | 0.012 | 0.000 | 0.015 | |
| filterResult-class | 0.000 | 0.000 | 0.001 | |
| filterResultList-class | 0 | 0 | 0 | |
| filterSummary-class | 0.004 | 0.000 | 0.001 | |
| filterSummaryList-class | 0 | 0 | 0 | |
| flowFrame-class | 2.444 | 0.012 | 2.458 | |
| flowSet-class | 1.932 | 0.016 | 1.950 | |
| fsApply | 0.100 | 0.000 | 0.099 | |
| gateActionItem-class | 0.000 | 0.000 | 0.001 | |
| gateView-class | 0 | 0 | 0 | |
| getIndexSort-methods | 0.016 | 0.000 | 0.015 | |
| hyperlog-class | 1.484 | 0.000 | 1.486 | |
| hyperlogtGml2-class | 0.020 | 0.000 | 0.022 | |
| identifier-methods | 0.016 | 0.000 | 0.017 | |
| inverseLogicleTransform | 0.516 | 0.020 | 0.536 | |
| invsplitscale-class | 0.016 | 0.004 | 0.019 | |
| keyword-methods | 0.528 | 0.004 | 0.530 | |
| kmeansFilter | 0.136 | 0.004 | 0.142 | |
| linearTransform | 0.020 | 0.000 | 0.022 | |
| lintGml2-class | 0.020 | 0.000 | 0.018 | |
| lnTransform | 0.908 | 0.024 | 0.932 | |
| logTransform | 0.024 | 0.000 | 0.022 | |
| logarithm-class | 0.016 | 0.000 | 0.018 | |
| logicalFilterResult-class | 0.004 | 0.000 | 0.000 | |
| logicleTransform | 0.716 | 0.052 | 0.771 | |
| logicletGml2-class | 0.036 | 0.000 | 0.037 | |
| logtGml2-class | 0.016 | 0.000 | 0.018 | |
| manyFilterResult-class | 0.004 | 0.000 | 0.001 | |
| markernames | 0.508 | 0.004 | 0.514 | |
| multipleFilterResult-class | 0.000 | 0.000 | 0.001 | |
| norm2Filter-class | 0.184 | 0.000 | 0.185 | |
| normalizeActionItem-class | 0.000 | 0.000 | 0.002 | |
| normalizeView-class | 0.004 | 0.000 | 0.002 | |
| parameters-methods | 0.028 | 0.000 | 0.027 | |
| polygonGate | 0.048 | 0.004 | 0.050 | |
| quadGate | 0.140 | 0.000 | 0.138 | |
| quadratic-class | 0.016 | 0.000 | 0.017 | |
| quadraticTransform | 0.024 | 0.000 | 0.021 | |
| ratio-class | 0.020 | 0.000 | 0.021 | |
| ratiotGml2-class | 0.016 | 0.000 | 0.016 | |
| read.FCS | 0.032 | 0.000 | 0.033 | |
| read.FCSheader | 0.016 | 0.000 | 0.015 | |
| read.flowSet | 0.064 | 0.000 | 0.062 | |
| rectangleGate | 0.068 | 0.000 | 0.070 | |
| sampleFilter-class | 0.036 | 0.000 | 0.034 | |
| scaleTransform | 0.024 | 0.000 | 0.023 | |
| singleParameterTransform-class | 0.000 | 0.000 | 0.001 | |
| sinht-class | 0.016 | 0.000 | 0.017 | |
| split-methods | 1.080 | 0.040 | 1.121 | |
| splitScaleTransform | 1.420 | 0.008 | 1.431 | |
| splitscale-class | 0.028 | 0.000 | 0.029 | |
| squareroot-class | 0.032 | 0.000 | 0.030 | |
| subsettingActionItem-class | 0.004 | 0.000 | 0.001 | |
| subsettingView-class | 0.000 | 0.000 | 0.001 | |
| timeFilter-class | 1.568 | 0.004 | 1.573 | |
| transform-class | 0.004 | 0.000 | 0.003 | |
| transformActionItem-class | 0.000 | 0.000 | 0.001 | |
| transformFilter-class | 0.184 | 0.000 | 0.184 | |
| transformList-class | 0.528 | 0.020 | 0.549 | |
| transformMap-class | 0.000 | 0.000 | 0.001 | |
| transformView-class | 0.000 | 0.000 | 0.001 | |
| truncateTransform | 0.020 | 0.000 | 0.021 | |
| unitytransform-class | 0.016 | 0.000 | 0.014 | |
| view-class | 0.004 | 0.000 | 0.001 | |
| workFlow-class | 0.000 | 0.000 | 0.001 | |
| write.FCS | 0.056 | 0.004 | 0.061 | |
| write.flowSet | 1.080 | 0.012 | 1.095 | |