RCy3 1.3.0 Tanja Muetze , Georgi Kolishovski , Paul Shannon
 | Snapshot Date: 2016-09-19 19:15:14 -0700 (Mon, 19 Sep 2016) |  | URL: https://hedgehog.fhcrc.org/bioconductor/trunk/madman/Rpacks/RCy3 |  | Last Changed Rev: 117081 / Revision: 121152 |  | Last Changed Date: 2016-05-03 14:30:44 -0700 (Tue, 03 May 2016) |  
  | zin1  | Linux (Ubuntu 16.04 LTS) / x86_64  |  OK  | [ ERROR ] |  skipped  |  |  | 
| moscato1  | Windows Server 2008 R2 Standard (64-bit) / x64  | ...NOT SUPPORTED...NOT SUPPORTED...NOT SUPPORTED... | 
| morelia  | Mac OS X Mavericks (10.9.5) / x86_64  | ...NOT SUPPORTED...NOT SUPPORTED...NOT SUPPORTED... | 
##############################################################################
##############################################################################
###
### Running command:
###
###   /home/biocbuild/bbs-3.4-bioc/R/bin/R CMD build --keep-empty-dirs --no-resave-data RCy3
###
##############################################################################
##############################################################################
* checking for file ‘RCy3/DESCRIPTION’ ... OK
* preparing ‘RCy3’:
* checking DESCRIPTION meta-information ... OK
* installing the package to build vignettes
* creating vignettes ... ERROR
Loading required package: graph
Loading required package: BiocGenerics
Loading required package: parallel
Attaching package: ‘BiocGenerics’
The following objects are masked from ‘package:parallel’:
    clusterApply, clusterApplyLB, clusterCall, clusterEvalQ,
    clusterExport, clusterMap, parApply, parCapply, parLapply,
    parLapplyLB, parRapply, parSapply, parSapplyLB
The following objects are masked from ‘package:stats’:
    IQR, mad, xtabs
The following objects are masked from ‘package:base’:
    Filter, Find, Map, Position, Reduce, anyDuplicated, append,
    as.data.frame, cbind, colnames, do.call, duplicated, eval, evalq,
    get, grep, grepl, intersect, is.unsorted, lapply, lengths, mapply,
    match, mget, order, paste, pmax, pmax.int, pmin, pmin.int, rank,
    rbind, rownames, sapply, setdiff, sort, table, tapply, union,
    unique, unsplit, which, which.max, which.min
Connection failed.
To troubleshoot: 1) Please ensure that you have Cytoscape open
2) that the latest version of CyREST is installed.
3) that Cytoscape uses Java 8 (not 7 or below).
To help troubleshooting, please check:
http://www.cytoscape.org/troubleshooting.html
Error: processing vignette 'RCy3.Rnw' failed with diagnostics:
 chunk 1 (label = g0) 
Error in (function (classes, fdef, mtable)  : 
  unable to find an inherited method for function ‘displayGraph’ for signature ‘"NULL"’
Execution halted