| vsn 3.41.0 Wolfgang Huber
 
 | Snapshot Date: 2016-09-19 19:15:14 -0700 (Mon, 19 Sep 2016) |  | URL: https://hedgehog.fhcrc.org/bioconductor/trunk/madman/Rpacks/vsn |  | Last Changed Rev: 117081 / Revision: 121152 |  | Last Changed Date: 2016-05-03 14:30:44 -0700 (Tue, 03 May 2016) | 
 | zin1 | Linux (Ubuntu 16.04 LTS) / x86_64 | OK | ERROR | skipped |  |  | 
| moscato1 | Windows Server 2008 R2 Standard (64-bit) / x64 | OK | ERROR | skipped | skipped |  | 
| morelia | Mac OS X Mavericks (10.9.5) / x86_64 | OK | [ ERROR ] | skipped | skipped |  | 
##############################################################################
##############################################################################
###
### Running command:
###
###   /Library/Frameworks/R.framework/Versions/Current/Resources/bin/R CMD build --keep-empty-dirs --no-resave-data vsn
###
##############################################################################
##############################################################################
* checking for file ‘vsn/DESCRIPTION’ ... OK
* preparing ‘vsn’:
* checking DESCRIPTION meta-information ... OK
* cleaning src
* installing the package to build vignettes
* creating vignettes ... ERROR
Loading required package: vsn
Loading required package: Biobase
Loading required package: BiocGenerics
Loading required package: parallel
Attaching package: ‘BiocGenerics’
The following objects are masked from ‘package:parallel’:
    clusterApply, clusterApplyLB,
    clusterCall, clusterEvalQ,
    clusterExport, clusterMap,
    parApply, parCapply, parLapply,
    parLapplyLB, parRapply,
    parSapply, parSapplyLB
The following objects are masked from ‘package:stats’:
    IQR, mad, xtabs
The following objects are masked from ‘package:base’:
    Filter, Find, Map, Position,
    Reduce, anyDuplicated, append,
    as.data.frame, cbind, colnames,
    do.call, duplicated, eval,
    evalq, get, grep, grepl,
    intersect, is.unsorted, lapply,
    lengths, mapply, match, mget,
    order, paste, pmax, pmax.int,
    pmin, pmin.int, rank, rbind,
    rownames, sapply, setdiff,
    sort, table, tapply, union,
    unique, unsplit, which,
    which.max, which.min
Welcome to Bioconductor
    Vignettes contain introductory
    material; view with
    'browseVignettes()'. To cite
    Bioconductor, see
    'citation("Biobase")', and for
    packages 'citation("pkgname")'.
Error: processing vignette 'vsn.Rnw' failed with diagnostics:
 chunk 5 (label = overv4) 
Error : identical(exprs(xnorm), exprs(fit)) is not TRUE
Execution halted