Back to the "Multiple platform build/check report" A  B  C  D  E  F  G  H  I  J  K  L  M  N  O  P  Q [R] S  T  U  V  W  X  Y  Z 

BioC 3.3: BUILD report for RCy3 on morelia

This page was generated on 2016-04-05 12:49:54 -0700 (Tue, 05 Apr 2016).

Package 927/1193HostnameOS / ArchINSTALLBUILDCHECKBUILD BIN
RCy3 1.1.16
Tanja Muetze , Georgi Kolishovski , Paul Shannon
Snapshot Date: 2016-04-04 17:20:23 -0700 (Mon, 04 Apr 2016)
URL: https://hedgehog.fhcrc.org/bioconductor/trunk/madman/Rpacks/RCy3
Last Changed Rev: 115709 / Revision: 115792
Last Changed Date: 2016-04-03 16:39:24 -0700 (Sun, 03 Apr 2016)
zin2 Linux (Ubuntu 14.04.2 LTS) / x86_64  OK  OK  OK UNNEEDED, same version exists in internal repository
moscato2 Windows Server 2008 R2 Enterprise SP1 (64-bit) / x64  OK  ERROR  skipped  skipped 
morelia Mac OS X Mavericks (10.9.5) / x86_64  OK [ ERROR ] skipped  skipped 

Summary

Package: RCy3
Version: 1.1.16
Command: /Library/Frameworks/R.framework/Versions/Current/Resources/bin/R CMD build --keep-empty-dirs --no-resave-data RCy3
StartedAt: 2016-04-04 22:35:31 -0700 (Mon, 04 Apr 2016)
EndedAt: 2016-04-04 22:35:40 -0700 (Mon, 04 Apr 2016)
EllapsedTime: 9.0 seconds
RetCode: 1
Status:  ERROR 
PackageFile: None
PackageFileSize: NA

Command output

##############################################################################
##############################################################################
###
### Running command:
###
###   /Library/Frameworks/R.framework/Versions/Current/Resources/bin/R CMD build --keep-empty-dirs --no-resave-data RCy3
###
##############################################################################
##############################################################################


* checking for file ‘RCy3/DESCRIPTION’ ... OK
* preparing ‘RCy3’:
* checking DESCRIPTION meta-information ... OK
* installing the package to build vignettes
* creating vignettes ... ERROR
Loading required package: graph
Loading required package: BiocGenerics
Loading required package: parallel

Attaching package: ‘BiocGenerics’

The following objects are masked from ‘package:parallel’:

    clusterApply, clusterApplyLB, clusterCall, clusterEvalQ,
    clusterExport, clusterMap, parApply, parCapply, parLapply,
    parLapplyLB, parRapply, parSapply, parSapplyLB

The following objects are masked from ‘package:stats’:

    IQR, mad, xtabs

The following objects are masked from ‘package:base’:

    Filter, Find, Map, Position, Reduce, anyDuplicated, append,
    as.data.frame, cbind, colnames, do.call, duplicated, eval, evalq,
    get, grep, grepl, intersect, is.unsorted, lapply, lengths, mapply,
    match, mget, order, paste, pmax, pmax.int, pmin, pmin.int, rank,
    rbind, rownames, sapply, setdiff, sort, table, tapply, union,
    unique, unsplit

Connection failed.
To troubleshoot: 1) Please ensure that you have Cytoscape open
2) that the latest version of CyREST is installed.
3) that Cytoscape uses Java 8 (not 7 or below).
To help troubleshooting, please check:
http://www.cytoscape.org/troubleshooting.html

Error: processing vignette 'RCy3.Rnw' failed with diagnostics:
 chunk 1 (label = g0) 
Error in (function (classes, fdef, mtable)  : 
  unable to find an inherited method for function ‘displayGraph’ for signature ‘"NULL"’
Execution halted