Back to the "Multiple platform build/check report" A  B  C  D  E  F  G  H [I] J  K  L  M  N  O  P  Q  R  S  T  U  V  W  X  Y  Z 

BioC 3.3: CHECK report for IRanges on linux2.bioconductor.org

This page was generated on 2015-10-27 12:11:23 -0400 (Tue, 27 Oct 2015).

Package 541/1104HostnameOS / ArchINSTALLBUILDCHECKBUILD BIN
IRanges 2.5.4
Bioconductor Package Maintainer
Snapshot Date: 2015-10-26 20:20:04 -0400 (Mon, 26 Oct 2015)
URL: https://hedgehog.fhcrc.org/bioconductor/trunk/madman/Rpacks/IRanges
Last Changed Rev: 109853 / Revision: 109948
Last Changed Date: 2015-10-22 23:12:26 -0400 (Thu, 22 Oct 2015)
linux2.bioconductor.org Linux (Ubuntu 14.04.2 LTS) / x86_64  OK  OK [ WARNINGS ]UNNEEDED, same version exists in internal repository
windows2.bioconductor.org Windows Server 2012 R2 Enterprise SP1 (64-bit) / x64  OK  OK  WARNINGS  OK UNNEEDED, same version exists in internal repository

Summary

Package: IRanges
Version: 2.5.4
Command: /home/biocbuild/bbs-3.3-bioc/R/bin/R CMD check --no-vignettes --timings IRanges_2.5.4.tar.gz
StartedAt: 2015-10-27 05:05:25 -0400 (Tue, 27 Oct 2015)
EndedAt: 2015-10-27 05:08:16 -0400 (Tue, 27 Oct 2015)
EllapsedTime: 171.2 seconds
RetCode: 0
Status:  WARNINGS 
CheckDir: IRanges.Rcheck
Warnings: 2

Command output

##############################################################################
##############################################################################
###
### Running command:
###
###   /home/biocbuild/bbs-3.3-bioc/R/bin/R CMD check --no-vignettes --timings IRanges_2.5.4.tar.gz
###
##############################################################################
##############################################################################


* using log directory ‘/home/biocbuild/bbs-3.3-bioc/meat/IRanges.Rcheck’
* using R Under development (unstable) (2015-09-09 r69333)
* using platform: x86_64-pc-linux-gnu (64-bit)
* using session charset: UTF-8
* using option ‘--no-vignettes’
* checking for file ‘IRanges/DESCRIPTION’ ... OK
* this is package ‘IRanges’ version ‘2.5.4’
* checking package namespace information ... OK
* checking package dependencies ... OK
* checking if this is a source package ... OK
* checking if there is a namespace ... OK
* checking for hidden files and directories ... OK
* checking for portable file names ... OK
* checking for sufficient/correct file permissions ... OK
* checking whether package ‘IRanges’ can be installed ... [14s/16s] OK
* checking installed package size ... OK
* checking package directory ... OK
* checking ‘build’ directory ... OK
* checking DESCRIPTION meta-information ... OK
* checking top-level files ... OK
* checking for left-over files ... OK
* checking index information ... OK
* checking package subdirectories ... OK
* checking R files for non-ASCII characters ... OK
* checking R files for syntax errors ... OK
* checking whether the package can be loaded ... OK
* checking whether the package can be loaded with stated dependencies ... OK
* checking whether the package can be unloaded cleanly ... OK
* checking whether the namespace can be loaded with stated dependencies ... OK
* checking whether the namespace can be unloaded cleanly ... OK
* checking dependencies in R code ... NOTE
Unexported object imported by a ':::' call: ‘stats:::window.default’
  See the note in ?`:::` about the use of this operator.
* checking S3 generic/method consistency ... OK
* checking replacement functions ... OK
* checking foreign function calls ... OK
* checking R code for possible problems ... NOTE
subsetByOverlaps,RangedData-RangedData: possible error in
  is.na(findOverlaps(ranges(query), ranges(subject), maxgap = maxgap,
  minoverlap = minoverlap, type = match.arg(type), select =
  "arbitrary"), algorithm = match.arg(algorithm)): unused argument
  (algorithm = match.arg(algorithm))
subsetByOverlaps,RangedData-RangesList: possible error in
  is.na(findOverlaps(ranges(query), subject, maxgap = maxgap,
  minoverlap = minoverlap, type = match.arg(type), select =
  "arbitrary"), algorithm = match.arg(algorithm)): unused argument
  (algorithm = match.arg(algorithm))
subsetByOverlaps,RangesList-RangedData: possible error in
  is.na(findOverlaps(query, ranges(subject), maxgap = maxgap,
  minoverlap = minoverlap, type = match.arg(type), select =
  "arbitrary"), algorithm = match.arg(algorithm)): unused argument
  (algorithm = match.arg(algorithm))
* checking Rd files ... OK
* checking Rd metadata ... OK
* checking Rd cross-references ... WARNING
Missing link or links in documentation object 'mapCoords-methods.Rd':
  ‘[GenomicRanges]{mapCoords-methods}’
  ‘[GenomicAlignments]{mapCoords-methods}’

See section 'Cross-references' in the 'Writing R Extensions' manual.

* checking for missing documentation entries ... WARNING
Undocumented S4 methods:
  generic '!' and siglist 'List'
  generic '<=' and siglist 'List,List'
  generic '<=' and siglist 'List,list'
  generic '<=' and siglist 'list,List'
  generic '==' and siglist 'List,List'
  generic '==' and siglist 'List,list'
  generic '==' and siglist 'list,List'
  generic 'all' and siglist 'CompressedAtomicList'
  generic 'any' and siglist 'CompressedAtomicList'
  generic 'anyDuplicated' and siglist 'RangesNSBS'
  generic 'anyDuplicated' and siglist 'RleNSBS'
  generic 'as.integer' and siglist 'RangesNSBS'
  generic 'as.integer' and siglist 'RleNSBS'
  generic 'c' and siglist 'SimpleList'
  generic 'cbind' and siglist 'Rle'
  generic 'cbind' and siglist 'RleList'
  generic 'coerce' and siglist 'Hits,CompressedIntegerList'
  generic 'coerce' and siglist 'Hits,IRanges'
  generic 'coerce' and siglist 'Hits,IntegerList'
  generic 'coerce' and siglist 'Hits,Partitioning'
  generic 'coerce' and siglist 'Hits,PartitioningByEnd'
  generic 'coerce' and siglist 'Hits,Ranges'
  generic 'coerce' and siglist 'PartitioningByEnd,PartitioningMap'
  generic 'coerce' and siglist 'Ranges,RangesList'
  generic 'colnames' and siglist 'SDFLWrapperForTransform'
  generic 'compare' and siglist 'List,List'
  generic 'compare' and siglist 'List,list'
  generic 'compare' and siglist 'list,List'
  generic 'duplicated' and siglist 'List'
  generic 'is.na' and siglist 'CompressedList'
  generic 'is.na' and siglist 'List'
  generic 'length' and siglist 'RangesNSBS'
  generic 'length' and siglist 'RleNSBS'
  generic 'match' and siglist 'CompressedList,list'
  generic 'match' and siglist 'CompressedList,vector'
  generic 'match' and siglist 'List,List'
  generic 'match' and siglist 'List,Vector'
  generic 'match' and siglist 'List,list'
  generic 'match' and siglist 'List,vector'
  generic 'match' and siglist 'list,List'
  generic 'mean' and siglist 'CompressedIntegerList'
  generic 'mean' and siglist 'CompressedLogicalList'
  generic 'mean' and siglist 'CompressedNumericList'
  generic 'overlapsAny' and siglist 'integer,Ranges'
  generic 'paste' and siglist 'CompressedAtomicList'
  generic 'range' and siglist 'CompressedIntegerList'
  generic 'range' and siglist 'CompressedLogicalList'
  generic 'range' and siglist 'CompressedNumericList'
  generic 'relistToClass' and siglist 'Hits'
  generic 'splitAsList' and siglist 'ANY,List'
  generic 'splitAsList' and siglist 'ANY,Rle'
  generic 'splitAsList' and siglist 'ANY,vectorORfactor'
  generic 'unique' and siglist 'List'
  generic 'unique' and siglist 'SimpleList'
  generic 'unlist' and siglist 'SimpleFactorList'
  generic 'unlist' and siglist 'SimpleRleList'
All user-level objects in a package (including S4 classes and methods)
should have documentation entries.
See chapter ‘Writing R documentation files’ in the ‘Writing R
Extensions’ manual.
* checking for code/documentation mismatches ... OK
* checking Rd \usage sections ... OK
* checking Rd contents ... OK
* checking for unstated dependencies in examples ... OK
* checking line endings in C/C++/Fortran sources/headers ... OK
* checking compiled code ... OK
* checking installed files from ‘inst/doc’ ... OK
* checking files in ‘vignettes’ ... OK
* checking examples ... [10s/10s] OK
* checking for unstated dependencies in ‘tests’ ... OK
* checking tests ...
  Running ‘IRanges_unit_tests.R’ [76s/77s]
 [76s/77s] OK
* checking for unstated dependencies in vignettes ... OK
* checking package vignettes in ‘inst/doc’ ... OK
* checking running R code from vignettes ... SKIPPED
* checking re-building of vignette outputs ... SKIPPED
* checking PDF version of manual ... OK
* DONE

Status: 2 WARNINGs, 2 NOTEs
See
  ‘/home/biocbuild/bbs-3.3-bioc/meat/IRanges.Rcheck/00check.log’
for details.


IRanges.Rcheck/00install.out:

* installing *source* package ‘IRanges’ ...
** libs
gcc -std=gnu99 -I/home/biocbuild/bbs-3.3-bioc/R/include -DNDEBUG  -I/usr/local/include -I"/home/biocbuild/bbs-3.3-bioc/R/library/S4Vectors/include"   -fpic  -g -O2  -c CompressedAtomicList_utils.c -o CompressedAtomicList_utils.o
gcc -std=gnu99 -I/home/biocbuild/bbs-3.3-bioc/R/include -DNDEBUG  -I/usr/local/include -I"/home/biocbuild/bbs-3.3-bioc/R/library/S4Vectors/include"   -fpic  -g -O2  -c CompressedIRangesList_class.c -o CompressedIRangesList_class.o
gcc -std=gnu99 -I/home/biocbuild/bbs-3.3-bioc/R/include -DNDEBUG  -I/usr/local/include -I"/home/biocbuild/bbs-3.3-bioc/R/library/S4Vectors/include"   -fpic  -g -O2  -c CompressedList_class.c -o CompressedList_class.o
gcc -std=gnu99 -I/home/biocbuild/bbs-3.3-bioc/R/include -DNDEBUG  -I/usr/local/include -I"/home/biocbuild/bbs-3.3-bioc/R/library/S4Vectors/include"   -fpic  -g -O2  -c GappedRanges_class.c -o GappedRanges_class.o
gcc -std=gnu99 -I/home/biocbuild/bbs-3.3-bioc/R/include -DNDEBUG  -I/usr/local/include -I"/home/biocbuild/bbs-3.3-bioc/R/library/S4Vectors/include"   -fpic  -g -O2  -c Grouping_class.c -o Grouping_class.o
gcc -std=gnu99 -I/home/biocbuild/bbs-3.3-bioc/R/include -DNDEBUG  -I/usr/local/include -I"/home/biocbuild/bbs-3.3-bioc/R/library/S4Vectors/include"   -fpic  -g -O2  -c IRanges_class.c -o IRanges_class.o
gcc -std=gnu99 -I/home/biocbuild/bbs-3.3-bioc/R/include -DNDEBUG  -I/usr/local/include -I"/home/biocbuild/bbs-3.3-bioc/R/library/S4Vectors/include"   -fpic  -g -O2  -c IRanges_constructor.c -o IRanges_constructor.o
gcc -std=gnu99 -I/home/biocbuild/bbs-3.3-bioc/R/include -DNDEBUG  -I/usr/local/include -I"/home/biocbuild/bbs-3.3-bioc/R/library/S4Vectors/include"   -fpic  -g -O2  -c NCList.c -o NCList.o
gcc -std=gnu99 -I/home/biocbuild/bbs-3.3-bioc/R/include -DNDEBUG  -I/usr/local/include -I"/home/biocbuild/bbs-3.3-bioc/R/library/S4Vectors/include"   -fpic  -g -O2  -c R_init_IRanges.c -o R_init_IRanges.o
gcc -std=gnu99 -I/home/biocbuild/bbs-3.3-bioc/R/include -DNDEBUG  -I/usr/local/include -I"/home/biocbuild/bbs-3.3-bioc/R/library/S4Vectors/include"   -fpic  -g -O2  -c RangedData_class.c -o RangedData_class.o
gcc -std=gnu99 -I/home/biocbuild/bbs-3.3-bioc/R/include -DNDEBUG  -I/usr/local/include -I"/home/biocbuild/bbs-3.3-bioc/R/library/S4Vectors/include"   -fpic  -g -O2  -c Ranges_class.c -o Ranges_class.o
gcc -std=gnu99 -I/home/biocbuild/bbs-3.3-bioc/R/include -DNDEBUG  -I/usr/local/include -I"/home/biocbuild/bbs-3.3-bioc/R/library/S4Vectors/include"   -fpic  -g -O2  -c Ranges_comparison.c -o Ranges_comparison.o
gcc -std=gnu99 -I/home/biocbuild/bbs-3.3-bioc/R/include -DNDEBUG  -I/usr/local/include -I"/home/biocbuild/bbs-3.3-bioc/R/library/S4Vectors/include"   -fpic  -g -O2  -c RleViews_utils.c -o RleViews_utils.o
gcc -std=gnu99 -I/home/biocbuild/bbs-3.3-bioc/R/include -DNDEBUG  -I/usr/local/include -I"/home/biocbuild/bbs-3.3-bioc/R/library/S4Vectors/include"   -fpic  -g -O2  -c S4Vectors_stubs.c -o S4Vectors_stubs.o
gcc -std=gnu99 -I/home/biocbuild/bbs-3.3-bioc/R/include -DNDEBUG  -I/usr/local/include -I"/home/biocbuild/bbs-3.3-bioc/R/library/S4Vectors/include"   -fpic  -g -O2  -c SimpleRangesList_class.c -o SimpleRangesList_class.o
gcc -std=gnu99 -I/home/biocbuild/bbs-3.3-bioc/R/include -DNDEBUG  -I/usr/local/include -I"/home/biocbuild/bbs-3.3-bioc/R/library/S4Vectors/include"   -fpic  -g -O2  -c coverage_methods.c -o coverage_methods.o
gcc -std=gnu99 -I/home/biocbuild/bbs-3.3-bioc/R/include -DNDEBUG  -I/usr/local/include -I"/home/biocbuild/bbs-3.3-bioc/R/library/S4Vectors/include"   -fpic  -g -O2  -c inter_range_methods.c -o inter_range_methods.o
gcc -std=gnu99 -shared -L/home/biocbuild/bbs-3.3-bioc/R/lib -L/usr/local/lib -o IRanges.so CompressedAtomicList_utils.o CompressedIRangesList_class.o CompressedList_class.o GappedRanges_class.o Grouping_class.o IRanges_class.o IRanges_constructor.o NCList.o R_init_IRanges.o RangedData_class.o Ranges_class.o Ranges_comparison.o RleViews_utils.o S4Vectors_stubs.o SimpleRangesList_class.o coverage_methods.o inter_range_methods.o -L/home/biocbuild/bbs-3.3-bioc/R/lib -lR
installing to /home/biocbuild/bbs-3.3-bioc/meat/IRanges.Rcheck/IRanges/libs
** R
** inst
** preparing package for lazy loading
Creating a generic function for ‘window<-’ from package ‘stats’ in package ‘IRanges’
Creating a generic function for ‘rev’ from package ‘base’ in package ‘IRanges’
in method for ‘coerce’ with signature ‘"Hits","PartitioningByEnd"’: no definition for class “PartitioningByEnd”
in method for ‘coerce’ with signature ‘"Hits","Partitioning"’: no definition for class “Partitioning”
in method for ‘coerce’ with signature ‘"Hits","Ranges"’: no definition for class “Ranges”
in method for ‘coerce’ with signature ‘"Hits","IRanges"’: no definition for class “IRanges”
in method for ‘coerce’ with signature ‘"Hits","CompressedIntegerList"’: no definition for class “CompressedIntegerList”
in method for ‘coerce’ with signature ‘"Hits","IntegerList"’: no definition for class “IntegerList”
Creating a generic function for ‘stack’ from package ‘utils’ in package ‘IRanges’
in method for ‘!’ with signature ‘"CompressedList"’: no definition for class “CompressedList”
in method for ‘match’ with signature ‘"CompressedList","list"’: no definition for class “CompressedList”
in method for ‘match’ with signature ‘"CompressedList","vector"’: no definition for class “CompressedList”
in method for ‘duplicated’ with signature ‘"CompressedList"’: no definition for class “CompressedList”
in method for ‘unique’ with signature ‘"CompressedList"’: no definition for class “CompressedList”
in method for ‘is.na’ with signature ‘"CompressedList"’: no definition for class “CompressedList”
Creating a generic function for ‘mean’ from package ‘base’ in package ‘IRanges’
Creating a generic function for ‘which.max’ from package ‘base’ in package ‘IRanges’
Creating a generic function for ‘which.min’ from package ‘base’ in package ‘IRanges’
Creating a generic function for ‘split<-’ from package ‘base’ in package ‘IRanges’
Creating a generic function for ‘drop’ from package ‘base’ in package ‘IRanges’
Creating a generic function for ‘which’ from package ‘base’ in package ‘IRanges’
Creating a generic function for ‘diff’ from package ‘base’ in package ‘IRanges’
Creating a generic function for ‘var’ from package ‘stats’ in package ‘IRanges’
Creating a generic function for ‘cov’ from package ‘stats’ in package ‘IRanges’
Creating a generic function for ‘cor’ from package ‘stats’ in package ‘IRanges’
Creating a generic function for ‘sd’ from package ‘stats’ in package ‘IRanges’
Creating a generic function for ‘median’ from package ‘stats’ in package ‘IRanges’
Creating a generic function for ‘quantile’ from package ‘stats’ in package ‘IRanges’
Creating a generic function for ‘smoothEnds’ from package ‘stats’ in package ‘IRanges’
Creating a generic function for ‘runmed’ from package ‘stats’ in package ‘IRanges’
Creating a generic function for ‘nchar’ from package ‘base’ in package ‘IRanges’
Creating a generic function for ‘chartr’ from package ‘base’ in package ‘IRanges’
Creating a generic function for ‘tolower’ from package ‘base’ in package ‘IRanges’
Creating a generic function for ‘toupper’ from package ‘base’ in package ‘IRanges’
Creating a generic function for ‘sub’ from package ‘base’ in package ‘IRanges’
Creating a generic function for ‘gsub’ from package ‘base’ in package ‘IRanges’
** help
*** installing help indices
** building package indices
** installing vignettes
** testing if installed package can be loaded
* DONE (IRanges)

IRanges.Rcheck/IRanges-Ex.timings:

nameusersystemelapsed
AtomicList-class0.1870.0040.191
CompressedList-class0.0090.0040.014
DataFrame-utils0.1280.0000.128
GappedRanges-class0.0780.0000.078
Grouping-class0.0370.0040.041
Hits-class-leftovers0.0370.0000.036
IRanges-class1.1430.0161.161
IRanges-constructor0.0280.0000.028
IRanges-utils1.1870.0041.201
IRangesList-class0.0450.0000.045
List-class-leftovers0.0310.0000.031
MaskCollection-class0.0970.0040.113
NCList-class0.0230.0000.023
RDApplyParams-class0.4960.0000.509
RangedData-class1.1110.0041.224
RangedDataList-class0.0280.0040.032
RangedSelection-class0.0240.0000.025
Ranges-class0.0910.0040.095
Ranges-comparison0.0770.0000.078
RangesList-class0.0730.0000.097
Rle-class-leftovers0.0070.0000.007
RleViews-class0.0640.0000.064
RleViewsList-class0.0490.0000.049
Views-class0.0710.0000.071
ViewsList-class0.0020.0000.002
coverage-methods0.1990.0040.335
expand-methods0.1730.0000.172
extractList0.1210.0000.121
findOverlaps-methods0.2430.0000.333
inter-range-methods0.8790.0041.100
intra-range-methods0.2980.0000.315
mapCoords-methods0.0010.0000.001
multisplit0.0190.0000.019
nearest-methods0.0490.0000.050
read.Mask0.0420.0000.051
reverse-methods0.0930.0040.138
setops-methods0.1810.0000.182
slice-methods0.0190.0000.018
view-summarization-methods0.0210.0000.021