Back to the "Multiple platform build/check report" A  B [C] D  E  F  G  H  I  J  K  L  M  N  O  P  Q  R  S  T  U  V  W  X  Y  Z 

BioC 3.3: CHECK report for Category on windows2.bioconductor.org

This page was generated on 2015-10-27 12:14:02 -0400 (Tue, 27 Oct 2015).

Package 142/1104HostnameOS / ArchINSTALLBUILDCHECKBUILD BIN
Category 2.37.0
Bioconductor Package Maintainer
Snapshot Date: 2015-10-26 20:20:04 -0400 (Mon, 26 Oct 2015)
URL: https://hedgehog.fhcrc.org/bioconductor/trunk/madman/Rpacks/Category
Last Changed Rev: 109592 / Revision: 109948
Last Changed Date: 2015-10-13 15:59:53 -0400 (Tue, 13 Oct 2015)
linux2.bioconductor.org Linux (Ubuntu 14.04.2 LTS) / x86_64  OK  OK  WARNINGS UNNEEDED, same version exists in internal repository
windows2.bioconductor.org Windows Server 2012 R2 Enterprise SP1 (64-bit) / x64  OK  OK [ WARNINGS ] OK UNNEEDED, same version exists in internal repository

Summary

Package: Category
Version: 2.37.0
Command: rm -rf Category.buildbin-libdir Category.Rcheck && mkdir Category.buildbin-libdir Category.Rcheck && c:\biocbld\bbs-3.3-bioc\R\bin\R.exe CMD INSTALL --build --merge-multiarch --library=Category.buildbin-libdir Category_2.37.0.tar.gz >Category.Rcheck\00install.out 2>&1 && cp Category.Rcheck\00install.out Category-install.out && c:\biocbld\bbs-3.3-bioc\R\bin\R.exe CMD check --library=Category.buildbin-libdir --install="check:Category-install.out" --force-multiarch --no-vignettes --timings Category_2.37.0.tar.gz
StartedAt: 2015-10-27 01:08:39 -0400 (Tue, 27 Oct 2015)
EndedAt: 2015-10-27 01:12:39 -0400 (Tue, 27 Oct 2015)
EllapsedTime: 239.5 seconds
RetCode: 0
Status:  WARNINGS  
CheckDir: Category.Rcheck
Warnings: 2

Command output

##############################################################################
##############################################################################
###
### Running command:
###
###   rm -rf Category.buildbin-libdir Category.Rcheck && mkdir Category.buildbin-libdir Category.Rcheck && c:\biocbld\bbs-3.3-bioc\R\bin\R.exe CMD INSTALL --build --merge-multiarch --library=Category.buildbin-libdir Category_2.37.0.tar.gz >Category.Rcheck\00install.out 2>&1 && cp Category.Rcheck\00install.out Category-install.out  && c:\biocbld\bbs-3.3-bioc\R\bin\R.exe CMD check --library=Category.buildbin-libdir --install="check:Category-install.out" --force-multiarch --no-vignettes --timings Category_2.37.0.tar.gz
###
##############################################################################
##############################################################################


* using log directory 'c:/biocbld/bbs-3.3-bioc/meat/Category.Rcheck'
* using R Under development (unstable) (2015-09-22 r69418)
* using platform: x86_64-w64-mingw32 (64-bit)
* using session charset: ISO8859-1
* using option '--no-vignettes'
* checking for file 'Category/DESCRIPTION' ... OK
* this is package 'Category' version '2.37.0'
* checking package namespace information ... OK
* checking package dependencies ... NOTE
Depends: includes the non-default packages:
  'stats4' 'Matrix' 'BiocGenerics' 'AnnotationDbi' 'Biobase' 'GO.db'
Adding so many packages to the search path is excessive and importing
selectively is preferable.
* checking if this is a source package ... OK
* checking if there is a namespace ... OK
* checking for hidden files and directories ... OK
* checking for portable file names ... OK
* checking whether package 'Category' can be installed ... OK
* checking installed package size ... OK
* checking package directory ... OK
* checking 'build' directory ... OK
* checking DESCRIPTION meta-information ... NOTE
Packages listed in more than one of Depends, Imports, Suggests, Enhances:
  'methods' 'stats4' 'BiocGenerics' 'Biobase' 'AnnotationDbi' 'graph' 'genefilter'
A package should be listed in only one of these fields.
* checking top-level files ... OK
* checking for left-over files ... OK
* checking index information ... OK
* checking package subdirectories ... OK
* checking R files for non-ASCII characters ... OK
* checking R files for syntax errors ... OK
* loading checks for arch 'i386'
** checking whether the package can be loaded ... OK
** checking whether the package can be loaded with stated dependencies ... OK
** checking whether the package can be unloaded cleanly ... OK
** checking whether the namespace can be loaded with stated dependencies ... OK
** checking whether the namespace can be unloaded cleanly ... OK
* loading checks for arch 'x64'
** checking whether the package can be loaded ... OK
** checking whether the package can be loaded with stated dependencies ... OK
** checking whether the package can be unloaded cleanly ... OK
** checking whether the namespace can be loaded with stated dependencies ... OK
** checking whether the namespace can be unloaded cleanly ... OK
* checking dependencies in R code ... NOTE
'library' or 'require' calls in package code:
  'EBarrays' 'xtable'
  Please use :: or requireNamespace() instead.
  See section 'Suggested packages' in the 'Writing R Extensions' manual.
Packages in Depends field not imported from:
  'GO.db' 'Matrix'
  These packages need to be imported from (in the NAMESPACE file)
  for when this namespace is loaded but not attached.
There are ::: calls to the package's namespace in its code. A package
  almost never needs to use ::: for its own objects:
  'DatPkgFactory'
* checking S3 generic/method consistency ... OK
* checking replacement functions ... OK
* checking foreign function calls ... OK
* checking R code for possible problems ... NOTE
XXXgetUniverseViaGo_db: no visible global function definition for
  'dbGetQuery'
augmentByAncestors: no visible binding for global variable
  'GOMFANCESTOR'
augmentByAncestors: no visible binding for global variable
  'GOBPANCESTOR'
augmentByAncestors: no visible binding for global variable
  'GOCCANCESTOR'
getGoToEntrezMap_db: no visible global function definition for
  'dbGetQuery'
getPfamToEntrezMap: no visible global function definition for 'keys'
getPfamToEntrezMap: no visible global function definition for 'select'
getUniverseViaKegg_db: no visible global function definition for
  'dbGetQuery'
getUniverseViaPfam: no visible global function definition for 'keys'
getUniverseViaPfam_db: no visible global function definition for
  'dbGetQuery'
gseattperm : <anonymous>: no visible global function definition for
  'Matrix'
htmlReportFromDf: no visible global function definition for 'xtable'
makeEBcontr: no visible global function definition for 'ebPatterns'
GO2AllProbes,Org.XX.egDatPkg: no visible global function definition for
  'dbGetQuery'
Undefined global functions or variables:
  GOBPANCESTOR GOCCANCESTOR GOMFANCESTOR Matrix dbGetQuery ebPatterns
  keys select xtable
* checking Rd files ... OK
* checking Rd metadata ... OK
* checking Rd cross-references ... OK
* checking for missing documentation entries ... WARNING
Undocumented S4 methods:
  generic 'organism' and siglist 'DatPkg'
  generic 'organism' and siglist 'GeneSetCollectionDatPkg'
  generic 'organism' and siglist 'HyperGParams'
  generic 'organism' and siglist 'HyperGResult'
All user-level objects in a package (including S4 classes and methods)
should have documentation entries.
See chapter 'Writing R documentation files' in the 'Writing R
Extensions' manual.
* checking for code/documentation mismatches ... OK
* checking Rd \usage sections ... OK
* checking Rd contents ... OK
* checking for unstated dependencies in examples ... OK
* checking line endings in Makefiles ... OK
* checking for GNU extensions in Makefiles ... WARNING
Found the following file(s) containing GNU extensions:
  inst/UnitTests/Makefile
Portable Makefiles do not use GNU extensions such as +=, :=, $(shell),
$(wildcard), ifeq ... endif. See section 'Writing portable packages' in
the 'Writing R Extensions' manual.
* checking installed files from 'inst/doc' ... OK
* checking files in 'vignettes' ... OK
* checking examples ...
** running examples for arch 'i386' ... [16s] OK
** running examples for arch 'x64' ... [18s] OK
* checking for unstated dependencies in 'tests' ... OK
* checking tests ...
** running tests for arch 'i386' ...
  Running 'runTests.R' [37s]
 [37s] OK
** running tests for arch 'x64' ...
  Running 'runTests.R' [37s]
 [37s] OK
* checking for unstated dependencies in vignettes ... OK
* checking package vignettes in 'inst/doc' ... OK
* checking running R code from vignettes ... SKIPPED
* checking re-building of vignette outputs ... SKIPPED
* checking PDF version of manual ... OK
* DONE

Status: 2 WARNINGs, 4 NOTEs
See
  'c:/biocbld/bbs-3.3-bioc/meat/Category.Rcheck/00check.log'
for details.


Category.Rcheck/00install.out:


install for i386

* installing *source* package 'Category' ...
** R
** inst
** preparing package for lazy loading
** help
*** installing help indices
** building package indices
** installing vignettes
** testing if installed package can be loaded

install for x64

* installing *source* package 'Category' ...
** testing if installed package can be loaded
* MD5 sums
packaged installation of 'Category' as Category_2.37.0.zip
* DONE (Category)

Category.Rcheck/examples_i386/Category-Ex.timings:

nameusersystemelapsed
ChrBandTree-class3.890.083.97
ChrMapHyperGParams-class0.020.000.01
ChrMapHyperGResult-class000
ChrMapLinearMParams-class000
ChrMapLinearMResult-class000
DatPkg-class0.050.000.05
HyperGResult-accessors0.750.011.22
LinearMResult-class000
MAPAmat2.530.052.57
applyByCategory000
cateGOryMatrix0.190.040.24
cb_parse_band_Hs000
cb_parse_band_Mm000
findAMstats0.000.020.01
getPathNames0.030.000.04
gseattperm1.240.021.25
hyperg0.610.030.64
makeChrBandGraph1.890.001.89
makeEBcontr0.080.010.09
probes2MAP0.140.000.14
probes2Path0.030.000.03
ttperm0.020.000.01

Category.Rcheck/examples_x64/Category-Ex.timings:

nameusersystemelapsed
ChrBandTree-class4.120.054.20
ChrMapHyperGParams-class000
ChrMapHyperGResult-class000
ChrMapLinearMParams-class000
ChrMapLinearMResult-class0.020.000.02
DatPkg-class0.040.000.04
HyperGResult-accessors0.730.030.76
LinearMResult-class000
MAPAmat3.070.083.15
applyByCategory000
cateGOryMatrix0.220.010.23
cb_parse_band_Hs000
cb_parse_band_Mm000
findAMstats000
getPathNames0.060.000.06
gseattperm1.080.031.11
hyperg0.680.020.70
makeChrBandGraph2.750.002.75
makeEBcontr0.080.030.11
probes2MAP0.150.000.16
probes2Path0.050.000.04
ttperm0.020.000.02