Back to the "Multiple platform build/check report" A [B] C  D  E  F  G  H  I  J  K  L  M  N  O  P  Q  R  S  T  U  V  W  X  Y  Z 

BioC 3.3: CHECK report for Biostrings on morelia

This page was generated on 2016-04-21 13:19:01 -0700 (Thu, 21 Apr 2016).

Package 118/1210HostnameOS / ArchINSTALLBUILDCHECKBUILD BIN
Biostrings 2.39.14
H. Pagès
Snapshot Date: 2016-04-20 17:20:35 -0700 (Wed, 20 Apr 2016)
URL: https://hedgehog.fhcrc.org/bioconductor/trunk/madman/Rpacks/Biostrings
Last Changed Rev: 116204 / Revision: 116626
Last Changed Date: 2016-04-12 18:28:29 -0700 (Tue, 12 Apr 2016)
zin2 Linux (Ubuntu 14.04.2 LTS) / x86_64  OK  OK  WARNINGS UNNEEDED, same version exists in internal repository
moscato2 Windows Server 2008 R2 Enterprise SP1 (64-bit) / x64  OK  OK  WARNINGS  OK UNNEEDED, same version exists in internal repository
morelia Mac OS X Mavericks (10.9.5) / x86_64  OK  OK [ WARNINGS ] OK UNNEEDED, same version exists in internal repository

Summary

Package: Biostrings
Version: 2.39.14
Command: /Library/Frameworks/R.framework/Versions/Current/Resources/bin/R CMD check --no-vignettes --timings Biostrings_2.39.14.tar.gz
StartedAt: 2016-04-20 23:42:34 -0700 (Wed, 20 Apr 2016)
EndedAt: 2016-04-20 23:53:07 -0700 (Wed, 20 Apr 2016)
EllapsedTime: 633.2 seconds
RetCode: 0
Status:  WARNINGS 
CheckDir: Biostrings.Rcheck
Warnings: 1

Command output

##############################################################################
##############################################################################
###
### Running command:
###
###   /Library/Frameworks/R.framework/Versions/Current/Resources/bin/R CMD check --no-vignettes --timings Biostrings_2.39.14.tar.gz
###
##############################################################################
##############################################################################


* using log directory ‘/Users/biocbuild/bbs-3.3-bioc/meat/Biostrings.Rcheck’
* using R version 3.3.0 beta (2016-04-06 r70435)
* using platform: x86_64-apple-darwin13.4.0 (64-bit)
* using session charset: UTF-8
* using option ‘--no-vignettes’
* checking for file ‘Biostrings/DESCRIPTION’ ... OK
* this is package ‘Biostrings’ version ‘2.39.14’
* package encoding: UTF-8
* checking package namespace information ... OK
* checking package dependencies ... OK
* checking if this is a source package ... OK
* checking if there is a namespace ... OK
* checking for hidden files and directories ... NOTE
Found the following hidden files and directories:
  .BBSoptions
These were most likely included in error. See section ‘Package
structure’ in the ‘Writing R Extensions’ manual.
* checking for portable file names ... OK
* checking for sufficient/correct file permissions ... OK
* checking whether package ‘Biostrings’ can be installed ... [17s/17s] OK
* checking installed package size ... NOTE
  installed size is 14.1Mb
  sub-directories of 1Mb or more:
    doc       1.0Mb
    extdata  11.1Mb
* checking package directory ... OK
* checking ‘build’ directory ... OK
* checking DESCRIPTION meta-information ... NOTE
Packages listed in more than one of Depends, Imports, Suggests, Enhances:
  ‘methods’ ‘BiocGenerics’ ‘IRanges’ ‘XVector’
A package should be listed in only one of these fields.
* checking top-level files ... OK
* checking for left-over files ... OK
* checking index information ... OK
* checking package subdirectories ... OK
* checking R files for non-ASCII characters ... OK
* checking R files for syntax errors ... OK
* checking whether the package can be loaded ... OK
* checking whether the package can be loaded with stated dependencies ... OK
* checking whether the package can be unloaded cleanly ... OK
* checking whether the namespace can be loaded with stated dependencies ... OK
* checking whether the namespace can be unloaded cleanly ... OK
* checking dependencies in R code ... NOTE
Unexported objects imported by ':::' calls:
  ‘BiocGenerics:::testPackage’ ‘IRanges:::.showAtomicList’
  ‘IRanges:::new_Views’ ‘IRanges:::showRangesList’
  ‘S4Vectors:::anyMissingOrOutside’ ‘XVector:::finalize_filexp’
  ‘XVector:::new_XVectorList_from_list_of_XVector’
  ‘XVector:::open_input_files’ ‘XVector:::open_output_file’
  See the note in ?`:::` about the use of this operator.
* checking S3 generic/method consistency ... OK
* checking replacement functions ... OK
* checking foreign function calls ... OK
* checking R code for possible problems ... NOTE
writePairwiseAlignments: no visible global function definition for
  ‘packageVersion’
encoding,XStringQuality: no visible global function definition for
  ‘setNames’
Undefined global functions or variables:
  packageVersion setNames
Consider adding
  importFrom("stats", "setNames")
  importFrom("utils", "packageVersion")
to your NAMESPACE file.
* checking Rd files ... OK
* checking Rd metadata ... OK
* checking Rd cross-references ... OK
* checking for missing documentation entries ... WARNING
Undocumented code objects:
  ‘twoWayAlphabetFrequency’
Undocumented S4 methods:
  generic 'match' and siglist 'Vector,XStringSet'
  generic 'match' and siglist 'XStringSet,Vector'
  generic 'match' and siglist 'XStringSet,vector'
  generic 'match' and siglist 'vector,XStringSet'
  generic 'pcompare' and siglist 'Vector,XStringSet'
  generic 'pcompare' and siglist 'XStringSet,Vector'
  generic 'pcompare' and siglist 'XStringSet,vector'
  generic 'pcompare' and siglist 'vector,XStringSet'
  generic 'relistToClass' and siglist 'XString'
  generic 'relistToClass' and siglist 'XStringSet'
  generic 'showAsCell' and siglist 'XStringSetList'
  generic 'twoWayAlphabetFrequency' and siglist 'XString,XString'
  generic 'twoWayAlphabetFrequency' and siglist 'XString,XStringSet'
  generic 'twoWayAlphabetFrequency' and siglist 'XStringSet,XString'
  generic 'twoWayAlphabetFrequency' and siglist 'XStringSet,XStringSet'
  generic 'unstrsplit' and siglist 'XStringSet'
  generic 'unstrsplit' and siglist 'XStringSetList'
All user-level objects in a package (including S4 classes and methods)
should have documentation entries.
See chapter ‘Writing R documentation files’ in the ‘Writing R
Extensions’ manual.
* checking for code/documentation mismatches ... OK
* checking Rd \usage sections ... OK
* checking Rd contents ... OK
* checking for unstated dependencies in examples ... OK
* checking contents of ‘data’ directory ... OK
* checking data for non-ASCII characters ... OK
* checking data for ASCII and uncompressed saves ... OK
* checking line endings in C/C++/Fortran sources/headers ... OK
* checking compiled code ... OK
* checking sizes of PDF files under ‘inst/doc’ ... OK
* checking installed files from ‘inst/doc’ ... OK
* checking files in ‘vignettes’ ... OK
* checking examples ... [489s/501s] OK
Examples with CPU or elapsed time > 5s
                      user system elapsed
matchPDict-exact   337.621  4.134 343.336
matchPDict-inexact  50.541  0.883  51.549
findPalindromes     28.656  0.353  29.514
XStringSet-class     8.452  0.466  12.952
XStringSet-io        6.438  0.359   7.655
matchPattern         6.316  0.267   6.593
stringDist           5.074  0.029   5.111
* checking for unstated dependencies in ‘tests’ ... OK
* checking tests ...
  Running ‘run_unitTests.R’ [15s/15s]
 [16s/16s] OK
* checking for unstated dependencies in vignettes ... OK
* checking package vignettes in ‘inst/doc’ ... OK
* checking running R code from vignettes ... SKIPPED
* checking re-building of vignette outputs ... SKIPPED
* checking PDF version of manual ... OK
* DONE

Status: 1 WARNING, 5 NOTEs
See
  ‘/Users/biocbuild/bbs-3.3-bioc/meat/Biostrings.Rcheck/00check.log’
for details.


Biostrings.Rcheck/00install.out:

* installing *source* package ‘Biostrings’ ...
** libs
clang -I/Library/Frameworks/R.framework/Resources/include -DNDEBUG  -I/usr/local/include -I/usr/local/include/freetype2 -I/opt/X11/include -I"/Library/Frameworks/R.framework/Versions/3.3/Resources/library/S4Vectors/include" -I"/Library/Frameworks/R.framework/Versions/3.3/Resources/library/IRanges/include" -I"/Library/Frameworks/R.framework/Versions/3.3/Resources/library/XVector/include"   -fPIC  -Wall -mtune=core2 -g -O2  -c BAB_class.c -o BAB_class.o
clang -I/Library/Frameworks/R.framework/Resources/include -DNDEBUG  -I/usr/local/include -I/usr/local/include/freetype2 -I/opt/X11/include -I"/Library/Frameworks/R.framework/Versions/3.3/Resources/library/S4Vectors/include" -I"/Library/Frameworks/R.framework/Versions/3.3/Resources/library/IRanges/include" -I"/Library/Frameworks/R.framework/Versions/3.3/Resources/library/XVector/include"   -fPIC  -Wall -mtune=core2 -g -O2  -c BitMatrix.c -o BitMatrix.o
BitMatrix.c:299:13: warning: unused function 'BitMatrix_print' [-Wunused-function]
static void BitMatrix_print(BitMatrix *bitmat)
            ^
1 warning generated.
clang -I/Library/Frameworks/R.framework/Resources/include -DNDEBUG  -I/usr/local/include -I/usr/local/include/freetype2 -I/opt/X11/include -I"/Library/Frameworks/R.framework/Versions/3.3/Resources/library/S4Vectors/include" -I"/Library/Frameworks/R.framework/Versions/3.3/Resources/library/IRanges/include" -I"/Library/Frameworks/R.framework/Versions/3.3/Resources/library/XVector/include"   -fPIC  -Wall -mtune=core2 -g -O2  -c IRanges_stubs.c -o IRanges_stubs.o
clang -I/Library/Frameworks/R.framework/Resources/include -DNDEBUG  -I/usr/local/include -I/usr/local/include/freetype2 -I/opt/X11/include -I"/Library/Frameworks/R.framework/Versions/3.3/Resources/library/S4Vectors/include" -I"/Library/Frameworks/R.framework/Versions/3.3/Resources/library/IRanges/include" -I"/Library/Frameworks/R.framework/Versions/3.3/Resources/library/XVector/include"   -fPIC  -Wall -mtune=core2 -g -O2  -c MIndex_class.c -o MIndex_class.o
MIndex_class.c:179:20: warning: unused variable 'poffsets_order' [-Wunused-variable]
        IntAE *poffsets, *poffsets_order;
                          ^
1 warning generated.
clang -I/Library/Frameworks/R.framework/Resources/include -DNDEBUG  -I/usr/local/include -I/usr/local/include/freetype2 -I/opt/X11/include -I"/Library/Frameworks/R.framework/Versions/3.3/Resources/library/S4Vectors/include" -I"/Library/Frameworks/R.framework/Versions/3.3/Resources/library/IRanges/include" -I"/Library/Frameworks/R.framework/Versions/3.3/Resources/library/XVector/include"   -fPIC  -Wall -mtune=core2 -g -O2  -c PreprocessedTB_class.c -o PreprocessedTB_class.o
clang -I/Library/Frameworks/R.framework/Resources/include -DNDEBUG  -I/usr/local/include -I/usr/local/include/freetype2 -I/opt/X11/include -I"/Library/Frameworks/R.framework/Versions/3.3/Resources/library/S4Vectors/include" -I"/Library/Frameworks/R.framework/Versions/3.3/Resources/library/IRanges/include" -I"/Library/Frameworks/R.framework/Versions/3.3/Resources/library/XVector/include"   -fPIC  -Wall -mtune=core2 -g -O2  -c R_init_Biostrings.c -o R_init_Biostrings.o
clang -I/Library/Frameworks/R.framework/Resources/include -DNDEBUG  -I/usr/local/include -I/usr/local/include/freetype2 -I/opt/X11/include -I"/Library/Frameworks/R.framework/Versions/3.3/Resources/library/S4Vectors/include" -I"/Library/Frameworks/R.framework/Versions/3.3/Resources/library/IRanges/include" -I"/Library/Frameworks/R.framework/Versions/3.3/Resources/library/XVector/include"   -fPIC  -Wall -mtune=core2 -g -O2  -c RoSeqs_utils.c -o RoSeqs_utils.o
clang -I/Library/Frameworks/R.framework/Resources/include -DNDEBUG  -I/usr/local/include -I/usr/local/include/freetype2 -I/opt/X11/include -I"/Library/Frameworks/R.framework/Versions/3.3/Resources/library/S4Vectors/include" -I"/Library/Frameworks/R.framework/Versions/3.3/Resources/library/IRanges/include" -I"/Library/Frameworks/R.framework/Versions/3.3/Resources/library/XVector/include"   -fPIC  -Wall -mtune=core2 -g -O2  -c S4Vectors_stubs.c -o S4Vectors_stubs.o
clang -I/Library/Frameworks/R.framework/Resources/include -DNDEBUG  -I/usr/local/include -I/usr/local/include/freetype2 -I/opt/X11/include -I"/Library/Frameworks/R.framework/Versions/3.3/Resources/library/S4Vectors/include" -I"/Library/Frameworks/R.framework/Versions/3.3/Resources/library/IRanges/include" -I"/Library/Frameworks/R.framework/Versions/3.3/Resources/library/XVector/include"   -fPIC  -Wall -mtune=core2 -g -O2  -c SparseList_utils.c -o SparseList_utils.o
clang -I/Library/Frameworks/R.framework/Resources/include -DNDEBUG  -I/usr/local/include -I/usr/local/include/freetype2 -I/opt/X11/include -I"/Library/Frameworks/R.framework/Versions/3.3/Resources/library/S4Vectors/include" -I"/Library/Frameworks/R.framework/Versions/3.3/Resources/library/IRanges/include" -I"/Library/Frameworks/R.framework/Versions/3.3/Resources/library/XVector/include"   -fPIC  -Wall -mtune=core2 -g -O2  -c XStringSetList_class.c -o XStringSetList_class.o
clang -I/Library/Frameworks/R.framework/Resources/include -DNDEBUG  -I/usr/local/include -I/usr/local/include/freetype2 -I/opt/X11/include -I"/Library/Frameworks/R.framework/Versions/3.3/Resources/library/S4Vectors/include" -I"/Library/Frameworks/R.framework/Versions/3.3/Resources/library/IRanges/include" -I"/Library/Frameworks/R.framework/Versions/3.3/Resources/library/XVector/include"   -fPIC  -Wall -mtune=core2 -g -O2  -c XStringSet_class.c -o XStringSet_class.o
clang -I/Library/Frameworks/R.framework/Resources/include -DNDEBUG  -I/usr/local/include -I/usr/local/include/freetype2 -I/opt/X11/include -I"/Library/Frameworks/R.framework/Versions/3.3/Resources/library/S4Vectors/include" -I"/Library/Frameworks/R.framework/Versions/3.3/Resources/library/IRanges/include" -I"/Library/Frameworks/R.framework/Versions/3.3/Resources/library/XVector/include"   -fPIC  -Wall -mtune=core2 -g -O2  -c XStringSet_io.c -o XStringSet_io.o
clang -I/Library/Frameworks/R.framework/Resources/include -DNDEBUG  -I/usr/local/include -I/usr/local/include/freetype2 -I/opt/X11/include -I"/Library/Frameworks/R.framework/Versions/3.3/Resources/library/S4Vectors/include" -I"/Library/Frameworks/R.framework/Versions/3.3/Resources/library/IRanges/include" -I"/Library/Frameworks/R.framework/Versions/3.3/Resources/library/XVector/include"   -fPIC  -Wall -mtune=core2 -g -O2  -c XString_class.c -o XString_class.o
clang -I/Library/Frameworks/R.framework/Resources/include -DNDEBUG  -I/usr/local/include -I/usr/local/include/freetype2 -I/opt/X11/include -I"/Library/Frameworks/R.framework/Versions/3.3/Resources/library/S4Vectors/include" -I"/Library/Frameworks/R.framework/Versions/3.3/Resources/library/IRanges/include" -I"/Library/Frameworks/R.framework/Versions/3.3/Resources/library/XVector/include"   -fPIC  -Wall -mtune=core2 -g -O2  -c XVector_stubs.c -o XVector_stubs.o
clang -I/Library/Frameworks/R.framework/Resources/include -DNDEBUG  -I/usr/local/include -I/usr/local/include/freetype2 -I/opt/X11/include -I"/Library/Frameworks/R.framework/Versions/3.3/Resources/library/S4Vectors/include" -I"/Library/Frameworks/R.framework/Versions/3.3/Resources/library/IRanges/include" -I"/Library/Frameworks/R.framework/Versions/3.3/Resources/library/XVector/include"   -fPIC  -Wall -mtune=core2 -g -O2  -c align_needwunsQS.c -o align_needwunsQS.o
clang -I/Library/Frameworks/R.framework/Resources/include -DNDEBUG  -I/usr/local/include -I/usr/local/include/freetype2 -I/opt/X11/include -I"/Library/Frameworks/R.framework/Versions/3.3/Resources/library/S4Vectors/include" -I"/Library/Frameworks/R.framework/Versions/3.3/Resources/library/IRanges/include" -I"/Library/Frameworks/R.framework/Versions/3.3/Resources/library/XVector/include"   -fPIC  -Wall -mtune=core2 -g -O2  -c align_pairwiseAlignment.c -o align_pairwiseAlignment.o
clang -I/Library/Frameworks/R.framework/Resources/include -DNDEBUG  -I/usr/local/include -I/usr/local/include/freetype2 -I/opt/X11/include -I"/Library/Frameworks/R.framework/Versions/3.3/Resources/library/S4Vectors/include" -I"/Library/Frameworks/R.framework/Versions/3.3/Resources/library/IRanges/include" -I"/Library/Frameworks/R.framework/Versions/3.3/Resources/library/XVector/include"   -fPIC  -Wall -mtune=core2 -g -O2  -c align_utils.c -o align_utils.o
clang -I/Library/Frameworks/R.framework/Resources/include -DNDEBUG  -I/usr/local/include -I/usr/local/include/freetype2 -I/opt/X11/include -I"/Library/Frameworks/R.framework/Versions/3.3/Resources/library/S4Vectors/include" -I"/Library/Frameworks/R.framework/Versions/3.3/Resources/library/IRanges/include" -I"/Library/Frameworks/R.framework/Versions/3.3/Resources/library/XVector/include"   -fPIC  -Wall -mtune=core2 -g -O2  -c find_palindromes.c -o find_palindromes.o
clang -I/Library/Frameworks/R.framework/Resources/include -DNDEBUG  -I/usr/local/include -I/usr/local/include/freetype2 -I/opt/X11/include -I"/Library/Frameworks/R.framework/Versions/3.3/Resources/library/S4Vectors/include" -I"/Library/Frameworks/R.framework/Versions/3.3/Resources/library/IRanges/include" -I"/Library/Frameworks/R.framework/Versions/3.3/Resources/library/XVector/include"   -fPIC  -Wall -mtune=core2 -g -O2  -c gtestsim.c -o gtestsim.o
clang -I/Library/Frameworks/R.framework/Resources/include -DNDEBUG  -I/usr/local/include -I/usr/local/include/freetype2 -I/opt/X11/include -I"/Library/Frameworks/R.framework/Versions/3.3/Resources/library/S4Vectors/include" -I"/Library/Frameworks/R.framework/Versions/3.3/Resources/library/IRanges/include" -I"/Library/Frameworks/R.framework/Versions/3.3/Resources/library/XVector/include"   -fPIC  -Wall -mtune=core2 -g -O2  -c inject_code.c -o inject_code.o
clang -I/Library/Frameworks/R.framework/Resources/include -DNDEBUG  -I/usr/local/include -I/usr/local/include/freetype2 -I/opt/X11/include -I"/Library/Frameworks/R.framework/Versions/3.3/Resources/library/S4Vectors/include" -I"/Library/Frameworks/R.framework/Versions/3.3/Resources/library/IRanges/include" -I"/Library/Frameworks/R.framework/Versions/3.3/Resources/library/XVector/include"   -fPIC  -Wall -mtune=core2 -g -O2  -c letter_frequency.c -o letter_frequency.o
letter_frequency.c:956:13: warning: unused variable 'ans_dimnames' [-Wunused-variable]
  SEXP ans, ans_dimnames;
            ^
letter_frequency.c:957:48: warning: unused variable 'x_pos' [-Wunused-variable]
  int x_width, y_width, x_length, *ans_mat, i, x_pos;
                                               ^
2 warnings generated.
clang -I/Library/Frameworks/R.framework/Resources/include -DNDEBUG  -I/usr/local/include -I/usr/local/include/freetype2 -I/opt/X11/include -I"/Library/Frameworks/R.framework/Versions/3.3/Resources/library/S4Vectors/include" -I"/Library/Frameworks/R.framework/Versions/3.3/Resources/library/IRanges/include" -I"/Library/Frameworks/R.framework/Versions/3.3/Resources/library/XVector/include"   -fPIC  -Wall -mtune=core2 -g -O2  -c lowlevel_matching.c -o lowlevel_matching.o
clang -I/Library/Frameworks/R.framework/Resources/include -DNDEBUG  -I/usr/local/include -I/usr/local/include/freetype2 -I/opt/X11/include -I"/Library/Frameworks/R.framework/Versions/3.3/Resources/library/S4Vectors/include" -I"/Library/Frameworks/R.framework/Versions/3.3/Resources/library/IRanges/include" -I"/Library/Frameworks/R.framework/Versions/3.3/Resources/library/XVector/include"   -fPIC  -Wall -mtune=core2 -g -O2  -c match_BOC.c -o match_BOC.o
match_BOC.c:193:79: warning: unused variable 'j' [-Wunused-variable]
        int tmp_codes[4], *tmp_offsets[4], tmp_noffsets[4], order[4], i, offset, ii, j;
                                                                                     ^
match_BOC.c:239:68: warning: unused variable 'noffsets' [-Wunused-variable]
            nPsuf4, *Psuf4_offsets[4], Psuf4_noffsets[4], i, j, *offsets, noffsets;
                                                                          ^
match_BOC.c:239:59: warning: unused variable 'offsets' [-Wunused-variable]
            nPsuf4, *Psuf4_offsets[4], Psuf4_noffsets[4], i, j, *offsets, noffsets;
                                                                 ^
match_BOC.c:292:3: warning: unused label 'continue0' [-Wunused-label]
                continue0: ;
                ^˜˜˜˜˜˜˜˜˜˜
match_BOC.c:239:55: warning: unused variable 'j' [-Wunused-variable]
            nPsuf4, *Psuf4_offsets[4], Psuf4_noffsets[4], i, j, *offsets, noffsets;
                                                             ^
5 warnings generated.
clang -I/Library/Frameworks/R.framework/Resources/include -DNDEBUG  -I/usr/local/include -I/usr/local/include/freetype2 -I/opt/X11/include -I"/Library/Frameworks/R.framework/Versions/3.3/Resources/library/S4Vectors/include" -I"/Library/Frameworks/R.framework/Versions/3.3/Resources/library/IRanges/include" -I"/Library/Frameworks/R.framework/Versions/3.3/Resources/library/XVector/include"   -fPIC  -Wall -mtune=core2 -g -O2  -c match_BOC2.c -o match_BOC2.o
match_BOC2.c:167:79: warning: unused variable 'j' [-Wunused-variable]
        int tmp_codes[4], *tmp_offsets[4], tmp_noffsets[4], order[4], i, offset, ii, j;
                                                                                     ^
match_BOC2.c:212:59: warning: unused variable 'offsets' [-Wunused-variable]
            nPsuf4, *Psuf4_offsets[4], Psuf4_noffsets[4], i, j, *offsets, noffsets;
                                                                 ^
match_BOC2.c:212:55: warning: unused variable 'j' [-Wunused-variable]
            nPsuf4, *Psuf4_offsets[4], Psuf4_noffsets[4], i, j, *offsets, noffsets;
                                                             ^
match_BOC2.c:255:3: warning: unused label 'continue0' [-Wunused-label]
                continue0: ;
                ^˜˜˜˜˜˜˜˜˜˜
match_BOC2.c:212:68: warning: unused variable 'noffsets' [-Wunused-variable]
            nPsuf4, *Psuf4_offsets[4], Psuf4_noffsets[4], i, j, *offsets, noffsets;
                                                                          ^
5 warnings generated.
clang -I/Library/Frameworks/R.framework/Resources/include -DNDEBUG  -I/usr/local/include -I/usr/local/include/freetype2 -I/opt/X11/include -I"/Library/Frameworks/R.framework/Versions/3.3/Resources/library/S4Vectors/include" -I"/Library/Frameworks/R.framework/Versions/3.3/Resources/library/IRanges/include" -I"/Library/Frameworks/R.framework/Versions/3.3/Resources/library/XVector/include"   -fPIC  -Wall -mtune=core2 -g -O2  -c match_PWM.c -o match_PWM.o
clang -I/Library/Frameworks/R.framework/Resources/include -DNDEBUG  -I/usr/local/include -I/usr/local/include/freetype2 -I/opt/X11/include -I"/Library/Frameworks/R.framework/Versions/3.3/Resources/library/S4Vectors/include" -I"/Library/Frameworks/R.framework/Versions/3.3/Resources/library/IRanges/include" -I"/Library/Frameworks/R.framework/Versions/3.3/Resources/library/XVector/include"   -fPIC  -Wall -mtune=core2 -g -O2  -c match_pattern.c -o match_pattern.o
clang -I/Library/Frameworks/R.framework/Resources/include -DNDEBUG  -I/usr/local/include -I/usr/local/include/freetype2 -I/opt/X11/include -I"/Library/Frameworks/R.framework/Versions/3.3/Resources/library/S4Vectors/include" -I"/Library/Frameworks/R.framework/Versions/3.3/Resources/library/IRanges/include" -I"/Library/Frameworks/R.framework/Versions/3.3/Resources/library/XVector/include"   -fPIC  -Wall -mtune=core2 -g -O2  -c match_pattern_boyermoore.c -o match_pattern_boyermoore.o
clang -I/Library/Frameworks/R.framework/Resources/include -DNDEBUG  -I/usr/local/include -I/usr/local/include/freetype2 -I/opt/X11/include -I"/Library/Frameworks/R.framework/Versions/3.3/Resources/library/S4Vectors/include" -I"/Library/Frameworks/R.framework/Versions/3.3/Resources/library/IRanges/include" -I"/Library/Frameworks/R.framework/Versions/3.3/Resources/library/XVector/include"   -fPIC  -Wall -mtune=core2 -g -O2  -c match_pattern_indels.c -o match_pattern_indels.o
match_pattern_indels.c:7:13: warning: unused function 'test_match_pattern_indels' [-Wunused-function]
static void test_match_pattern_indels(const char *p, const char *s,
            ^
1 warning generated.
clang -I/Library/Frameworks/R.framework/Resources/include -DNDEBUG  -I/usr/local/include -I/usr/local/include/freetype2 -I/opt/X11/include -I"/Library/Frameworks/R.framework/Versions/3.3/Resources/library/S4Vectors/include" -I"/Library/Frameworks/R.framework/Versions/3.3/Resources/library/IRanges/include" -I"/Library/Frameworks/R.framework/Versions/3.3/Resources/library/XVector/include"   -fPIC  -Wall -mtune=core2 -g -O2  -c match_pattern_shiftor.c -o match_pattern_shiftor.o
clang -I/Library/Frameworks/R.framework/Resources/include -DNDEBUG  -I/usr/local/include -I/usr/local/include/freetype2 -I/opt/X11/include -I"/Library/Frameworks/R.framework/Versions/3.3/Resources/library/S4Vectors/include" -I"/Library/Frameworks/R.framework/Versions/3.3/Resources/library/IRanges/include" -I"/Library/Frameworks/R.framework/Versions/3.3/Resources/library/XVector/include"   -fPIC  -Wall -mtune=core2 -g -O2  -c match_pdict.c -o match_pdict.o
clang -I/Library/Frameworks/R.framework/Resources/include -DNDEBUG  -I/usr/local/include -I/usr/local/include/freetype2 -I/opt/X11/include -I"/Library/Frameworks/R.framework/Versions/3.3/Resources/library/S4Vectors/include" -I"/Library/Frameworks/R.framework/Versions/3.3/Resources/library/IRanges/include" -I"/Library/Frameworks/R.framework/Versions/3.3/Resources/library/XVector/include"   -fPIC  -Wall -mtune=core2 -g -O2  -c match_pdict_ACtree2.c -o match_pdict_ACtree2.o
match_pdict_ACtree2.c:139:13: warning: unused function 'debug_node_counting_functions' [-Wunused-function]
static void debug_node_counting_functions(int maxdepth)
            ^
match_pdict_ACtree2.c:602:21: warning: unused function 'a_nice_max_nodeextbuf_nelt' [-Wunused-function]
static unsigned int a_nice_max_nodeextbuf_nelt(int nnodes)
                    ^
2 warnings generated.
clang -I/Library/Frameworks/R.framework/Resources/include -DNDEBUG  -I/usr/local/include -I/usr/local/include/freetype2 -I/opt/X11/include -I"/Library/Frameworks/R.framework/Versions/3.3/Resources/library/S4Vectors/include" -I"/Library/Frameworks/R.framework/Versions/3.3/Resources/library/IRanges/include" -I"/Library/Frameworks/R.framework/Versions/3.3/Resources/library/XVector/include"   -fPIC  -Wall -mtune=core2 -g -O2  -c match_pdict_Twobit.c -o match_pdict_Twobit.o
clang -I/Library/Frameworks/R.framework/Resources/include -DNDEBUG  -I/usr/local/include -I/usr/local/include/freetype2 -I/opt/X11/include -I"/Library/Frameworks/R.framework/Versions/3.3/Resources/library/S4Vectors/include" -I"/Library/Frameworks/R.framework/Versions/3.3/Resources/library/IRanges/include" -I"/Library/Frameworks/R.framework/Versions/3.3/Resources/library/XVector/include"   -fPIC  -Wall -mtune=core2 -g -O2  -c match_pdict_utils.c -o match_pdict_utils.o
match_pdict_utils.c:652:49: warning: unused variable 'ncol' [-Wunused-variable]
        int nelt, min_safe_tb_end, max_safe_tb_end, j, ncol;
                                                       ^
match_pdict_utils.c:712:6: warning: unused variable 'nelt' [-Wunused-variable]
        int nelt, nkey0, nkey1, nkey2, i, key;
            ^
match_pdict_utils.c:818:26: warning: unused variable 'nloci' [-Wunused-variable]
        unsigned long int ndup, nloci, NFC; // NFC = Number of Flank Comparisons
                                ^
match_pdict_utils.c:819:44: warning: unused variable 'subtotal_NFC' [-Wunused-variable]
        static unsigned long int total_NFC = 0UL, subtotal_NFC = 0UL;
                                                  ^
match_pdict_utils.c:818:20: warning: unused variable 'ndup' [-Wunused-variable]
        unsigned long int ndup, nloci, NFC; // NFC = Number of Flank Comparisons
                          ^
match_pdict_utils.c:819:27: warning: unused variable 'total_NFC' [-Wunused-variable]
        static unsigned long int total_NFC = 0UL, subtotal_NFC = 0UL;
                                 ^
match_pdict_utils.c:818:33: warning: unused variable 'NFC' [-Wunused-variable]
        unsigned long int ndup, nloci, NFC; // NFC = Number of Flank Comparisons
                                       ^
match_pdict_utils.c:260:13: warning: unused function 'match_headtail_by_loc' [-Wunused-function]
static void match_headtail_by_loc(const HeadTail *headtail,
            ^
8 warnings generated.
clang -I/Library/Frameworks/R.framework/Resources/include -DNDEBUG  -I/usr/local/include -I/usr/local/include/freetype2 -I/opt/X11/include -I"/Library/Frameworks/R.framework/Versions/3.3/Resources/library/S4Vectors/include" -I"/Library/Frameworks/R.framework/Versions/3.3/Resources/library/IRanges/include" -I"/Library/Frameworks/R.framework/Versions/3.3/Resources/library/XVector/include"   -fPIC  -Wall -mtune=core2 -g -O2  -c match_reporting.c -o match_reporting.o
clang -I/Library/Frameworks/R.framework/Resources/include -DNDEBUG  -I/usr/local/include -I/usr/local/include/freetype2 -I/opt/X11/include -I"/Library/Frameworks/R.framework/Versions/3.3/Resources/library/S4Vectors/include" -I"/Library/Frameworks/R.framework/Versions/3.3/Resources/library/IRanges/include" -I"/Library/Frameworks/R.framework/Versions/3.3/Resources/library/XVector/include"   -fPIC  -Wall -mtune=core2 -g -O2  -c matchprobes.c -o matchprobes.o
clang -I/Library/Frameworks/R.framework/Resources/include -DNDEBUG  -I/usr/local/include -I/usr/local/include/freetype2 -I/opt/X11/include -I"/Library/Frameworks/R.framework/Versions/3.3/Resources/library/S4Vectors/include" -I"/Library/Frameworks/R.framework/Versions/3.3/Resources/library/IRanges/include" -I"/Library/Frameworks/R.framework/Versions/3.3/Resources/library/XVector/include"   -fPIC  -Wall -mtune=core2 -g -O2  -c pmatchPattern.c -o pmatchPattern.o
clang -I/Library/Frameworks/R.framework/Resources/include -DNDEBUG  -I/usr/local/include -I/usr/local/include/freetype2 -I/opt/X11/include -I"/Library/Frameworks/R.framework/Versions/3.3/Resources/library/S4Vectors/include" -I"/Library/Frameworks/R.framework/Versions/3.3/Resources/library/IRanges/include" -I"/Library/Frameworks/R.framework/Versions/3.3/Resources/library/XVector/include"   -fPIC  -Wall -mtune=core2 -g -O2  -c replaceAt.c -o replaceAt.o
clang -I/Library/Frameworks/R.framework/Resources/include -DNDEBUG  -I/usr/local/include -I/usr/local/include/freetype2 -I/opt/X11/include -I"/Library/Frameworks/R.framework/Versions/3.3/Resources/library/S4Vectors/include" -I"/Library/Frameworks/R.framework/Versions/3.3/Resources/library/IRanges/include" -I"/Library/Frameworks/R.framework/Versions/3.3/Resources/library/XVector/include"   -fPIC  -Wall -mtune=core2 -g -O2  -c replace_letter_at.c -o replace_letter_at.o
clang -I/Library/Frameworks/R.framework/Resources/include -DNDEBUG  -I/usr/local/include -I/usr/local/include/freetype2 -I/opt/X11/include -I"/Library/Frameworks/R.framework/Versions/3.3/Resources/library/S4Vectors/include" -I"/Library/Frameworks/R.framework/Versions/3.3/Resources/library/IRanges/include" -I"/Library/Frameworks/R.framework/Versions/3.3/Resources/library/XVector/include"   -fPIC  -Wall -mtune=core2 -g -O2  -c strutils.c -o strutils.o
clang -I/Library/Frameworks/R.framework/Resources/include -DNDEBUG  -I/usr/local/include -I/usr/local/include/freetype2 -I/opt/X11/include -I"/Library/Frameworks/R.framework/Versions/3.3/Resources/library/S4Vectors/include" -I"/Library/Frameworks/R.framework/Versions/3.3/Resources/library/IRanges/include" -I"/Library/Frameworks/R.framework/Versions/3.3/Resources/library/XVector/include"   -fPIC  -Wall -mtune=core2 -g -O2  -c translate.c -o translate.o
clang -I/Library/Frameworks/R.framework/Resources/include -DNDEBUG  -I/usr/local/include -I/usr/local/include/freetype2 -I/opt/X11/include -I"/Library/Frameworks/R.framework/Versions/3.3/Resources/library/S4Vectors/include" -I"/Library/Frameworks/R.framework/Versions/3.3/Resources/library/IRanges/include" -I"/Library/Frameworks/R.framework/Versions/3.3/Resources/library/XVector/include"   -fPIC  -Wall -mtune=core2 -g -O2  -c unstrsplit_methods.c -o unstrsplit_methods.o
clang -I/Library/Frameworks/R.framework/Resources/include -DNDEBUG  -I/usr/local/include -I/usr/local/include/freetype2 -I/opt/X11/include -I"/Library/Frameworks/R.framework/Versions/3.3/Resources/library/S4Vectors/include" -I"/Library/Frameworks/R.framework/Versions/3.3/Resources/library/IRanges/include" -I"/Library/Frameworks/R.framework/Versions/3.3/Resources/library/XVector/include"   -fPIC  -Wall -mtune=core2 -g -O2  -c utils.c -o utils.o
clang -I/Library/Frameworks/R.framework/Resources/include -DNDEBUG  -I/usr/local/include -I/usr/local/include/freetype2 -I/opt/X11/include -I"/Library/Frameworks/R.framework/Versions/3.3/Resources/library/S4Vectors/include" -I"/Library/Frameworks/R.framework/Versions/3.3/Resources/library/IRanges/include" -I"/Library/Frameworks/R.framework/Versions/3.3/Resources/library/XVector/include"   -fPIC  -Wall -mtune=core2 -g -O2  -c xscat.c -o xscat.o
clang -dynamiclib -Wl,-headerpad_max_install_names -undefined dynamic_lookup -single_module -multiply_defined suppress -L/Library/Frameworks/R.framework/Resources/lib -L/usr/local/lib -o Biostrings.so BAB_class.o BitMatrix.o IRanges_stubs.o MIndex_class.o PreprocessedTB_class.o R_init_Biostrings.o RoSeqs_utils.o S4Vectors_stubs.o SparseList_utils.o XStringSetList_class.o XStringSet_class.o XStringSet_io.o XString_class.o XVector_stubs.o align_needwunsQS.o align_pairwiseAlignment.o align_utils.o find_palindromes.o gtestsim.o inject_code.o letter_frequency.o lowlevel_matching.o match_BOC.o match_BOC2.o match_PWM.o match_pattern.o match_pattern_boyermoore.o match_pattern_indels.o match_pattern_shiftor.o match_pdict.o match_pdict_ACtree2.o match_pdict_Twobit.o match_pdict_utils.o match_reporting.o matchprobes.o pmatchPattern.o replaceAt.o replace_letter_at.o strutils.o translate.o unstrsplit_methods.o utils.o xscat.o -F/Library/Frameworks/R.framework/.. -framework R -Wl,-framework -Wl,CoreFoundation
installing to /Users/biocbuild/bbs-3.3-bioc/meat/Biostrings.Rcheck/Biostrings/libs
** R
** data
** inst
** preparing package for lazy loading
Creating a generic function for ‘setequal’ from package ‘base’ in package ‘Biostrings’
Creating a generic function for ‘ls’ from package ‘base’ in package ‘Biostrings’
Creating a new generic function for ‘offset’ in package ‘Biostrings’
** help
*** installing help indices
** building package indices
** installing vignettes
** testing if installed package can be loaded
* DONE (Biostrings)

Biostrings.Rcheck/Biostrings-Ex.timings:

nameusersystemelapsed
AAString-class0.0050.0000.006
AMINO_ACID_CODE0.0020.0010.003
AlignedXStringSet-class0.0700.0080.079
DNAString-class0.0030.0010.004
GENETIC_CODE0.0130.0030.015
HNF4alpha0.0270.0020.029
IUPAC_CODE_MAP0.0070.0010.006
MIndex-class000
MaskedXString-class0.2610.0080.682
MultipleAlignment-class1.1560.0141.305
PDict-class4.0120.1194.242
PairwiseAlignments-class0.1480.0080.158
PairwiseAlignments-io2.2790.1732.470
QualityScaledXStringSet-class0.0400.0000.041
RNAString-class0.0120.0010.012
XString-class0.0160.0010.436
XStringQuality-class0.0630.0010.064
XStringSet-class 8.452 0.46612.952
XStringSet-comparison2.9180.3663.450
XStringSet-io6.4380.3597.655
XStringSetList-class0.4310.0100.486
XStringViews-class0.2370.0140.269
align-utils0.0540.0030.081
chartr0.7440.0350.825
detail0.5910.0270.676
dinucleotideFrequencyTest0.0170.0010.021
findPalindromes28.656 0.35329.514
getSeq0.0830.0030.085
gregexpr20.0020.0000.002
injectHardMask0.0480.0010.049
letter0.0220.0000.022
letterFrequency1.3690.0901.684
longestConsecutive0.0010.0000.001
lowlevel-matching0.4100.0880.498
maskMotif1.3670.1171.752
match-utils0.0220.0010.022
matchLRPatterns0.6950.0381.657
matchPDict-exact337.621 4.134343.336
matchPDict-inexact50.541 0.88351.549
matchPWM4.0490.0104.066
matchPattern6.3160.2676.593
matchProbePair1.3780.0471.427
matchprobes0.3570.0080.366
misc0.0190.0010.019
needwunsQS0.0010.0000.001
nucleotideFrequency0.8250.0510.877
padAndClip0.6170.0610.678
pairwiseAlignment0.6680.1640.832
phiX174Phage0.5070.0220.530
pid0.2380.0070.245
replaceAt3.4640.5253.997
replaceLetterAt0.5180.0850.603
reverseComplement1.3890.1371.530
stringDist5.0740.0295.111
substitution_matrices0.4780.1350.615
toComplex0.0020.0000.002
translate0.8590.0120.939
trimLRPatterns0.0850.0010.086
xscat1.4020.0471.451
yeastSEQCHR10.0040.0010.005