Back to the "Multiple platform build/check report" A  B  C  D  E  F  G  H  I  J  K  L  M  N  O [P] Q  R  S  T  U  V  W  X  Y  Z 

BioC 3.3: CHECK report for piano on morelia

This page was generated on 2015-10-22 17:53:41 -0400 (Thu, 22 Oct 2015).

Package 773/1104HostnameOS / ArchINSTALLBUILDCHECKBUILD BIN
piano 1.11.0
Leif Varemo
Snapshot Date: 2015-10-21 20:20:05 -0400 (Wed, 21 Oct 2015)
URL: https://hedgehog.fhcrc.org/bioconductor/trunk/madman/Rpacks/piano
Last Changed Rev: 109592 / Revision: 109826
Last Changed Date: 2015-10-13 15:59:53 -0400 (Tue, 13 Oct 2015)
linux2.bioconductor.org Linux (Ubuntu 14.04.2 LTS) / x86_64  OK  OK  WARNINGS UNNEEDED, same version exists in internal repository
windows2.bioconductor.org Windows Server 2012 R2 Enterprise SP1 (64-bit) / x64  OK  OK  WARNINGS  OK UNNEEDED, same version exists in internal repository
morelia Mac OS X Mavericks (10.9.5) / x86_64  OK  OK [ WARNINGS ] OK UNNEEDED, same version exists in internal repository

Summary

Package: piano
Version: 1.11.0
Command: /Library/Frameworks/R.framework/Versions/Current/Resources/bin/R CMD check --no-vignettes --timings piano_1.11.0.tar.gz
StartedAt: 2015-10-22 09:35:52 -0400 (Thu, 22 Oct 2015)
EndedAt: 2015-10-22 09:37:03 -0400 (Thu, 22 Oct 2015)
EllapsedTime: 71.1 seconds
RetCode: 0
Status:  WARNINGS 
CheckDir: piano.Rcheck
Warnings: 1

Command output

##############################################################################
##############################################################################
###
### Running command:
###
###   /Library/Frameworks/R.framework/Versions/Current/Resources/bin/R CMD check --no-vignettes --timings piano_1.11.0.tar.gz
###
##############################################################################
##############################################################################


* using log directory ‘/Users/biocbuild/bbs-3.3-bioc/meat/piano.Rcheck’
* using R Under development (unstable) (2015-10-08 r69496)
* using platform: x86_64-apple-darwin13.4.0 (64-bit)
* using session charset: UTF-8
* using option ‘--no-vignettes’
* checking for file ‘piano/DESCRIPTION’ ... OK
* checking extension type ... Package
* this is package ‘piano’ version ‘1.11.0’
* checking package namespace information ... OK
* checking package dependencies ... OK
* checking if this is a source package ... OK
* checking if there is a namespace ... OK
* checking for hidden files and directories ... OK
* checking for portable file names ... OK
* checking for sufficient/correct file permissions ... OK
* checking whether package ‘piano’ can be installed ... [3s/3s] WARNING
Found the following significant warnings:
  Warning: replacing previous import by ‘igraph::union’ when loading ‘piano’
  Warning: replacing previous import by ‘igraph::normalize’ when loading ‘piano’
See ‘/Users/biocbuild/bbs-3.3-bioc/meat/piano.Rcheck/00install.out’ for details.
* checking installed package size ... OK
* checking package directory ... OK
* checking ‘build’ directory ... OK
* checking DESCRIPTION meta-information ... OK
* checking top-level files ... OK
* checking for left-over files ... OK
* checking index information ... OK
* checking package subdirectories ... OK
* checking R files for non-ASCII characters ... OK
* checking R files for syntax errors ... OK
* checking whether the package can be loaded ... OK
* checking whether the package can be loaded with stated dependencies ... OK
* checking whether the package can be unloaded cleanly ... OK
* checking whether the namespace can be loaded with stated dependencies ... OK
* checking whether the namespace can be unloaded cleanly ... OK
* checking dependencies in R code ... OK
* checking S3 generic/method consistency ... OK
* checking replacement functions ... OK
* checking foreign function calls ... OK
* checking R code for possible problems ... OK
* checking Rd files ... OK
* checking Rd metadata ... OK
* checking Rd cross-references ... OK
* checking for missing documentation entries ... OK
* checking for code/documentation mismatches ... OK
* checking Rd \usage sections ... OK
* checking Rd contents ... OK
* checking for unstated dependencies in examples ... OK
* checking contents of ‘data’ directory ... OK
* checking data for non-ASCII characters ... OK
* checking data for ASCII and uncompressed saves ... OK
* checking sizes of PDF files under ‘inst/doc’ ... OK
* checking installed files from ‘inst/doc’ ... OK
* checking files in ‘vignettes’ ... OK
* checking examples ... [25s/25s] OK
* checking for unstated dependencies in vignettes ... OK
* checking package vignettes in ‘inst/doc’ ... OK
* checking running R code from vignettes ... SKIPPED
* checking re-building of vignette outputs ... SKIPPED
* checking PDF version of manual ... OK
* DONE

Status: 1 WARNING
See
  ‘/Users/biocbuild/bbs-3.3-bioc/meat/piano.Rcheck/00check.log’
for details.


piano.Rcheck/00install.out:

* installing *source* package ‘piano’ ...
** R
** data
** inst
** preparing package for lazy loading
Warning: replacing previous import by ‘igraph::union’ when loading ‘piano’
Warning: replacing previous import by ‘igraph::normalize’ when loading ‘piano’
** help
*** installing help indices
** building package indices
** installing vignettes
** testing if installed package can be loaded
Warning: replacing previous import by ‘igraph::union’ when loading ‘piano’
Warning: replacing previous import by ‘igraph::normalize’ when loading ‘piano’
* DONE (piano)

piano.Rcheck/piano-Ex.timings:

nameusersystemelapsed
GSAheatmap3.3990.0403.441
GSAsummaryTable3.9990.0314.032
consensusHeatmap0.2140.0250.239
consensusScores0.0650.0080.074
diffExp2.5840.0962.727
extractFactors0.3770.0050.382
geneSetSummary2.8160.0932.909
loadGSC0.010.000.01
loadMAdata0.3240.0070.331
networkPlot4.0300.0364.101
polarPlot0.7110.0430.755
runGSA2.7610.0382.799
runGSAhyper0.2860.0090.294
runQC0.9130.0260.940
writeFilesForKiwi0.1140.0040.117