Back to the "Multiple platform build/check report" A  B  C  D  E  F [G] H  I  J  K  L  M  N  O  P  Q  R  S  T  U  V  W  X  Y  Z 

BioC 3.3: CHECK report for ggbio on morelia

This page was generated on 2015-10-22 17:53:10 -0400 (Thu, 22 Oct 2015).

Package 438/1104HostnameOS / ArchINSTALLBUILDCHECKBUILD BIN
ggbio 1.19.0
Tengfei Yin
Snapshot Date: 2015-10-21 20:20:05 -0400 (Wed, 21 Oct 2015)
URL: https://hedgehog.fhcrc.org/bioconductor/trunk/madman/Rpacks/ggbio
Last Changed Rev: 109592 / Revision: 109826
Last Changed Date: 2015-10-13 15:59:53 -0400 (Tue, 13 Oct 2015)
linux2.bioconductor.org Linux (Ubuntu 14.04.2 LTS) / x86_64  OK  OK  WARNINGS UNNEEDED, same version exists in internal repository
windows2.bioconductor.org Windows Server 2012 R2 Enterprise SP1 (64-bit) / x64  OK  OK  WARNINGS  OK UNNEEDED, same version exists in internal repository
morelia Mac OS X Mavericks (10.9.5) / x86_64  OK  OK [ WARNINGS ] OK UNNEEDED, same version exists in internal repository

Summary

Package: ggbio
Version: 1.19.0
Command: /Library/Frameworks/R.framework/Versions/Current/Resources/bin/R CMD check --no-vignettes --timings ggbio_1.19.0.tar.gz
StartedAt: 2015-10-22 06:37:36 -0400 (Thu, 22 Oct 2015)
EndedAt: 2015-10-22 06:44:53 -0400 (Thu, 22 Oct 2015)
EllapsedTime: 437.7 seconds
RetCode: 0
Status:  WARNINGS 
CheckDir: ggbio.Rcheck
Warnings: 1

Command output

##############################################################################
##############################################################################
###
### Running command:
###
###   /Library/Frameworks/R.framework/Versions/Current/Resources/bin/R CMD check --no-vignettes --timings ggbio_1.19.0.tar.gz
###
##############################################################################
##############################################################################


* using log directory ‘/Users/biocbuild/bbs-3.3-bioc/meat/ggbio.Rcheck’
* using R Under development (unstable) (2015-10-08 r69496)
* using platform: x86_64-apple-darwin13.4.0 (64-bit)
* using session charset: UTF-8
* using option ‘--no-vignettes’
* checking for file ‘ggbio/DESCRIPTION’ ... OK
* this is package ‘ggbio’ version ‘1.19.0’
* checking package namespace information ... OK
* checking package dependencies ... OK
* checking if this is a source package ... OK
* checking if there is a namespace ... OK
* checking for hidden files and directories ... OK
* checking for portable file names ... OK
* checking for sufficient/correct file permissions ... OK
* checking whether package ‘ggbio’ can be installed ... [17s/18s] WARNING
Found the following significant warnings:
  Warning: 'eval' is deprecated.
See ‘/Users/biocbuild/bbs-3.3-bioc/meat/ggbio.Rcheck/00install.out’ for details.
* checking installed package size ... OK
* checking package directory ... OK
* checking ‘build’ directory ... OK
* checking DESCRIPTION meta-information ... NOTE
Malformed Title field: should not end in a period.
* checking top-level files ... OK
* checking for left-over files ... OK
* checking index information ... OK
* checking package subdirectories ... OK
* checking R files for non-ASCII characters ... OK
* checking R files for syntax errors ... OK
* checking whether the package can be loaded ... OK
* checking whether the package can be loaded with stated dependencies ... OK
* checking whether the package can be unloaded cleanly ... OK
* checking whether the namespace can be loaded with stated dependencies ... OK
* checking whether the namespace can be unloaded cleanly ... OK
* checking dependencies in R code ... NOTE
Unexported objects imported by ':::' calls:
  ‘ggplot2:::add_ggplot’ ‘ggplot2:::cunion’ ‘ggplot2:::rescale01’
  ‘ggplot2:::set_last_plot’ ‘ggplot2:::zeroGrob’
  See the note in ?`:::` about the use of this operator.
* checking S3 generic/method consistency ... OK
* checking replacement functions ... OK
* checking foreign function calls ... OK
* checking R code for possible problems ... NOTE
stat_mismatch,BamFile: warning in pileupAsGRanges(data, region =
  which): partial argument match of 'region' to 'regions'
.combineNames: no visible binding for global variable
  ‘.layout_circle.geoms’
.combineNames: no visible binding for global variable
  ‘.layout_circle.stats’
Ideogram: no visible binding for global variable ‘ideoCyto’
Ideogram: no visible binding for global variable ‘cytobands’
ScalePlot: no visible binding for global variable ‘y’
ScalePlot2: no visible binding for global variable ‘breaks’
ScalePlot2: no visible binding for global variable ‘yend’
ScalePlot2: no visible binding for global variable ‘y.text’
align.plots: no visible binding for global variable ‘lgrobs’
alignPlots: no visible binding for global variable ‘lgrobs’
getNR: no visible global function definition for ‘se’
getNR: no visible global function definition for ‘indexProbesProcessed’
getNR: no visible global function definition for ‘coefs’
ggsave : default_name: no visible global function definition for
  ‘digest.ggplot’
plotInter: no visible binding for global variable ‘fe’
plotInter: no visible binding for global variable ‘value’
plotInter2: no visible binding for global variable ‘fe’
plotInter2: no visible binding for global variable ‘value’
plotKaryogram: no visible binding for global variable ‘cytobands’
plotStackedOverview: no visible binding for global variable ‘cytobands’
scale_x_sequnit: no visible binding for global variable ‘.x’
autoplot,ExpressionSet: no visible binding for global variable
  ‘variable’
autoplot,RangedSummarizedExperiment: no visible binding for global
  variable ‘sset’
autoplot,RangedSummarizedExperiment: no visible binding for global
  variable ‘variable’
autoplot,TabixFile: no visible global function definition for
  ‘file_ext’
autoplot,TabixFile: no visible global function definition for
  ‘file_path_sans_ext’
autoplot,TabixFile: no visible global function definition for ‘readVcf’
autoplot,VCF: no visible binding for global variable ‘stepping’
autoplot,VCF: no visible binding for global variable ‘value’
autoplot,VRanges: no visible binding for global variable ‘midpoint’
autoplot,Views: no visible binding for global variable ‘x’
autoplot,Views: no visible binding for global variable ‘value’
geom_alignment,BamFile: no visible binding for global variable ‘fl’
geom_alignment,BamFile: no visible binding for global variable
  ‘stepping’
geom_alignment,OrganismDb: no visible global function definition for
  ‘select’
height,GGbio: no visible binding for global variable ‘mt’
height,Tracked: no visible binding for global variable ‘mt’
height,gg: no visible binding for global variable ‘mt’
layout_karyogram,GRanges: no visible binding for global variable
  ‘gieStain’
layout_karyogram,GRanges: no visible binding for global variable ‘x’
layout_karyogram,GRanges: no visible binding for global variable ‘y’
layout_karyogram,GRanges: no visible binding for global variable ‘xend’
layout_karyogram,GRanges: no visible binding for global variable ‘yend’
layout_karyogram,GRanges: no visible binding for global variable ‘y2’
layout_karyogram,GRanges: no visible binding for global variable
  ‘yend2’
layout_karyogram,GRanges : <anonymous>: no visible binding for global
  variable ‘name’
layout_karyogram,GRanges : <anonymous>: no visible binding for global
  variable ‘gieStain’
plotFragLength,character-GRanges: no visible global function definition
  for ‘qutoplot’
plotFragLength,character-GRanges: no visible binding for global
  variable ‘.fragLength’
stat_mismatch,GRanges: no visible binding for global variable ‘sts’
stat_mismatch,GRanges: no visible binding for global variable ‘eds’
stat_mismatch,GRanges: no visible binding for global variable ‘read’
Undefined global functions or variables:
  .fragLength .layout_circle.geoms .layout_circle.stats .x breaks coefs
  cytobands digest.ggplot eds fe file_ext file_path_sans_ext fl
  gieStain ideoCyto indexProbesProcessed lgrobs midpoint mt name
  qutoplot read readVcf se select sset stepping sts value variable x
  xend y y.text y2 yend yend2
* checking Rd files ... OK
* checking Rd metadata ... OK
* checking Rd cross-references ... OK
* checking for missing documentation entries ... OK
* checking for code/documentation mismatches ... OK
* checking Rd \usage sections ... OK
* checking Rd contents ... OK
* checking for unstated dependencies in examples ... OK
* checking line endings in Makefiles ... OK
* checking for GNU extensions in Makefiles ... OK
* checking sizes of PDF files under ‘inst/doc’ ... OK
* checking installed files from ‘inst/doc’ ... OK
* checking files in ‘vignettes’ ... OK
* checking examples ... [230s/238s] OK
Examples with CPU or elapsed time > 5s
                          user system elapsed
autoplot-method         55.176  1.448  56.789
geom_alignment-method   30.292  0.764  31.070
layout_karyogram-method 24.409  0.072  24.573
tracks                  21.421  0.068  21.524
geom_arrow-method        9.853  0.033   9.891
plotRangesLinkedToData   9.378  0.190   9.585
stat_aggregate-method    8.887  0.021   9.061
ggplot-method            7.481  0.110   7.622
layout_circle-method     6.849  0.030   6.881
stat_reduce-method       6.303  0.190   6.500
stat_bin-method          3.893  0.021  11.345
* checking for unstated dependencies in ‘tests’ ... OK
* checking tests ...
  Running ‘test-all.R’ [8s/8s]
 [8s/9s] OK
* checking for unstated dependencies in vignettes ... OK
* checking package vignettes in ‘inst/doc’ ... OK
* checking running R code from vignettes ... SKIPPED
* checking re-building of vignette outputs ... SKIPPED
* checking PDF version of manual ... OK
* DONE

Status: 1 WARNING, 3 NOTEs
See
  ‘/Users/biocbuild/bbs-3.3-bioc/meat/ggbio.Rcheck/00check.log’
for details.


ggbio.Rcheck/00install.out:

* installing *source* package ‘ggbio’ ...
** R
** inst
** preparing package for lazy loading
Creating a new generic function for ‘rescale’ in package ‘ggbio’
Creating a new generic function for ‘xlim’ in package ‘ggbio’
Creating a generic function for ‘print’ from package ‘base’ in package ‘ggbio’
Warning: 'eval' is deprecated.
Use 'plotIdeogram' instead.
See help("Deprecated")
Creating a new generic function for ‘geom_rect’ in package ‘ggbio’
Creating a new generic function for ‘geom_segment’ in package ‘ggbio’
Creating a new generic function for ‘geom_bar’ in package ‘ggbio’
Creating a new generic function for ‘stat_identity’ in package ‘ggbio’
Creating a new generic function for ‘stat_bin’ in package ‘ggbio’
** help
*** installing help indices
** building package indices
** installing vignettes
** testing if installed package can be loaded
* DONE (ggbio)

ggbio.Rcheck/ggbio-Ex.timings:

nameusersystemelapsed
arrangeGrobByParsingLegend2.5510.0262.578
autoplot-method55.176 1.44856.789
geom_alignment-method30.292 0.76431.070
geom_arch-method1.3560.0171.374
geom_arrow-method9.8530.0339.891
geom_arrowrect-method2.5350.0082.544
geom_bar-method0.8150.0030.819
geom_chevron-method3.5620.0173.581
geom_rect-method2.4050.0082.419
geom_segment-method2.2490.0092.439
ggbio-class0.0050.0000.005
ggplot-method7.4810.1107.622
layout_circle-method6.8490.0306.881
layout_karyogram-method24.409 0.07224.573
plotFragLength000
plotGrandLinear4.2080.0424.261
plotRangesLinkedToData9.3780.1909.585
plotSingleChrom000
plotSpliceSum0.0010.0000.001
plotStackedOverview0.0020.0000.001
rescale-method0.0720.0010.072
scale_fill_fold_change0.4540.0110.467
scale_fill_giemsa3.4690.0083.490
scale_x_sequnit0.3440.0020.351
stat_aggregate-method8.8870.0219.061
stat_bin-method 3.893 0.02111.345
stat_coverage-method1.9330.0071.954
stat_gene-method0.0010.0000.000
stat_identity-method2.1010.0302.136
stat_reduce-method6.3030.1906.500
stat_slice-method2.7280.0272.761
stat_stepping-method1.7940.0081.802
stat_table-method1.1770.0051.183
theme1.4250.0041.430
tracks21.421 0.06821.524