| Back to Build/check report for BioC 3.23: simplified long |
|
This page was generated on 2025-11-13 11:32 -0500 (Thu, 13 Nov 2025).
| Hostname | OS | Arch (*) | R version | Installed pkgs |
|---|---|---|---|---|
| kjohnson3 | macOS 13.7.7 Ventura | arm64 | R Under development (unstable) (2025-11-04 r88984) -- "Unsuffered Consequences" | 4013 |
| Click on any hostname to see more info about the system (e.g. compilers) (*) as reported by 'uname -p', except on Windows and Mac OS X | ||||
| Package 2320/2325 | Hostname | OS / Arch | INSTALL | BUILD | CHECK | BUILD BIN | ||||||||
| zellkonverter 1.21.0 (landing page) Luke Zappia
| kjohnson3 | macOS 13.7.7 Ventura / arm64 | OK | ERROR | skipped | skipped | ||||||||
|
To the developers/maintainers of the zellkonverter package: - Allow up to 24 hours (and sometimes 48 hours) for your latest push to git@git.bioconductor.org:packages/zellkonverter.git to reflect on this report. See Troubleshooting Build Report for more information. - Use the following Renviron settings to reproduce errors and warnings. - If 'R CMD check' started to fail recently on the Linux builder(s) over a missing dependency, add the missing dependency to 'Suggests:' in your DESCRIPTION file. See Renviron.bioc for more information. |
| Package: zellkonverter |
| Version: 1.21.0 |
| Command: /Library/Frameworks/R.framework/Resources/bin/R CMD build --keep-empty-dirs --no-resave-data zellkonverter |
| StartedAt: 2025-11-12 17:29:21 -0500 (Wed, 12 Nov 2025) |
| EndedAt: 2025-11-12 17:30:44 -0500 (Wed, 12 Nov 2025) |
| EllapsedTime: 83.0 seconds |
| RetCode: 1 |
| Status: ERROR |
| PackageFile: None |
| PackageFileSize: NA |
##############################################################################
##############################################################################
###
### Running command:
###
### /Library/Frameworks/R.framework/Resources/bin/R CMD build --keep-empty-dirs --no-resave-data zellkonverter
###
##############################################################################
##############################################################################
* checking for file ‘zellkonverter/DESCRIPTION’ ... OK
* preparing ‘zellkonverter’:
* checking DESCRIPTION meta-information ... OK
* installing the package (it is needed to build vignettes)
* creating vignettes ... ERROR
--- re-building ‘zellkonverter.Rmd’ using rmarkdown
python-build: use openssl@3 from homebrew
python-build: use readline from homebrew
Downloading Python-3.14.0.tar.xz...
-> https://www.python.org/ftp/python/3.14.0/Python-3.14.0.tar.xz
Installing Python-3.14.0...
python-build: use tcl-tk from homebrew
python-build: use readline from homebrew
python-build: use zlib from xcode sdk
BUILD FAILED (OS X 13.7.8 using python-build 2.6.12-2-g2afd173)
Inspect or clean up the working tree at /var/folders/r0/l4fjk6cj5xj0j3brt4bplpl40000gt/T/python-build.20251112172937.60253
Results logged to /var/folders/r0/l4fjk6cj5xj0j3brt4bplpl40000gt/T/python-build.20251112172937.60253.log
Last 10 log lines:
ld: warning: search path '/Users/biocbuild/.pyenv/versions/3.14.0/lib' not found
ld: Undefined symbols:
_mkfifoat, referenced from:
_os_mkfifo in 158.arm64.thinlto.o
_mknodat, referenced from:
_os_mknod in 158.arm64.thinlto.o
clang: error: linker command failed with exit code 1 (use -v to see invocation)
make[2]: *** [Programs/_freeze_module] Error 1
make[1]: *** [profile-gen-stamp] Error 2
make: *** [profile-run-stamp] Error 2
Quitting from zellkonverter.Rmd:41-50 [read]
~~~~~~~~~~~~~~~~~~~~~~~~~~~~~~~~~~~~~~~~~~~~~~~~~~~~~~~~~~~~~~~~~~~~~~~~~~~~~~~~
<error/rlang_error>
Error:
! installation of Python 3.14.0 failed
---
Backtrace:
▆
1. └─zellkonverter::readH5AD(example_h5ad)
2. └─basilisk::basiliskRun(...)
3. └─basilisk::basiliskStart(...)
4. └─basilisk::obtainEnvironmentPath(env)
5. └─basilisk::setupBasiliskEnv(...)
6. ├─base::suppressMessages(install_python(version))
7. │ └─base::withCallingHandlers(...)
8. └─reticulate::install_python(version)
9. └─reticulate:::stopf("installation of Python %s failed", version)
~~~~~~~~~~~~~~~~~~~~~~~~~~~~~~~~~~~~~~~~~~~~~~~~~~~~~~~~~~~~~~~~~~~~~~~~~~~~~~~~
Error: processing vignette 'zellkonverter.Rmd' failed with diagnostics:
installation of Python 3.14.0 failed
--- failed re-building ‘zellkonverter.Rmd’
SUMMARY: processing the following file failed:
‘zellkonverter.Rmd’
Error: Vignette re-building failed.
Execution halted