Back to Build/check report for BioC 3.23:   simplified   long
ABCDEFGHIJKLMNOPQRS[T]UVWXYZ

This page was generated on 2025-11-13 11:32 -0500 (Thu, 13 Nov 2025).

HostnameOSArch (*)R versionInstalled pkgs
kjohnson3macOS 13.7.7 Venturaarm64R Under development (unstable) (2025-11-04 r88984) -- "Unsuffered Consequences" 4013
Click on any hostname to see more info about the system (e.g. compilers)      (*) as reported by 'uname -p', except on Windows and Mac OS X

Package 2176/2325HostnameOS / ArchINSTALLBUILDCHECKBUILD BIN
tidybulk 2.1.0  (landing page)
Stefano Mangiola
Snapshot Date: 2025-11-12 13:40 -0500 (Wed, 12 Nov 2025)
git_url: https://git.bioconductor.org/packages/tidybulk
git_branch: devel
git_last_commit: 903ed2a
git_last_commit_date: 2025-10-29 10:57:24 -0500 (Wed, 29 Oct 2025)
kjohnson3macOS 13.7.7 Ventura / arm64  OK    ERROR  skippedskipped


BUILD results for tidybulk on kjohnson3

To the developers/maintainers of the tidybulk package:
- Allow up to 24 hours (and sometimes 48 hours) for your latest push to git@git.bioconductor.org:packages/tidybulk.git to reflect on this report. See Troubleshooting Build Report for more information.
- Use the following Renviron settings to reproduce errors and warnings.
- If 'R CMD check' started to fail recently on the Linux builder(s) over a missing dependency, add the missing dependency to 'Suggests:' in your DESCRIPTION file. See Renviron.bioc for more information.

raw results


Summary

Package: tidybulk
Version: 2.1.0
Command: /Library/Frameworks/R.framework/Resources/bin/R CMD build --keep-empty-dirs --no-resave-data tidybulk
StartedAt: 2025-11-12 17:22:42 -0500 (Wed, 12 Nov 2025)
EndedAt: 2025-11-12 17:23:16 -0500 (Wed, 12 Nov 2025)
EllapsedTime: 34.4 seconds
RetCode: 1
Status:   ERROR  
PackageFile: None
PackageFileSize: NA

Command output

##############################################################################
##############################################################################
###
### Running command:
###
###   /Library/Frameworks/R.framework/Resources/bin/R CMD build --keep-empty-dirs --no-resave-data tidybulk
###
##############################################################################
##############################################################################


* checking for file ‘tidybulk/DESCRIPTION’ ... OK
* preparing ‘tidybulk’:
* checking DESCRIPTION meta-information ... OK
* installing the package (it is needed to process help pages)
* creating vignettes ... ERROR
--- re-building ‘comparison_coding.Rmd’ using rmarkdown

Quitting from comparison_coding.Rmd:240-242 [normalise]
~~~~~~~~~~~~~~~~~~~~~~~~~~~~~~~~~~~~~~~~~~~~~~~~~~~~~~~~~~~~~~~~~~~~~~~~~~~~~~~~
<error/rlang_error>
Error:
! error in evaluating the argument '.data' in selecting a method for function 'scale_abundance': The package "edgeR" is required.
---
Backtrace:
    ▆
 1. ├─tidybulk::scale_abundance(identify_abundant(airway, factor_of_interest = dex))
 2. ├─tidybulk::identify_abundant(airway, factor_of_interest = dex)
 3. ├─tidybulk::identify_abundant(airway, factor_of_interest = dex)
 4. │ └─tidybulk:::check_and_install_packages("edgeR")
 5. │   └─rlang::check_installed(...)
 6. │     └─base::stop(cnd)
 7. └─base (local) `<fn>`(`<rlb_r___>`)
~~~~~~~~~~~~~~~~~~~~~~~~~~~~~~~~~~~~~~~~~~~~~~~~~~~~~~~~~~~~~~~~~~~~~~~~~~~~~~~~

Error: processing vignette 'comparison_coding.Rmd' failed with diagnostics:
error in evaluating the argument '.data' in selecting a method for function 'scale_abundance': The package "edgeR" is required.
--- failed re-building ‘comparison_coding.Rmd’

--- re-building ‘introduction.Rmd’ using rmarkdown
Loading required namespace: AnnotationDbi
2025-11-12 17:23:10.641 R[73730:3618303] XType: Using static font registry.

Quitting from introduction.Rmd:256-266 [filtering-abundance-methods]
~~~~~~~~~~~~~~~~~~~~~~~~~~~~~~~~~~~~~~~~~~~~~~~~~~~~~~~~~~~~~~~~~~~~~~~~~~~~~~~~
NULL
~~~~~~~~~~~~~~~~~~~~~~~~~~~~~~~~~~~~~~~~~~~~~~~~~~~~~~~~~~~~~~~~~~~~~~~~~~~~~~~~

Error: processing vignette 'introduction.Rmd' failed with diagnostics:
The package "edgeR" is required.
--- failed re-building ‘introduction.Rmd’

SUMMARY: processing the following files failed:
  ‘comparison_coding.Rmd’ ‘introduction.Rmd’

Error: Vignette re-building failed.
Execution halted