Back to Build/check report for BioC 3.23:   simplified   long
ABCDEFGHIJKLMNOPQR[S]TUVWXYZ

This page was generated on 2025-11-13 11:32 -0500 (Thu, 13 Nov 2025).

HostnameOSArch (*)R versionInstalled pkgs
kjohnson3macOS 13.7.7 Venturaarm64R Under development (unstable) (2025-11-04 r88984) -- "Unsuffered Consequences" 4013
Click on any hostname to see more info about the system (e.g. compilers)      (*) as reported by 'uname -p', except on Windows and Mac OS X

Package 2010/2325HostnameOS / ArchINSTALLBUILDCHECKBUILD BIN
sketchR 1.7.0  (landing page)
Charlotte Soneson
Snapshot Date: 2025-11-12 13:40 -0500 (Wed, 12 Nov 2025)
git_url: https://git.bioconductor.org/packages/sketchR
git_branch: devel
git_last_commit: 25a7083
git_last_commit_date: 2025-10-29 11:28:06 -0500 (Wed, 29 Oct 2025)
kjohnson3macOS 13.7.7 Ventura / arm64  OK    ERROR  skippedskipped


BUILD results for sketchR on kjohnson3

To the developers/maintainers of the sketchR package:
- Allow up to 24 hours (and sometimes 48 hours) for your latest push to git@git.bioconductor.org:packages/sketchR.git to reflect on this report. See Troubleshooting Build Report for more information.
- Use the following Renviron settings to reproduce errors and warnings.
- If 'R CMD check' started to fail recently on the Linux builder(s) over a missing dependency, add the missing dependency to 'Suggests:' in your DESCRIPTION file. See Renviron.bioc for more information.

raw results


Summary

Package: sketchR
Version: 1.7.0
Command: /Library/Frameworks/R.framework/Resources/bin/R CMD build --keep-empty-dirs --no-resave-data sketchR
StartedAt: 2025-11-12 17:14:30 -0500 (Wed, 12 Nov 2025)
EndedAt: 2025-11-12 17:14:41 -0500 (Wed, 12 Nov 2025)
EllapsedTime: 11.2 seconds
RetCode: 1
Status:   ERROR  
PackageFile: None
PackageFileSize: NA

Command output

##############################################################################
##############################################################################
###
### Running command:
###
###   /Library/Frameworks/R.framework/Resources/bin/R CMD build --keep-empty-dirs --no-resave-data sketchR
###
##############################################################################
##############################################################################


* checking for file ‘sketchR/DESCRIPTION’ ... OK
* preparing ‘sketchR’:
* checking DESCRIPTION meta-information ... OK
* installing the package (it is needed to build vignettes)
* creating vignettes ... ERROR
--- re-building ‘sketchR.Rmd’ using rmarkdown

Quitting from sketchR.Rmd:71-85 [load-pkg]
~~~~~~~~~~~~~~~~~~~~~~~~~~~~~~~~~~~~~~~~~~~~~~~~~~~~~~~~~~~~~~~~~~~~~~~~~~~~~~~~
<error/rlang_error>
Error in `library()`:
! there is no package called 'TENxPBMCData'
---
Backtrace:
    ▆
 1. ├─base::suppressPackageStartupMessages(...)
 2. │ └─base::withCallingHandlers(expr, packageStartupMessage = function(c) tryInvokeRestart("muffleMessage"))
 3. └─base::library(TENxPBMCData)
~~~~~~~~~~~~~~~~~~~~~~~~~~~~~~~~~~~~~~~~~~~~~~~~~~~~~~~~~~~~~~~~~~~~~~~~~~~~~~~~

Error: processing vignette 'sketchR.Rmd' failed with diagnostics:
there is no package called 'TENxPBMCData'
--- failed re-building ‘sketchR.Rmd’

--- re-building ‘sketching_workflows.Rmd’ using rmarkdown

Quitting from sketching_workflows.Rmd:34-52 [load-pkg]
~~~~~~~~~~~~~~~~~~~~~~~~~~~~~~~~~~~~~~~~~~~~~~~~~~~~~~~~~~~~~~~~~~~~~~~~~~~~~~~~
<error/rlang_error>
Error in `library()`:
! there is no package called 'TENxPBMCData'
---
Backtrace:
    ▆
 1. ├─base::suppressPackageStartupMessages(...)
 2. │ └─base::withCallingHandlers(expr, packageStartupMessage = function(c) tryInvokeRestart("muffleMessage"))
 3. └─base::library(TENxPBMCData)
~~~~~~~~~~~~~~~~~~~~~~~~~~~~~~~~~~~~~~~~~~~~~~~~~~~~~~~~~~~~~~~~~~~~~~~~~~~~~~~~

Error: processing vignette 'sketching_workflows.Rmd' failed with diagnostics:
there is no package called 'TENxPBMCData'
--- failed re-building ‘sketching_workflows.Rmd’

SUMMARY: processing the following files failed:
  ‘sketchR.Rmd’ ‘sketching_workflows.Rmd’

Error: Vignette re-building failed.
Execution halted