##############################################################################
##############################################################################
###
### Running command:
###
### /Library/Frameworks/R.framework/Resources/bin/R CMD build --keep-empty-dirs --no-resave-data scDiagnostics
###
##############################################################################
##############################################################################
* checking for file ‘scDiagnostics/DESCRIPTION’ ... OK
* preparing ‘scDiagnostics’:
* checking DESCRIPTION meta-information ... OK
* installing the package (it is needed to build vignettes)
* creating vignettes ... ERROR
--- re-building ‘AnnotationAnomalies.Rmd’ using rmarkdown
Warning in hook_png(..., cmd = "pngquant", post_process = function(x) { :
cannot find pngquant; please install and put it in PATH
2025-11-12 17:09:22.906 R[25545:3305148] XType: Using static font registry.
Warning in hook_png(..., cmd = "pngquant", post_process = function(x) { :
cannot find pngquant; please install and put it in PATH
Warning in hook_png(..., cmd = "pngquant", post_process = function(x) { :
cannot find pngquant; please install and put it in PATH
Warning in hook_png(..., cmd = "pngquant", post_process = function(x) { :
cannot find pngquant; please install and put it in PATH
Warning in hook_png(..., cmd = "pngquant", post_process = function(x) { :
cannot find pngquant; please install and put it in PATH
Warning in hook_png(..., cmd = "pngquant", post_process = function(x) { :
cannot find pngquant; please install and put it in PATH
Warning in hook_png(..., cmd = "pngquant", post_process = function(x) { :
cannot find pngquant; please install and put it in PATH
Warning in hook_png(..., cmd = "pngquant", post_process = function(x) { :
cannot find pngquant; please install and put it in PATH
Warning in hook_png(..., cmd = "pngquant", post_process = function(x) { :
cannot find pngquant; please install and put it in PATH
--- finished re-building ‘AnnotationAnomalies.Rmd’
--- re-building ‘DatasetMarkerGeneAlignment.Rmd’ using rmarkdown
Warning in hook_png(..., cmd = "pngquant", post_process = function(x) { :
cannot find pngquant; please install and put it in PATH
Quitting from DatasetMarkerGeneAlignment.Rmd:115-138 [unnamed-chunk-2]
~~~~~~~~~~~~~~~~~~~~~~~~~~~~~~~~~~~~~~~~~~~~~~~~~~~~~~~~~~~~~~~~~~~~~~~~~~~~~~~~
<error/rlang_error>
Error in `library()`:
! there is no package called 'scran'
---
Backtrace:
▆
1. └─base::library(scran)
~~~~~~~~~~~~~~~~~~~~~~~~~~~~~~~~~~~~~~~~~~~~~~~~~~~~~~~~~~~~~~~~~~~~~~~~~~~~~~~~
Error: processing vignette 'DatasetMarkerGeneAlignment.Rmd' failed with diagnostics:
there is no package called 'scran'
--- failed re-building ‘DatasetMarkerGeneAlignment.Rmd’
--- re-building ‘VisualizationTools.Rmd’ using rmarkdown
Warning in hook_png(..., cmd = "pngquant", post_process = function(x) { :
cannot find pngquant; please install and put it in PATH
Warning in hook_png(..., cmd = "pngquant", post_process = function(x) { :
cannot find pngquant; please install and put it in PATH
Warning in hook_png(..., cmd = "pngquant", post_process = function(x) { :
cannot find pngquant; please install and put it in PATH
Warning in hook_png(..., cmd = "pngquant", post_process = function(x) { :
cannot find pngquant; please install and put it in PATH
Warning in hook_png(..., cmd = "pngquant", post_process = function(x) { :
cannot find pngquant; please install and put it in PATH
Warning in hook_png(..., cmd = "pngquant", post_process = function(x) { :
cannot find pngquant; please install and put it in PATH
Warning in hook_png(..., cmd = "pngquant", post_process = function(x) { :
cannot find pngquant; please install and put it in PATH
Warning in hook_png(..., cmd = "pngquant", post_process = function(x) { :
cannot find pngquant; please install and put it in PATH
Warning in hook_png(..., cmd = "pngquant", post_process = function(x) { :
cannot find pngquant; please install and put it in PATH
Warning in hook_png(..., cmd = "pngquant", post_process = function(x) { :
cannot find pngquant; please install and put it in PATH
Warning in hook_png(..., cmd = "pngquant", post_process = function(x) { :
cannot find pngquant; please install and put it in PATH
Warning in hook_png(..., cmd = "pngquant", post_process = function(x) { :
cannot find pngquant; please install and put it in PATH
Warning in hook_png(..., cmd = "pngquant", post_process = function(x) { :
cannot find pngquant; please install and put it in PATH
Warning in hook_png(..., cmd = "pngquant", post_process = function(x) { :
cannot find pngquant; please install and put it in PATH
Warning in hook_png(..., cmd = "pngquant", post_process = function(x) { :
cannot find pngquant; please install and put it in PATH
Warning in hook_png(..., cmd = "pngquant", post_process = function(x) { :
cannot find pngquant; please install and put it in PATH
--- finished re-building ‘VisualizationTools.Rmd’
--- re-building ‘scDiagnostics.Rmd’ using rmarkdown
Warning in hook_png(..., cmd = "pngquant", post_process = function(x) { :
cannot find pngquant; please install and put it in PATH
Warning in hook_png(..., cmd = "pngquant", post_process = function(x) { :
cannot find pngquant; please install and put it in PATH
Warning in hook_png(..., cmd = "pngquant", post_process = function(x) { :
cannot find pngquant; please install and put it in PATH
Warning in hook_png(..., cmd = "pngquant", post_process = function(x) { :
cannot find pngquant; please install and put it in PATH
Quitting from scDiagnostics.Rmd:188-211 [unnamed-chunk-5]
~~~~~~~~~~~~~~~~~~~~~~~~~~~~~~~~~~~~~~~~~~~~~~~~~~~~~~~~~~~~~~~~~~~~~~~~~~~~~~~~
<error/rlang_error>
Error in `library()`:
! there is no package called 'scran'
---
Backtrace:
▆
1. └─base::library(scran)
~~~~~~~~~~~~~~~~~~~~~~~~~~~~~~~~~~~~~~~~~~~~~~~~~~~~~~~~~~~~~~~~~~~~~~~~~~~~~~~~
Error: processing vignette 'scDiagnostics.Rmd' failed with diagnostics:
there is no package called 'scran'
--- failed re-building ‘scDiagnostics.Rmd’
SUMMARY: processing the following files failed:
‘DatasetMarkerGeneAlignment.Rmd’ ‘scDiagnostics.Rmd’
Error: Vignette re-building failed.
Execution halted