| Back to Build/check report for BioC 3.23: simplified long |
|
This page was generated on 2025-11-13 11:32 -0500 (Thu, 13 Nov 2025).
| Hostname | OS | Arch (*) | R version | Installed pkgs |
|---|---|---|---|---|
| kjohnson3 | macOS 13.7.7 Ventura | arm64 | R Under development (unstable) (2025-11-04 r88984) -- "Unsuffered Consequences" | 4013 |
| Click on any hostname to see more info about the system (e.g. compilers) (*) as reported by 'uname -p', except on Windows and Mac OS X | ||||
| Package 1872/2325 | Hostname | OS / Arch | INSTALL | BUILD | CHECK | BUILD BIN | ||||||||
| scAnnotatR 1.17.0 (landing page) Johannes Griss
| kjohnson3 | macOS 13.7.7 Ventura / arm64 | OK | ERROR | skipped | skipped | ||||||||
|
To the developers/maintainers of the scAnnotatR package: - Allow up to 24 hours (and sometimes 48 hours) for your latest push to git@git.bioconductor.org:packages/scAnnotatR.git to reflect on this report. See Troubleshooting Build Report for more information. - Use the following Renviron settings to reproduce errors and warnings. - If 'R CMD check' started to fail recently on the Linux builder(s) over a missing dependency, add the missing dependency to 'Suggests:' in your DESCRIPTION file. See Renviron.bioc for more information. |
| Package: scAnnotatR |
| Version: 1.17.0 |
| Command: /Library/Frameworks/R.framework/Resources/bin/R CMD build --keep-empty-dirs --no-resave-data scAnnotatR |
| StartedAt: 2025-11-12 17:08:28 -0500 (Wed, 12 Nov 2025) |
| EndedAt: 2025-11-12 17:09:31 -0500 (Wed, 12 Nov 2025) |
| EllapsedTime: 62.8 seconds |
| RetCode: 1 |
| Status: ERROR |
| PackageFile: None |
| PackageFileSize: NA |
##############################################################################
##############################################################################
###
### Running command:
###
### /Library/Frameworks/R.framework/Resources/bin/R CMD build --keep-empty-dirs --no-resave-data scAnnotatR
###
##############################################################################
##############################################################################
* checking for file ‘scAnnotatR/DESCRIPTION’ ... OK
* preparing ‘scAnnotatR’:
* checking DESCRIPTION meta-information ... OK
* installing the package (it is needed to build vignettes)
* creating vignettes ... ERROR
--- re-building ‘classifying-cells.Rmd’ using rmarkdown
2025-11-12 17:09:20.780 R[23203:3299929] XType: Using static font registry.
--- finished re-building ‘classifying-cells.Rmd’
--- re-building ‘training-basic-model.Rmd’ using rmarkdown
Quitting from training-basic-model.Rmd:62-65 [unnamed-chunk-2]
~~~~~~~~~~~~~~~~~~~~~~~~~~~~~~~~~~~~~~~~~~~~~~~~~~~~~~~~~~~~~~~~~~~~~~~~~~~~~~~~
<error/rlang_error>
Error in `library()`:
! there is no package called 'scRNAseq'
---
Backtrace:
▆
1. └─base::library(scRNAseq)
~~~~~~~~~~~~~~~~~~~~~~~~~~~~~~~~~~~~~~~~~~~~~~~~~~~~~~~~~~~~~~~~~~~~~~~~~~~~~~~~
Error: processing vignette 'training-basic-model.Rmd' failed with diagnostics:
there is no package called 'scRNAseq'
--- failed re-building ‘training-basic-model.Rmd’
--- re-building ‘training-child-model.Rmd’ using rmarkdown
Quitting from training-child-model.Rmd:89-91 [unnamed-chunk-5]
~~~~~~~~~~~~~~~~~~~~~~~~~~~~~~~~~~~~~~~~~~~~~~~~~~~~~~~~~~~~~~~~~~~~~~~~~~~~~~~~
<error/rlang_error>
Error in `library()`:
! there is no package called 'scRNAseq'
---
Backtrace:
▆
1. └─base::library(scRNAseq)
~~~~~~~~~~~~~~~~~~~~~~~~~~~~~~~~~~~~~~~~~~~~~~~~~~~~~~~~~~~~~~~~~~~~~~~~~~~~~~~~
Error: processing vignette 'training-child-model.Rmd' failed with diagnostics:
there is no package called 'scRNAseq'
--- failed re-building ‘training-child-model.Rmd’
SUMMARY: processing the following files failed:
‘training-basic-model.Rmd’ ‘training-child-model.Rmd’
Error: Vignette re-building failed.
Execution halted