| Back to Build/check report for BioC 3.23: simplified long |
|
This page was generated on 2025-11-08 11:32 -0500 (Sat, 08 Nov 2025).
| Hostname | OS | Arch (*) | R version | Installed pkgs |
|---|---|---|---|---|
| nebbiolo1 | Linux (Ubuntu 24.04.3 LTS) | x86_64 | R Under development (unstable) (2025-10-20 r88955) -- "Unsuffered Consequences" | 4821 |
| Click on any hostname to see more info about the system (e.g. compilers) (*) as reported by 'uname -p', except on Windows and Mac OS X | ||||
| Package 1775/2323 | Hostname | OS / Arch | INSTALL | BUILD | CHECK | BUILD BIN | ||||||||
| rigvf 1.3.0 (landing page) Michael Love
| nebbiolo1 | Linux (Ubuntu 24.04.3 LTS) / x86_64 | OK | ERROR | skipped | |||||||||
|
To the developers/maintainers of the rigvf package: - Allow up to 24 hours (and sometimes 48 hours) for your latest push to git@git.bioconductor.org:packages/rigvf.git to reflect on this report. See Troubleshooting Build Report for more information. - Use the following Renviron settings to reproduce errors and warnings. - If 'R CMD check' started to fail recently on the Linux builder(s) over a missing dependency, add the missing dependency to 'Suggests:' in your DESCRIPTION file. See Renviron.bioc for more information. |
| Package: rigvf |
| Version: 1.3.0 |
| Command: /home/biocbuild/bbs-3.23-bioc/R/bin/R CMD build --keep-empty-dirs --no-resave-data rigvf |
| StartedAt: 2025-11-07 19:35:06 -0500 (Fri, 07 Nov 2025) |
| EndedAt: 2025-11-07 19:35:30 -0500 (Fri, 07 Nov 2025) |
| EllapsedTime: 24.0 seconds |
| RetCode: 1 |
| Status: ERROR |
| PackageFile: None |
| PackageFileSize: NA |
############################################################################## ############################################################################## ### ### Running command: ### ### /home/biocbuild/bbs-3.23-bioc/R/bin/R CMD build --keep-empty-dirs --no-resave-data rigvf ### ############################################################################## ############################################################################## * checking for file ‘rigvf/DESCRIPTION’ ... OK * preparing ‘rigvf’: * checking DESCRIPTION meta-information ... OK * installing the package (it is needed to build vignettes) * creating vignettes ... ERROR --- re-building ‘rigvf.Rmd’ using rmarkdown Quitting from rigvf.Rmd:152-160 [unnamed-chunk-8] ~~~~~~~~~~~~~~~~~~~~~~~~~~~~~~~~~~~~~~~~~~~~~~~~~~~~~~~~~~~~~~~~~~~~~~~~~~~~~~~~ <error/rlang_error> Error: ! 'filter' is not an exported object from 'namespace:plyranges' ~~~~~~~~~~~~~~~~~~~~~~~~~~~~~~~~~~~~~~~~~~~~~~~~~~~~~~~~~~~~~~~~~~~~~~~~~~~~~~~~ Error: processing vignette 'rigvf.Rmd' failed with diagnostics: 'filter' is not an exported object from 'namespace:plyranges' --- failed re-building ‘rigvf.Rmd’ SUMMARY: processing the following file failed: ‘rigvf.Rmd’ Error: Vignette re-building failed. Execution halted