| Back to Build/check report for BioC 3.23: simplified long |
|
This page was generated on 2025-11-13 11:32 -0500 (Thu, 13 Nov 2025).
| Hostname | OS | Arch (*) | R version | Installed pkgs |
|---|---|---|---|---|
| kjohnson3 | macOS 13.7.7 Ventura | arm64 | R Under development (unstable) (2025-11-04 r88984) -- "Unsuffered Consequences" | 4013 |
| Click on any hostname to see more info about the system (e.g. compilers) (*) as reported by 'uname -p', except on Windows and Mac OS X | ||||
| Package 1684/2325 | Hostname | OS / Arch | INSTALL | BUILD | CHECK | BUILD BIN | ||||||||
| randRotation 1.23.0 (landing page) Peter Hettegger
| kjohnson3 | macOS 13.7.7 Ventura / arm64 | OK | ERROR | skipped | skipped | ||||||||
|
To the developers/maintainers of the randRotation package: - Allow up to 24 hours (and sometimes 48 hours) for your latest push to git@git.bioconductor.org:packages/randRotation.git to reflect on this report. See Troubleshooting Build Report for more information. - Use the following Renviron settings to reproduce errors and warnings. - If 'R CMD check' started to fail recently on the Linux builder(s) over a missing dependency, add the missing dependency to 'Suggests:' in your DESCRIPTION file. See Renviron.bioc for more information. |
| Package: randRotation |
| Version: 1.23.0 |
| Command: /Library/Frameworks/R.framework/Resources/bin/R CMD build --keep-empty-dirs --no-resave-data randRotation |
| StartedAt: 2025-11-12 17:01:13 -0500 (Wed, 12 Nov 2025) |
| EndedAt: 2025-11-12 17:01:16 -0500 (Wed, 12 Nov 2025) |
| EllapsedTime: 3.0 seconds |
| RetCode: 1 |
| Status: ERROR |
| PackageFile: None |
| PackageFileSize: NA |
##############################################################################
##############################################################################
###
### Running command:
###
### /Library/Frameworks/R.framework/Resources/bin/R CMD build --keep-empty-dirs --no-resave-data randRotation
###
##############################################################################
##############################################################################
* checking for file ‘randRotation/DESCRIPTION’ ... OK
* preparing ‘randRotation’:
* checking DESCRIPTION meta-information ... OK
* installing the package (it is needed to process help pages)
Loading required namespace: randRotation
* saving partial Rd database
* creating vignettes ... ERROR
--- re-building ‘randRotationIntro.Rmd’ using rmarkdown
Quitting from randRotationIntro.Rmd:102-105 [unnamed-chunk-7]
~~~~~~~~~~~~~~~~~~~~~~~~~~~~~~~~~~~~~~~~~~~~~~~~~~~~~~~~~~~~~~~~~~~~~~~~~~~~~~~~
<error/rlang_error>
Error in `loadNamespace()`:
! there is no package called 'sva'
---
Backtrace:
x
1. +-randRotation::rotateStat(...)
2. | \-base::lapply(X = i, FUN = FUN, ...)
3. | \-randRotation (local) FUN(X[[i]], ...)
4. | \-global statistic(randrot(initialised.obj, I.matrix = (j == 1)), ...)
5. \-base::loadNamespace(x)
6. \-base::withRestarts(stop(cond), retry_loadNamespace = function() NULL)
7. \-base (local) withOneRestart(expr, restarts[[1L]])
8. \-base (local) doWithOneRestart(return(expr), restart)
~~~~~~~~~~~~~~~~~~~~~~~~~~~~~~~~~~~~~~~~~~~~~~~~~~~~~~~~~~~~~~~~~~~~~~~~~~~~~~~~
Error: processing vignette 'randRotationIntro.Rmd' failed with diagnostics:
there is no package called 'sva'
--- failed re-building ‘randRotationIntro.Rmd’
SUMMARY: processing the following file failed:
‘randRotationIntro.Rmd’
Error: Vignette re-building failed.
Execution halted