Back to Build/check report for BioC 3.23:   simplified   long
ABCDEFGHIJKLM[N]OPQRSTUVWXYZ

This page was generated on 2025-11-13 11:32 -0500 (Thu, 13 Nov 2025).

HostnameOSArch (*)R versionInstalled pkgs
kjohnson3macOS 13.7.7 Venturaarm64R Under development (unstable) (2025-11-04 r88984) -- "Unsuffered Consequences" 4013
Click on any hostname to see more info about the system (e.g. compilers)      (*) as reported by 'uname -p', except on Windows and Mac OS X

Package 1445/2325HostnameOS / ArchINSTALLBUILDCHECKBUILD BIN
nnSVG 1.15.0  (landing page)
Lukas M. Weber
Snapshot Date: 2025-11-12 13:40 -0500 (Wed, 12 Nov 2025)
git_url: https://git.bioconductor.org/packages/nnSVG
git_branch: devel
git_last_commit: 2a226ef
git_last_commit_date: 2025-10-29 11:15:43 -0500 (Wed, 29 Oct 2025)
kjohnson3macOS 13.7.7 Ventura / arm64  OK    ERROR  skippedskipped


BUILD results for nnSVG on kjohnson3

To the developers/maintainers of the nnSVG package:
- Allow up to 24 hours (and sometimes 48 hours) for your latest push to git@git.bioconductor.org:packages/nnSVG.git to reflect on this report. See Troubleshooting Build Report for more information.
- Use the following Renviron settings to reproduce errors and warnings.
- If 'R CMD check' started to fail recently on the Linux builder(s) over a missing dependency, add the missing dependency to 'Suggests:' in your DESCRIPTION file. See Renviron.bioc for more information.

raw results


Summary

Package: nnSVG
Version: 1.15.0
Command: /Library/Frameworks/R.framework/Resources/bin/R CMD build --keep-empty-dirs --no-resave-data nnSVG
StartedAt: 2025-11-12 16:49:58 -0500 (Wed, 12 Nov 2025)
EndedAt: 2025-11-12 16:50:12 -0500 (Wed, 12 Nov 2025)
EllapsedTime: 14.2 seconds
RetCode: 1
Status:   ERROR  
PackageFile: None
PackageFileSize: NA

Command output

##############################################################################
##############################################################################
###
### Running command:
###
###   /Library/Frameworks/R.framework/Resources/bin/R CMD build --keep-empty-dirs --no-resave-data nnSVG
###
##############################################################################
##############################################################################


* checking for file ‘nnSVG/DESCRIPTION’ ... OK
* preparing ‘nnSVG’:
* checking DESCRIPTION meta-information ... OK
* installing the package (it is needed to build vignettes)
* creating vignettes ... ERROR
--- re-building ‘nnSVG.Rmd’ using rmarkdown

Quitting from nnSVG.Rmd:59-65 [unnamed-chunk-2]
~~~~~~~~~~~~~~~~~~~~~~~~~~~~~~~~~~~~~~~~~~~~~~~~~~~~~~~~~~~~~~~~~~~~~~~~~~~~~~~~
<error/rlang_error>
Error in `library()`:
! there is no package called 'scran'
---
Backtrace:
    ▆
 1. └─base::library(scran)
~~~~~~~~~~~~~~~~~~~~~~~~~~~~~~~~~~~~~~~~~~~~~~~~~~~~~~~~~~~~~~~~~~~~~~~~~~~~~~~~

Error: processing vignette 'nnSVG.Rmd' failed with diagnostics:
there is no package called 'scran'
--- failed re-building ‘nnSVG.Rmd’

SUMMARY: processing the following file failed:
  ‘nnSVG.Rmd’

Error: Vignette re-building failed.
Execution halted