Back to Build/check report for BioC 3.23:   simplified   long
ABCDEFGH[I]JKLMNOPQRSTUVWXYZ

This page was generated on 2025-11-13 11:32 -0500 (Thu, 13 Nov 2025).

HostnameOSArch (*)R versionInstalled pkgs
kjohnson3macOS 13.7.7 Venturaarm64R Under development (unstable) (2025-11-04 r88984) -- "Unsuffered Consequences" 4013
Click on any hostname to see more info about the system (e.g. compilers)      (*) as reported by 'uname -p', except on Windows and Mac OS X

Package 1060/2325HostnameOS / ArchINSTALLBUILDCHECKBUILD BIN
iPath 1.17.0  (landing page)
Kenong Su
Snapshot Date: 2025-11-12 13:40 -0500 (Wed, 12 Nov 2025)
git_url: https://git.bioconductor.org/packages/iPath
git_branch: devel
git_last_commit: f49c338
git_last_commit_date: 2025-10-29 11:10:58 -0500 (Wed, 29 Oct 2025)
kjohnson3macOS 13.7.7 Ventura / arm64  OK    ERROR  skippedskipped


BUILD results for iPath on kjohnson3

To the developers/maintainers of the iPath package:
- Allow up to 24 hours (and sometimes 48 hours) for your latest push to git@git.bioconductor.org:packages/iPath.git to reflect on this report. See Troubleshooting Build Report for more information.
- Use the following Renviron settings to reproduce errors and warnings.
- If 'R CMD check' started to fail recently on the Linux builder(s) over a missing dependency, add the missing dependency to 'Suggests:' in your DESCRIPTION file. See Renviron.bioc for more information.

raw results


Summary

Package: iPath
Version: 1.17.0
Command: /Library/Frameworks/R.framework/Resources/bin/R CMD build --keep-empty-dirs --no-resave-data iPath
StartedAt: 2025-11-12 16:32:30 -0500 (Wed, 12 Nov 2025)
EndedAt: 2025-11-12 16:32:43 -0500 (Wed, 12 Nov 2025)
EllapsedTime: 13.2 seconds
RetCode: 1
Status:   ERROR  
PackageFile: None
PackageFileSize: NA

Command output

##############################################################################
##############################################################################
###
### Running command:
###
###   /Library/Frameworks/R.framework/Resources/bin/R CMD build --keep-empty-dirs --no-resave-data iPath
###
##############################################################################
##############################################################################


* checking for file ‘iPath/DESCRIPTION’ ... OK
* preparing ‘iPath’:
* checking DESCRIPTION meta-information ... OK
* cleaning src
* installing the package (it is needed to build vignettes)
* creating vignettes ... ERROR
--- re-building ‘iPath.Rmd’ using rmarkdown
2025-11-12 16:32:43.029 R[83877:2391235] XType: Using static font registry.

Quitting from iPath.Rmd:102-104 [onesurvival]
~~~~~~~~~~~~~~~~~~~~~~~~~~~~~~~~~~~~~~~~~~~~~~~~~~~~~~~~~~~~~~~~~~~~~~~~~~~~~~~~
NULL
~~~~~~~~~~~~~~~~~~~~~~~~~~~~~~~~~~~~~~~~~~~~~~~~~~~~~~~~~~~~~~~~~~~~~~~~~~~~~~~~

Error: processing vignette 'iPath.Rmd' failed with diagnostics:
Problem while converting geom to grob.
ℹ Error occurred in the 3rd layer.
Caused by error in `draw_group()`:
! Aesthetics can not vary along a ribbon: linewidth and linetype.
--- failed re-building ‘iPath.Rmd’

SUMMARY: processing the following file failed:
  ‘iPath.Rmd’

Error: Vignette re-building failed.
Execution halted