| Back to Build/check report for BioC 3.23: simplified long |
|
This page was generated on 2025-11-13 11:32 -0500 (Thu, 13 Nov 2025).
| Hostname | OS | Arch (*) | R version | Installed pkgs |
|---|---|---|---|---|
| kjohnson3 | macOS 13.7.7 Ventura | arm64 | R Under development (unstable) (2025-11-04 r88984) -- "Unsuffered Consequences" | 4013 |
| Click on any hostname to see more info about the system (e.g. compilers) (*) as reported by 'uname -p', except on Windows and Mac OS X | ||||
| Package 689/2325 | Hostname | OS / Arch | INSTALL | BUILD | CHECK | BUILD BIN | ||||||||
| escheR 1.11.0 (landing page) Boyi Guo
| kjohnson3 | macOS 13.7.7 Ventura / arm64 | OK | ERROR | skipped | skipped | ||||||||
|
To the developers/maintainers of the escheR package: - Allow up to 24 hours (and sometimes 48 hours) for your latest push to git@git.bioconductor.org:packages/escheR.git to reflect on this report. See Troubleshooting Build Report for more information. - Use the following Renviron settings to reproduce errors and warnings. - If 'R CMD check' started to fail recently on the Linux builder(s) over a missing dependency, add the missing dependency to 'Suggests:' in your DESCRIPTION file. See Renviron.bioc for more information. |
| Package: escheR |
| Version: 1.11.0 |
| Command: /Library/Frameworks/R.framework/Resources/bin/R CMD build --keep-empty-dirs --no-resave-data escheR |
| StartedAt: 2025-11-12 16:13:35 -0500 (Wed, 12 Nov 2025) |
| EndedAt: 2025-11-12 16:14:00 -0500 (Wed, 12 Nov 2025) |
| EllapsedTime: 24.3 seconds |
| RetCode: 1 |
| Status: ERROR |
| PackageFile: None |
| PackageFileSize: NA |
##############################################################################
##############################################################################
###
### Running command:
###
### /Library/Frameworks/R.framework/Resources/bin/R CMD build --keep-empty-dirs --no-resave-data escheR
###
##############################################################################
##############################################################################
* checking for file ‘escheR/DESCRIPTION’ ... OK
* preparing ‘escheR’:
* checking DESCRIPTION meta-information ... OK
* installing the package (it is needed to build vignettes)
* creating vignettes ... ERROR
--- re-building ‘SRT_eg.Rmd’ using rmarkdown
2025-11-12 16:13:55.801 R[44351:2105977] XType: Using static font registry.
--- finished re-building ‘SRT_eg.Rmd’
--- re-building ‘more_than_visium.Rmd’ using rmarkdown
Quitting from more_than_visium.Rmd:28-49 [redDim_spe]
~~~~~~~~~~~~~~~~~~~~~~~~~~~~~~~~~~~~~~~~~~~~~~~~~~~~~~~~~~~~~~~~~~~~~~~~~~~~~~~~
<error/rlang_error>
Error in `library()`:
! there is no package called 'scran'
---
Backtrace:
▆
1. └─base::library(scran)
~~~~~~~~~~~~~~~~~~~~~~~~~~~~~~~~~~~~~~~~~~~~~~~~~~~~~~~~~~~~~~~~~~~~~~~~~~~~~~~~
Error: processing vignette 'more_than_visium.Rmd' failed with diagnostics:
there is no package called 'scran'
--- failed re-building ‘more_than_visium.Rmd’
SUMMARY: processing the following file failed:
‘more_than_visium.Rmd’
Error: Vignette re-building failed.
Execution halted