Back to Build/check report for BioC 3.23:   simplified   long
ABC[D]EFGHIJKLMNOPQRSTUVWXYZ

This page was generated on 2025-11-13 11:32 -0500 (Thu, 13 Nov 2025).

HostnameOSArch (*)R versionInstalled pkgs
kjohnson3macOS 13.7.7 Venturaarm64R Under development (unstable) (2025-11-04 r88984) -- "Unsuffered Consequences" 4013
Click on any hostname to see more info about the system (e.g. compilers)      (*) as reported by 'uname -p', except on Windows and Mac OS X

Package 594/2325HostnameOS / ArchINSTALLBUILDCHECKBUILD BIN
dmGsea 1.1.1  (landing page)
Zongli Xu
Snapshot Date: 2025-11-12 13:40 -0500 (Wed, 12 Nov 2025)
git_url: https://git.bioconductor.org/packages/dmGsea
git_branch: devel
git_last_commit: 248aa7c
git_last_commit_date: 2025-10-31 09:40:12 -0500 (Fri, 31 Oct 2025)
kjohnson3macOS 13.7.7 Ventura / arm64  OK    ERROR  skippedskipped


BUILD results for dmGsea on kjohnson3

To the developers/maintainers of the dmGsea package:
- Allow up to 24 hours (and sometimes 48 hours) for your latest push to git@git.bioconductor.org:packages/dmGsea.git to reflect on this report. See Troubleshooting Build Report for more information.
- Use the following Renviron settings to reproduce errors and warnings.
- If 'R CMD check' started to fail recently on the Linux builder(s) over a missing dependency, add the missing dependency to 'Suggests:' in your DESCRIPTION file. See Renviron.bioc for more information.

raw results


Summary

Package: dmGsea
Version: 1.1.1
Command: /Library/Frameworks/R.framework/Resources/bin/R CMD build --keep-empty-dirs --no-resave-data dmGsea
StartedAt: 2025-11-12 16:09:23 -0500 (Wed, 12 Nov 2025)
EndedAt: 2025-11-12 16:09:39 -0500 (Wed, 12 Nov 2025)
EllapsedTime: 15.2 seconds
RetCode: 1
Status:   ERROR  
PackageFile: None
PackageFileSize: NA

Command output

##############################################################################
##############################################################################
###
### Running command:
###
###   /Library/Frameworks/R.framework/Resources/bin/R CMD build --keep-empty-dirs --no-resave-data dmGsea
###
##############################################################################
##############################################################################


* checking for file ‘dmGsea/DESCRIPTION’ ... OK
* preparing ‘dmGsea’:
* checking DESCRIPTION meta-information ... OK
* installing the package (it is needed to build vignettes)
* creating vignettes ... ERROR
--- re-building ‘dmGsea.Rmd’ using rmarkdown

Quitting from dmGsea.Rmd:58-76 [example1]
~~~~~~~~~~~~~~~~~~~~~~~~~~~~~~~~~~~~~~~~~~~~~~~~~~~~~~~~~~~~~~~~~~~~~~~~~~~~~~~~
<error/rlang_error>
Error in `loadNamespace()`:
! there is no package called 'minfi'
---
Backtrace:
    ▆
 1. └─base::loadNamespace(x)
 2.   └─base::withRestarts(stop(cond), retry_loadNamespace = function() NULL)
 3.     └─base (local) withOneRestart(expr, restarts[[1L]])
 4.       └─base (local) doWithOneRestart(return(expr), restart)
~~~~~~~~~~~~~~~~~~~~~~~~~~~~~~~~~~~~~~~~~~~~~~~~~~~~~~~~~~~~~~~~~~~~~~~~~~~~~~~~

Error: processing vignette 'dmGsea.Rmd' failed with diagnostics:
there is no package called 'minfi'
--- failed re-building ‘dmGsea.Rmd’

SUMMARY: processing the following file failed:
  ‘dmGsea.Rmd’

Error: Vignette re-building failed.
Execution halted