Back to Build/check report for BioC 3.23:   simplified   long
AB[C]DEFGHIJKLMNOPQRSTUVWXYZ

This page was generated on 2025-11-08 11:32 -0500 (Sat, 08 Nov 2025).

HostnameOSArch (*)R versionInstalled pkgs
nebbiolo1Linux (Ubuntu 24.04.3 LTS)x86_64R Under development (unstable) (2025-10-20 r88955) -- "Unsuffered Consequences" 4821
Click on any hostname to see more info about the system (e.g. compilers)      (*) as reported by 'uname -p', except on Windows and Mac OS X

Package 488/2323HostnameOS / ArchINSTALLBUILDCHECKBUILD BIN
customProDB 1.51.0  (landing page)
Xiaojing Wang
Snapshot Date: 2025-11-07 13:40 -0500 (Fri, 07 Nov 2025)
git_url: https://git.bioconductor.org/packages/customProDB
git_branch: devel
git_last_commit: 8317345
git_last_commit_date: 2025-10-29 10:15:09 -0500 (Wed, 29 Oct 2025)
nebbiolo1Linux (Ubuntu 24.04.3 LTS) / x86_64  OK    OK    ERROR  


CHECK results for customProDB on nebbiolo1

To the developers/maintainers of the customProDB package:
- Allow up to 24 hours (and sometimes 48 hours) for your latest push to git@git.bioconductor.org:packages/customProDB.git to reflect on this report. See Troubleshooting Build Report for more information.
- Use the following Renviron settings to reproduce errors and warnings.
- If 'R CMD check' started to fail recently on the Linux builder(s) over a missing dependency, add the missing dependency to 'Suggests:' in your DESCRIPTION file. See Renviron.bioc for more information.

raw results


Summary

Package: customProDB
Version: 1.51.0
Command: /home/biocbuild/bbs-3.23-bioc/R/bin/R CMD check --install=check:customProDB.install-out.txt --library=/home/biocbuild/bbs-3.23-bioc/R/site-library --timings customProDB_1.51.0.tar.gz
StartedAt: 2025-11-07 22:25:35 -0500 (Fri, 07 Nov 2025)
EndedAt: 2025-11-07 22:31:57 -0500 (Fri, 07 Nov 2025)
EllapsedTime: 382.3 seconds
RetCode: 1
Status:   ERROR  
CheckDir: customProDB.Rcheck
Warnings: NA

Command output

##############################################################################
##############################################################################
###
### Running command:
###
###   /home/biocbuild/bbs-3.23-bioc/R/bin/R CMD check --install=check:customProDB.install-out.txt --library=/home/biocbuild/bbs-3.23-bioc/R/site-library --timings customProDB_1.51.0.tar.gz
###
##############################################################################
##############################################################################


* using log directory ‘/home/biocbuild/bbs-3.23-bioc/meat/customProDB.Rcheck’
* using R Under development (unstable) (2025-10-20 r88955)
* using platform: x86_64-pc-linux-gnu
* R was compiled by
    gcc (Ubuntu 13.3.0-6ubuntu2~24.04) 13.3.0
    GNU Fortran (Ubuntu 13.3.0-6ubuntu2~24.04) 13.3.0
* running under: Ubuntu 24.04.3 LTS
* using session charset: UTF-8
* checking for file ‘customProDB/DESCRIPTION’ ... OK
* checking extension type ... Package
* this is package ‘customProDB’ version ‘1.51.0’
* checking package namespace information ... OK
* checking package dependencies ... OK
* checking if this is a source package ... OK
* checking if there is a namespace ... OK
* checking for hidden files and directories ... OK
* checking for portable file names ... OK
* checking for sufficient/correct file permissions ... OK
* checking whether package ‘customProDB’ can be installed ... OK
* checking installed package size ... OK
* checking package directory ... OK
* checking ‘build’ directory ... OK
* checking DESCRIPTION meta-information ... OK
* checking top-level files ... OK
* checking for left-over files ... OK
* checking index information ... OK
* checking package subdirectories ... OK
* checking code files for non-ASCII characters ... OK
* checking R files for syntax errors ... OK
* checking whether the package can be loaded ... OK
* checking whether the package can be loaded with stated dependencies ... OK
* checking whether the package can be unloaded cleanly ... OK
* checking whether the namespace can be loaded with stated dependencies ... OK
* checking whether the namespace can be unloaded cleanly ... OK
* checking loading without being on the library search path ... OK
* checking dependencies in R code ... NOTE
Unexported objects imported by ':::' calls:
  ‘biomaRt:::martBM’ ‘biomaRt:::martDataset’ ‘biomaRt:::martHost’
  See the note in ?`:::` about the use of this operator.
* checking S3 generic/method consistency ... OK
* checking replacement functions ... OK
* checking foreign function calls ... OK
* checking R code for possible problems ... NOTE
Bed2Range: no visible binding for global variable ‘V5’
OutputNovelJun: no visible binding for global variable ‘jun_type’
OutputVarproseq: no visible binding for global variable ‘genename’
OutputVarproseq: no visible binding for global variable ‘txname’
OutputVarproseq: no visible binding for global variable ‘proname’
OutputVarproseq: no visible binding for global variable ‘aaref’
OutputVarproseq: no visible binding for global variable ‘aapos’
OutputVarproseq: no visible binding for global variable ‘aavar’
OutputVarproseq: no visible binding for global variable ‘rsid’
OutputVarproseq_single: no visible binding for global variable
  ‘genename’
OutputVarproseq_single: no visible binding for global variable ‘txname’
OutputVarproseq_single: no visible binding for global variable
  ‘proname’
OutputVarproseq_single: no visible binding for global variable ‘aaref’
OutputVarproseq_single: no visible binding for global variable ‘aapos’
OutputVarproseq_single: no visible binding for global variable ‘aavar’
OutputVarproseq_single: no visible binding for global variable ‘rsid’
Outputaberrant: no visible binding for global variable ‘pro_name’
Positionincoding: no visible binding for global variable ‘cds_start’
Positionincoding: no visible binding for global variable ‘cds_end’
PrepareAnnotationEnsembl: no visible binding for global variable
  ‘ensembl_gene_id’
PrepareAnnotationEnsembl: no visible binding for global variable
  ‘pro_name’
PrepareAnnotationEnsembl: no visible binding for global variable
  ‘chrom’
PrepareAnnotationEnsembl: no visible binding for global variable ‘name’
PrepareAnnotationEnsembl: no visible binding for global variable
  ‘alleleCount’
PrepareAnnotationEnsembl: no visible binding for global variable
  ‘alleles’
PrepareAnnotationRefseq: no visible binding for global variable ‘name’
PrepareAnnotationRefseq: no visible binding for global variable
  ‘mrnaAcc’
PrepareAnnotationRefseq: no visible binding for global variable
  ‘protAcc’
PrepareAnnotationRefseq: no visible binding for global variable
  ‘transcript’
PrepareAnnotationRefseq: no visible binding for global variable ‘chrom’
PrepareAnnotationRefseq: no visible binding for global variable
  ‘alleleCount’
PrepareAnnotationRefseq: no visible binding for global variable
  ‘alleles’
PrepareAnnotationRefseq: no visible binding for global variable
  ‘COSMIC’
Varlocation: no visible binding for global variable ‘pro_name’
Undefined global functions or variables:
  COSMIC V5 aapos aaref aavar alleleCount alleles cds_end cds_start
  chrom ensembl_gene_id genename jun_type mrnaAcc name pro_name proname
  protAcc rsid transcript txname
* checking Rd files ... OK
* checking Rd metadata ... OK
* checking Rd cross-references ... OK
* checking for missing documentation entries ... OK
* checking for code/documentation mismatches ... OK
* checking Rd \usage sections ... OK
* checking Rd contents ... OK
* checking for unstated dependencies in examples ... OK
* checking sizes of PDF files under ‘inst/doc’ ...* checking files in ‘vignettes’ ... OK
* checking examples ... ERROR
Running examples in ‘customProDB-Ex.R’ failed
The error most likely occurred in:

> base::assign(".ptime", proc.time(), pos = "CheckExEnv")
> ### Name: PrepareAnnotationEnsembl
> ### Title: prepare annotation from ENSEMBL
> ### Aliases: PrepareAnnotationEnsembl
> 
> ### ** Examples
> 
> 
> ensembl <- useEnsembl(biomart = 'genes', 
+  dataset = 'hsapiens_gene_ensembl',
+  version = 111)
Error in `req_perform()`:
! Failed to perform HTTP request.
Caused by error in `curl::curl_fetch_memory()`:
! SSL connect error [jan2024.archive.ensembl.org]:
OpenSSL SSL_connect: SSL_ERROR_SYSCALL in connection to jan2024.archive.ensembl.org:443 
Backtrace:
    ▆
 1. └─biomaRt::useEnsembl(...)
 2.   └─biomaRt:::.listMarts(...)
 3.     └─biomaRt:::bmRequest(...)
 4.       └─httr2::req_perform(request)
 5.         └─httr2:::handle_resp(req, resp, error_call = error_call)
 6.           └─rlang::cnd_signal(resp)
Execution halted
* checking for unstated dependencies in vignettes ... OK
* checking package vignettes ... OK
* checking re-building of vignette outputs ... OK
* checking PDF version of manual ... OK
* DONE

Status: 1 ERROR, 2 NOTEs
See
  ‘/home/biocbuild/bbs-3.23-bioc/meat/customProDB.Rcheck/00check.log’
for details.


Installation output

customProDB.Rcheck/00install.out

##############################################################################
##############################################################################
###
### Running command:
###
###   /home/biocbuild/bbs-3.23-bioc/R/bin/R CMD INSTALL customProDB
###
##############################################################################
##############################################################################


* installing to library ‘/home/biocbuild/bbs-3.23-bioc/R/site-library’
* installing *source* package ‘customProDB’ ...
** this is package ‘customProDB’ version ‘1.51.0’
** using staged installation
** R
** inst
** byte-compile and prepare package for lazy loading
** help
*** installing help indices
** building package indices
** installing vignettes
** testing if installed package can be loaded from temporary location
** testing if installed package can be loaded from final location
** testing if installed package keeps a record of temporary installation path
* DONE (customProDB)

Tests output


Example timings

customProDB.Rcheck/customProDB-Ex.timings

nameusersystemelapsed
Bed2Range0.0710.0100.080
InputVcf1.2810.0341.315
JunctionType0.6190.1090.729
Multiple_VCF0.5760.0880.665
OutputNovelJun1.1360.0561.192
OutputVarprocodingseq0.4560.0140.471
OutputVarproseq0.4220.0110.434
OutputVarproseq_single0.4330.0090.442
Outputaberrant0.2340.0080.243
Outputproseq0.5090.0020.514
OutputsharedPro1.4330.0111.446
Positionincoding0.2830.0090.292